{"id":5323,"date":"2020-04-10T18:35:00","date_gmt":"2020-04-10T18:35:00","guid":{"rendered":"https:\/\/www.museu0.pt\/?post_type=evento&#038;p=5323"},"modified":"2024-01-11T19:20:41","modified_gmt":"2024-01-11T19:20:41","slug":"tavira-500","status":"publish","type":"evento","link":"https:\/\/www.museu0.pt\/en\/evento\/tavira-500\/","title":{"rendered":"Tavira 500"},"content":{"rendered":"<p>On 16 March 1520, King Manuel made Tavira a city. As part of the celebrations to mark the 500th anniversary of this event, the Museu Zer0 set out to be part of the celebrations of the \"path conquered, looking to the future\".<\/p>\n\n\n\n<p>The Museu Zer0 organised a cycle of events supported by digital art, which supported the celebration organised by the City Council, allowing the city and municipality of Tavira to be given greater visibility for its contemporaneity, originality and aesthetic values.<\/p>\n\n\n\n<p>Through the programme presented, which also served as a preparatory ground for the BALSA Festival - Algarve Biennial of Arts, Light and Sound, to be organised in the coming years, the aim was to show the importance of Tavira, which was, for a long period in history, the Algarve's main city, an important trading port, a strategic place in Portuguese expansion and a land of navigators. The marks of that era are still visible in the city today, in its urban planning, its riverside profile and in places like convents and churches.<\/p>\n\n\n\n<p>The project was designed to help create an image of a contemporary Tavira, but also of the Algarve as a modern, creative and innovative region that preserves and commemorates the achievements of the past and celebrates the future.<\/p>\n\n\n\n<p><strong>Presentation of installations at the Ermida de S. Roque in Largo do Cano - in July and August:<\/strong><\/p>\n\n\n\n<ul>\n<li>Installation Tavira D, by Jo\u00e3o Martinho Moura - 31 July to 14 August<\/li>\n\n\n\n<li>Installation Lost Dimensions, by Marnix de Nijs - 15 to 30 August<\/li>\n<\/ul>\n\n\n\n<p><\/p>\n\n\n\n<p><strong>4 Concerts of exploratory and contemplative electronic music in the cloisters of the Carmo Church:<\/strong><\/p>\n\n\n\n<ul>\n<li>Joana Gama and Lu\u00eds Fernandes - 5th August<\/li>\n\n\n\n<li>IAN - 12th August<\/li>\n\n\n\n<li>Martha of Pascalis - 19th August<\/li>\n\n\n\n<li>Boris Chimp 504 - 26th August<\/li>\n<\/ul>","protected":false},"excerpt":{"rendered":"<p>Presentation of Installations and 4 Concerts of Exploratory and Contemplative Electronic Music<\/p>","protected":false},"author":3,"featured_media":5325,"menu_order":0,"template":"","meta":[],"categories":[17],"yoast_head":"<!-- This site is optimized with the Yoast SEO Premium plugin v20.5 (Yoast SEO v20.9) - https:\/\/yoast.com\/wordpress\/plugins\/seo\/ -->\n<title>Museu Zer0 - Descubra a Arte Digital<\/title>\n<meta name=\"description\" content=\"Museu Zer0 - Centro de Arte Digital. Programando iniciativas, apresentando, divulgando, e apoiando a cria\u00e7\u00e3o art\u00edstica digital.\" \/>\n<meta name=\"robots\" content=\"index, follow, max-snippet:-1, max-image-preview:large, max-video-preview:-1\" \/>\n<link rel=\"canonical\" href=\"https:\/\/www.museu0.pt\/en\/tavira-500\/\" \/>\n<meta property=\"og:locale\" content=\"en_GB\" \/>\n<meta property=\"og:type\" content=\"article\" \/>\n<meta property=\"og:title\" content=\"Tavira 500\" \/>\n<meta property=\"og:description\" content=\"Museu Zer0 - Centro de Arte Digital. Programando iniciativas, apresentando, divulgando, e apoiando a cria\u00e7\u00e3o art\u00edstica digital.\" \/>\n<meta property=\"og:url\" content=\"https:\/\/www.museu0.pt\/en\/tavira-500\/\" \/>\n<meta property=\"og:site_name\" content=\"Museu0\" \/>\n<meta property=\"article:modified_time\" content=\"2024-01-11T19:20:41+00:00\" \/>\n<meta property=\"og:image\" content=\"https:\/\/www.museu0.pt\/wp-content\/uploads\/2024\/01\/tavira_500.jpg\" \/>\n\t<meta property=\"og:image:width\" content=\"1200\" \/>\n\t<meta property=\"og:image:height\" content=\"560\" \/>\n\t<meta property=\"og:image:type\" content=\"image\/jpeg\" \/>\n<meta name=\"twitter:card\" content=\"summary_large_image\" \/>\n<meta name=\"twitter:label1\" content=\"Est. reading time\" \/>\n\t<meta name=\"twitter:data1\" content=\"2 minutes\" \/>\n<script type=\"application\/ld+json\" class=\"yoast-schema-graph\">{\"@context\":\"https:\/\/schema.org\",\"@graph\":[{\"@type\":\"WebPage\",\"@id\":\"https:\/\/www.museu0.pt\/tavira-500\/\",\"url\":\"https:\/\/www.museu0.pt\/tavira-500\/\",\"name\":\"Museu Zer0 - Descubra a Arte Digital\",\"isPartOf\":{\"@id\":\"https:\/\/www.museu0.pt\/#website\"},\"datePublished\":\"2020-04-10T18:35:00+00:00\",\"dateModified\":\"2024-01-11T19:20:41+00:00\",\"description\":\"Museu Zer0 - Centro de Arte Digital. Programando iniciativas, apresentando, divulgando, e apoiando a cria\u00e7\u00e3o art\u00edstica digital.\",\"breadcrumb\":{\"@id\":\"https:\/\/www.museu0.pt\/tavira-500\/#breadcrumb\"},\"inLanguage\":\"en-GB\",\"potentialAction\":[{\"@type\":\"ReadAction\",\"target\":[\"https:\/\/www.museu0.pt\/tavira-500\/\"]}]},{\"@type\":\"BreadcrumbList\",\"@id\":\"https:\/\/www.museu0.pt\/tavira-500\/#breadcrumb\",\"itemListElement\":[{\"@type\":\"ListItem\",\"position\":1,\"name\":\"Home\",\"item\":\"https:\/\/www.museu0.pt\/pt\/\"},{\"@type\":\"ListItem\",\"position\":2,\"name\":\"Eventos\",\"item\":\"https:\/\/www.museu0.pt\/?post_type=evento\"},{\"@type\":\"ListItem\",\"position\":3,\"name\":\"Tavira 500\"}]},{\"@type\":\"WebSite\",\"@id\":\"https:\/\/www.museu0.pt\/#website\",\"url\":\"https:\/\/www.museu0.pt\/\",\"name\":\"Museu0\",\"description\":\"Centro de Arte Digital\",\"publisher\":{\"@id\":\"https:\/\/www.museu0.pt\/#organization\"},\"potentialAction\":[{\"@type\":\"SearchAction\",\"target\":{\"@type\":\"EntryPoint\",\"urlTemplate\":\"https:\/\/www.museu0.pt\/?s={search_term_string}\"},\"query-input\":\"required name=search_term_string\"}],\"inLanguage\":\"en-GB\"},{\"@type\":\"Organization\",\"@id\":\"https:\/\/www.museu0.pt\/#organization\",\"name\":\"Museu0\",\"url\":\"https:\/\/www.museu0.pt\/\",\"logo\":{\"@type\":\"ImageObject\",\"inLanguage\":\"en-GB\",\"@id\":\"https:\/\/www.museu0.pt\/#\/schema\/logo\/image\/\",\"url\":\"https:\/\/www.museu0.pt\/wp-content\/uploads\/2023\/11\/museu0_logo_big.png\",\"contentUrl\":\"https:\/\/www.museu0.pt\/wp-content\/uploads\/2023\/11\/museu0_logo_big.png\",\"width\":1100,\"height\":1100,\"caption\":\"Museu0\"},\"image\":{\"@id\":\"https:\/\/www.museu0.pt\/#\/schema\/logo\/image\/\"}}]}<\/script>\n<!-- \/ Yoast SEO Premium plugin. -->","yoast_head_json":{"title":"Museu Zer0 - Descubra a Arte Digital","description":"Museu Zer0 - Centro de Arte Digital. Programando iniciativas, apresentando, divulgando, e apoiando a cria\u00e7\u00e3o art\u00edstica digital.","robots":{"index":"index","follow":"follow","max-snippet":"max-snippet:-1","max-image-preview":"max-image-preview:large","max-video-preview":"max-video-preview:-1"},"canonical":"https:\/\/www.museu0.pt\/en\/tavira-500\/","og_locale":"en_GB","og_type":"article","og_title":"Tavira 500","og_description":"Museu Zer0 - Centro de Arte Digital. Programando iniciativas, apresentando, divulgando, e apoiando a cria\u00e7\u00e3o art\u00edstica digital.","og_url":"https:\/\/www.museu0.pt\/en\/tavira-500\/","og_site_name":"Museu0","article_modified_time":"2024-01-11T19:20:41+00:00","og_image":[{"width":1200,"height":560,"url":"https:\/\/www.museu0.pt\/wp-content\/uploads\/2024\/01\/tavira_500.jpg","type":"image\/jpeg"}],"twitter_card":"summary_large_image","twitter_misc":{"Est. reading time":"2 minutes"},"schema":{"@context":"https:\/\/schema.org","@graph":[{"@type":"WebPage","@id":"https:\/\/www.museu0.pt\/tavira-500\/","url":"https:\/\/www.museu0.pt\/tavira-500\/","name":"Museu Zer0 - Descubra a Arte Digital","isPartOf":{"@id":"https:\/\/www.museu0.pt\/#website"},"datePublished":"2020-04-10T18:35:00+00:00","dateModified":"2024-01-11T19:20:41+00:00","description":"Museu Zer0 - Centro de Arte Digital. Programando iniciativas, apresentando, divulgando, e apoiando a cria\u00e7\u00e3o art\u00edstica digital.","breadcrumb":{"@id":"https:\/\/www.museu0.pt\/tavira-500\/#breadcrumb"},"inLanguage":"en-GB","potentialAction":[{"@type":"ReadAction","target":["https:\/\/www.museu0.pt\/tavira-500\/"]}]},{"@type":"BreadcrumbList","@id":"https:\/\/www.museu0.pt\/tavira-500\/#breadcrumb","itemListElement":[{"@type":"ListItem","position":1,"name":"Home","item":"https:\/\/www.museu0.pt\/pt\/"},{"@type":"ListItem","position":2,"name":"Eventos","item":"https:\/\/www.museu0.pt\/?post_type=evento"},{"@type":"ListItem","position":3,"name":"Tavira 500"}]},{"@type":"WebSite","@id":"https:\/\/www.museu0.pt\/#website","url":"https:\/\/www.museu0.pt\/","name":"Museu0","description":"Centro de Arte Digital","publisher":{"@id":"https:\/\/www.museu0.pt\/#organization"},"potentialAction":[{"@type":"SearchAction","target":{"@type":"EntryPoint","urlTemplate":"https:\/\/www.museu0.pt\/?s={search_term_string}"},"query-input":"required name=search_term_string"}],"inLanguage":"en-GB"},{"@type":"Organization","@id":"https:\/\/www.museu0.pt\/#organization","name":"Museu0","url":"https:\/\/www.museu0.pt\/","logo":{"@type":"ImageObject","inLanguage":"en-GB","@id":"https:\/\/www.museu0.pt\/#\/schema\/logo\/image\/","url":"https:\/\/www.museu0.pt\/wp-content\/uploads\/2023\/11\/museu0_logo_big.png","contentUrl":"https:\/\/www.museu0.pt\/wp-content\/uploads\/2023\/11\/museu0_logo_big.png","width":1100,"height":1100,"caption":"Museu0"},"image":{"@id":"https:\/\/www.museu0.pt\/#\/schema\/logo\/image\/"}}]}},"_links":{"self":[{"href":"https:\/\/www.museu0.pt\/en\/wp-json\/wp\/v2\/evento\/5323"}],"collection":[{"href":"https:\/\/www.museu0.pt\/en\/wp-json\/wp\/v2\/evento"}],"about":[{"href":"https:\/\/www.museu0.pt\/en\/wp-json\/wp\/v2\/types\/evento"}],"author":[{"embeddable":true,"href":"https:\/\/www.museu0.pt\/en\/wp-json\/wp\/v2\/users\/3"}],"version-history":[{"count":6,"href":"https:\/\/www.museu0.pt\/en\/wp-json\/wp\/v2\/evento\/5323\/revisions"}],"predecessor-version":[{"id":5339,"href":"https:\/\/www.museu0.pt\/en\/wp-json\/wp\/v2\/evento\/5323\/revisions\/5339"}],"wp:featuredmedia":[{"embeddable":true,"href":"https:\/\/www.museu0.pt\/en\/wp-json\/wp\/v2\/media\/5325"}],"wp:attachment":[{"href":"https:\/\/www.museu0.pt\/en\/wp-json\/wp\/v2\/media?parent=5323"}],"wp:term":[{"taxonomy":"category","embeddable":true,"href":"https:\/\/www.museu0.pt\/en\/wp-json\/wp\/v2\/categories?post=5323"}],"curies":[{"name":"wp","href":"https:\/\/api.w.org\/{rel}","templated":true}]}}

<p>On 16 March 1520, King Manuel made Tavira a city. As part of the celebrations to mark the 500th anniversary of this event, the Museu Zer0 set out to be part of the celebrations of the "path conquered, looking to the future".</p>



<p>The Museu Zer0 organised a cycle of events supported by digital art, which supported the celebration organised by the City Council, allowing the city and municipality of Tavira to be given greater visibility for its contemporaneity, originality and aesthetic values.</p>



<p>Through the programme presented, which also served as a preparatory ground for the BALSA Festival - Algarve Biennial of Arts, Light and Sound, to be organised in the coming years, the aim was to show the importance of Tavira, which was, for a long period in history, the Algarve's main city, an important trading port, a strategic place in Portuguese expansion and a land of navigators. The marks of that era are still visible in the city today, in its urban planning, its riverside profile and in places like convents and churches.</p>



<p>The project was designed to help create an image of a contemporary Tavira, but also of the Algarve as a modern, creative and innovative region that preserves and commemorates the achievements of the past and celebrates the future.</p>



<p><strong>Presentation of installations at the Ermida de S. Roque in Largo do Cano - in July and August:</strong></p>



<ul>
<li>Installation Tavira D, by João Martinho Moura - 31 July to 14 August</li>



<li>Installation Lost Dimensions, by Marnix de Nijs - 15 to 30 August</li>
</ul>



<p></p>



<p><strong>4 Concerts of exploratory and contemplative electronic music in the cloisters of the Carmo Church:</strong></p>



<ul>
<li>Joana Gama and Luís Fernandes - 5th August</li>



<li>IAN - 12th August</li>



<li>Martha of Pascalis - 19th August</li>



<li>Boris Chimp 504 - 26th August</li>
</ul>

<!-- This site is optimized with the Yoast SEO Premium plugin v20.5 (Yoast SEO v20.9) - https://yoast.com/wordpress/plugins/seo/ -->
<title>Museu Zer0 - Descubra a Arte Digital</title>
<meta name="description" content="Museu Zer0 - Centro de Arte Digital. Programando iniciativas, apresentando, divulgando, e apoiando a criação artística digital." />
<meta name="robots" content="index, follow, max-snippet:-1, max-image-preview:large, max-video-preview:-1" />
<link rel="canonical" href="https://www.museu0.pt/en/tavira-500/" />
<meta property="og:locale" content="en_GB" />
<meta property="og:type" content="article" />
<meta property="og:title" content="Tavira 500" />
<meta property="og:description" content="Museu Zer0 - Centro de Arte Digital. Programando iniciativas, apresentando, divulgando, e apoiando a criação artística digital." />
<meta property="og:url" content="https://www.museu0.pt/en/tavira-500/" />
<meta property="og:site_name" content="Museu0" />
<meta property="article:modified_time" content="2024-01-11T19:20:41+00:00" />
<meta property="og:image" content="https://www.museu0.pt/wp-content/uploads/2024/01/tavira_500.jpg" />
	<meta property="og:image:width" content="1200" />
	<meta property="og:image:height" content="560" />
	<meta property="og:image:type" content="image/jpeg" />
<meta name="twitter:card" content="summary_large_image" />
<meta name="twitter:label1" content="Est. reading time" />
	<meta name="twitter:data1" content="2 minutes" />
<script type="application/ld+json" class="yoast-schema-graph">{"@context":"https://schema.org","@graph":[{"@type":"WebPage","@id":"https://www.museu0.pt/tavira-500/","url":"https://www.museu0.pt/tavira-500/","name":"Museu Zer0 - Descubra a Arte Digital","isPartOf":{"@id":"https://www.museu0.pt/#website"},"datePublished":"2020-04-10T18:35:00+00:00","dateModified":"2024-01-11T19:20:41+00:00","description":"Museu Zer0 - Centro de Arte Digital. Programando iniciativas, apresentando, divulgando, e apoiando a criação artística digital.","breadcrumb":{"@id":"https://www.museu0.pt/tavira-500/#breadcrumb"},"inLanguage":"en-GB","potentialAction":[{"@type":"ReadAction","target":["https://www.museu0.pt/tavira-500/"]}]},{"@type":"BreadcrumbList","@id":"https://www.museu0.pt/tavira-500/#breadcrumb","itemListElement":[{"@type":"ListItem","position":1,"name":"Home","item":"https://www.museu0.pt/pt/"},{"@type":"ListItem","position":2,"name":"Eventos","item":"https://www.museu0.pt/?post_type=evento"},{"@type":"ListItem","position":3,"name":"Tavira 500"}]},{"@type":"WebSite","@id":"https://www.museu0.pt/#website","url":"https://www.museu0.pt/","name":"Museu0","description":"Centro de Arte Digital","publisher":{"@id":"https://www.museu0.pt/#organization"},"potentialAction":[{"@type":"SearchAction","target":{"@type":"EntryPoint","urlTemplate":"https://www.museu0.pt/?s={search_term_string}"},"query-input":"required name=search_term_string"}],"inLanguage":"en-GB"},{"@type":"Organization","@id":"https://www.museu0.pt/#organization","name":"Museu0","url":"https://www.museu0.pt/","logo":{"@type":"ImageObject","inLanguage":"en-GB","@id":"https://www.museu0.pt/#/schema/logo/image/","url":"https://www.museu0.pt/wp-content/uploads/2023/11/museu0_logo_big.png","contentUrl":"https://www.museu0.pt/wp-content/uploads/2023/11/museu0_logo_big.png","width":1100,"height":1100,"caption":"Museu0"},"image":{"@id":"https://www.museu0.pt/#/schema/logo/image/"}}]}</script>
<!-- / Yoast SEO Premium plugin. -->

Museu Zer0 - Centro de Arte Digital. Programando iniciativas, apresentando, divulgando, e apoiando a criação artística digital.
