{"id":5983,"date":"2025-09-18T16:43:29","date_gmt":"2025-09-18T16:43:29","guid":{"rendered":"https:\/\/www.museu0.pt\/?post_type=evento&#038;p=5983"},"modified":"2025-10-28T06:25:11","modified_gmt":"2025-10-28T06:25:11","slug":"francisca-rocha-goncalves-christian-dimpker-em-residencia-artistica","status":"publish","type":"evento","link":"https:\/\/www.museu0.pt\/en\/evento\/francisca-rocha-goncalves-christian-dimpker-em-residencia-artistica\/","title":{"rendered":"Francisca Rocha Gon\u00e7alves + Christian Dimpker in Artist Residency"},"content":{"rendered":"<p>Francisca Rocha Gon\u00e7alves and Christian Dimpker are an interdisciplinary duo who merge the boundaries between visual composition, sound art and ecological research. Francisca, an interdisciplinary researcher with a background in biological sciences and digital media, explores underwater soundscapes and the impact of anthropogenic noise on aquatic ecosystems, translating scientific research into immersive artistic experiences. Christian, a composer and art theorist with a PhD in Musicology and Composition, is known for his innovative notation systems and his vast body of work, ranging from instrumental and electroacoustic compositions to scores for light ballets, video and performance.<\/p>\n\n\n\n<p>Together, they collaborate at the intersection of Christian's visual and compositional practices and Francisca's ecological and artistic-scientific approach, creating performances and installations that promote new dialogues between human beings, technology and the natural world. They have collaborated on concerts at venues such as the Schwartzsche Villa, Kunsthaus KuLe, ACUD in Berlin, TONALi Saal in Hamburg and audiovisual performances at the Calouste Gulbenkian Foundation and Oeiras Valley Science in Lisbon.<\/p>\n\n\n\n<p>During this week-long artist residency at the Museu Zer0, we focused on the underwater ecologies of the Ria Formosa, exploring the districts of Faro, Tavira and Olh\u00e3o, as well as Culatra Island. Through sound recordings and video documentation, conversations with local scientists, fishermen and NGOs active in the Ria Formosa, we understand the dynamics and experiences of the region. We learnt about the history of the Santa Catarina da Fonte do Bispo Olive Oil Producers' Agricultural Cooperative and the traces of its past activity through the equipment that remained as silent narrators. This residency will serve as the basis for a site-specific audiovisual work combining the ecological, social and historical narratives of the Ria Formosa.<\/p>","protected":false},"excerpt":{"rendered":"<p>Oficina Viva: Artists in Residence<\/p>","protected":false},"author":3,"featured_media":5946,"menu_order":0,"template":"","meta":[],"categories":[17],"yoast_head":"<!-- This site is optimized with the Yoast SEO Premium plugin v20.5 (Yoast SEO v20.9) - https:\/\/yoast.com\/wordpress\/plugins\/seo\/ -->\n<title>Museu Zer0 - Descubra a Arte Digital<\/title>\n<meta name=\"description\" content=\"Museu Zer0 - Centro de Arte Digital. Programando iniciativas, apresentando, divulgando, e apoiando a cria\u00e7\u00e3o art\u00edstica digital.\" \/>\n<meta name=\"robots\" content=\"index, follow, max-snippet:-1, max-image-preview:large, max-video-preview:-1\" \/>\n<link rel=\"canonical\" href=\"https:\/\/www.museu0.pt\/en\/evento\/francisca-rocha-goncalves-christian-dimpker-em-residencia-artistica\/\" \/>\n<meta property=\"og:locale\" content=\"en_GB\" \/>\n<meta property=\"og:type\" content=\"article\" \/>\n<meta property=\"og:title\" content=\"Francisca Rocha Gon\u00e7alves + Christian Dimpker em Resid\u00eancia Art\u00edstica\" \/>\n<meta property=\"og:description\" content=\"Museu Zer0 - Centro de Arte Digital. Programando iniciativas, apresentando, divulgando, e apoiando a cria\u00e7\u00e3o art\u00edstica digital.\" \/>\n<meta property=\"og:url\" content=\"https:\/\/www.museu0.pt\/en\/evento\/francisca-rocha-goncalves-christian-dimpker-em-residencia-artistica\/\" \/>\n<meta property=\"og:site_name\" content=\"Museu0\" \/>\n<meta property=\"article:modified_time\" content=\"2025-10-28T06:25:11+00:00\" \/>\n<meta property=\"og:image\" content=\"https:\/\/www.museu0.pt\/wp-content\/uploads\/2025\/09\/Francisca-Rocha-Goncalves-Christian-Dimpker.webp\" \/>\n\t<meta property=\"og:image:width\" content=\"528\" \/>\n\t<meta property=\"og:image:height\" content=\"400\" \/>\n\t<meta property=\"og:image:type\" content=\"image\/webp\" \/>\n<meta name=\"twitter:card\" content=\"summary_large_image\" \/>\n<meta name=\"twitter:label1\" content=\"Est. reading time\" \/>\n\t<meta name=\"twitter:data1\" content=\"2 minutes\" \/>\n<script type=\"application\/ld+json\" class=\"yoast-schema-graph\">{\"@context\":\"https:\/\/schema.org\",\"@graph\":[{\"@type\":\"WebPage\",\"@id\":\"https:\/\/www.museu0.pt\/evento\/francisca-rocha-goncalves-christian-dimpker-em-residencia-artistica\/\",\"url\":\"https:\/\/www.museu0.pt\/evento\/francisca-rocha-goncalves-christian-dimpker-em-residencia-artistica\/\",\"name\":\"Museu Zer0 - Descubra a Arte Digital\",\"isPartOf\":{\"@id\":\"https:\/\/www.museu0.pt\/#website\"},\"datePublished\":\"2025-09-18T16:43:29+00:00\",\"dateModified\":\"2025-10-28T06:25:11+00:00\",\"description\":\"Museu Zer0 - Centro de Arte Digital. Programando iniciativas, apresentando, divulgando, e apoiando a cria\u00e7\u00e3o art\u00edstica digital.\",\"breadcrumb\":{\"@id\":\"https:\/\/www.museu0.pt\/evento\/francisca-rocha-goncalves-christian-dimpker-em-residencia-artistica\/#breadcrumb\"},\"inLanguage\":\"en-GB\",\"potentialAction\":[{\"@type\":\"ReadAction\",\"target\":[\"https:\/\/www.museu0.pt\/evento\/francisca-rocha-goncalves-christian-dimpker-em-residencia-artistica\/\"]}]},{\"@type\":\"BreadcrumbList\",\"@id\":\"https:\/\/www.museu0.pt\/evento\/francisca-rocha-goncalves-christian-dimpker-em-residencia-artistica\/#breadcrumb\",\"itemListElement\":[{\"@type\":\"ListItem\",\"position\":1,\"name\":\"Home\",\"item\":\"https:\/\/www.museu0.pt\/pt\/\"},{\"@type\":\"ListItem\",\"position\":2,\"name\":\"Eventos\",\"item\":\"https:\/\/www.museu0.pt\/?post_type=evento\"},{\"@type\":\"ListItem\",\"position\":3,\"name\":\"Francisca Rocha Gon\u00e7alves + Christian Dimpker em Resid\u00eancia Art\u00edstica\"}]},{\"@type\":\"WebSite\",\"@id\":\"https:\/\/www.museu0.pt\/#website\",\"url\":\"https:\/\/www.museu0.pt\/\",\"name\":\"Museu0\",\"description\":\"Centro de Arte Digital\",\"publisher\":{\"@id\":\"https:\/\/www.museu0.pt\/#organization\"},\"potentialAction\":[{\"@type\":\"SearchAction\",\"target\":{\"@type\":\"EntryPoint\",\"urlTemplate\":\"https:\/\/www.museu0.pt\/?s={search_term_string}\"},\"query-input\":\"required name=search_term_string\"}],\"inLanguage\":\"en-GB\"},{\"@type\":\"Organization\",\"@id\":\"https:\/\/www.museu0.pt\/#organization\",\"name\":\"Museu0\",\"url\":\"https:\/\/www.museu0.pt\/\",\"logo\":{\"@type\":\"ImageObject\",\"inLanguage\":\"en-GB\",\"@id\":\"https:\/\/www.museu0.pt\/#\/schema\/logo\/image\/\",\"url\":\"https:\/\/www.museu0.pt\/wp-content\/uploads\/2023\/11\/museu0_logo_big.png\",\"contentUrl\":\"https:\/\/www.museu0.pt\/wp-content\/uploads\/2023\/11\/museu0_logo_big.png\",\"width\":1100,\"height\":1100,\"caption\":\"Museu0\"},\"image\":{\"@id\":\"https:\/\/www.museu0.pt\/#\/schema\/logo\/image\/\"}}]}<\/script>\n<!-- \/ Yoast SEO Premium plugin. -->","yoast_head_json":{"title":"Museu Zer0 - Descubra a Arte Digital","description":"Museu Zer0 - Centro de Arte Digital. Programando iniciativas, apresentando, divulgando, e apoiando a cria\u00e7\u00e3o art\u00edstica digital.","robots":{"index":"index","follow":"follow","max-snippet":"max-snippet:-1","max-image-preview":"max-image-preview:large","max-video-preview":"max-video-preview:-1"},"canonical":"https:\/\/www.museu0.pt\/en\/evento\/francisca-rocha-goncalves-christian-dimpker-em-residencia-artistica\/","og_locale":"en_GB","og_type":"article","og_title":"Francisca Rocha Gon\u00e7alves + Christian Dimpker em Resid\u00eancia Art\u00edstica","og_description":"Museu Zer0 - Centro de Arte Digital. Programando iniciativas, apresentando, divulgando, e apoiando a cria\u00e7\u00e3o art\u00edstica digital.","og_url":"https:\/\/www.museu0.pt\/en\/evento\/francisca-rocha-goncalves-christian-dimpker-em-residencia-artistica\/","og_site_name":"Museu0","article_modified_time":"2025-10-28T06:25:11+00:00","og_image":[{"width":528,"height":400,"url":"https:\/\/www.museu0.pt\/wp-content\/uploads\/2025\/09\/Francisca-Rocha-Goncalves-Christian-Dimpker.webp","type":"image\/webp"}],"twitter_card":"summary_large_image","twitter_misc":{"Est. reading time":"2 minutes"},"schema":{"@context":"https:\/\/schema.org","@graph":[{"@type":"WebPage","@id":"https:\/\/www.museu0.pt\/evento\/francisca-rocha-goncalves-christian-dimpker-em-residencia-artistica\/","url":"https:\/\/www.museu0.pt\/evento\/francisca-rocha-goncalves-christian-dimpker-em-residencia-artistica\/","name":"Museu Zer0 - Descubra a Arte Digital","isPartOf":{"@id":"https:\/\/www.museu0.pt\/#website"},"datePublished":"2025-09-18T16:43:29+00:00","dateModified":"2025-10-28T06:25:11+00:00","description":"Museu Zer0 - Centro de Arte Digital. Programando iniciativas, apresentando, divulgando, e apoiando a cria\u00e7\u00e3o art\u00edstica digital.","breadcrumb":{"@id":"https:\/\/www.museu0.pt\/evento\/francisca-rocha-goncalves-christian-dimpker-em-residencia-artistica\/#breadcrumb"},"inLanguage":"en-GB","potentialAction":[{"@type":"ReadAction","target":["https:\/\/www.museu0.pt\/evento\/francisca-rocha-goncalves-christian-dimpker-em-residencia-artistica\/"]}]},{"@type":"BreadcrumbList","@id":"https:\/\/www.museu0.pt\/evento\/francisca-rocha-goncalves-christian-dimpker-em-residencia-artistica\/#breadcrumb","itemListElement":[{"@type":"ListItem","position":1,"name":"Home","item":"https:\/\/www.museu0.pt\/pt\/"},{"@type":"ListItem","position":2,"name":"Eventos","item":"https:\/\/www.museu0.pt\/?post_type=evento"},{"@type":"ListItem","position":3,"name":"Francisca Rocha Gon\u00e7alves + Christian Dimpker em Resid\u00eancia Art\u00edstica"}]},{"@type":"WebSite","@id":"https:\/\/www.museu0.pt\/#website","url":"https:\/\/www.museu0.pt\/","name":"Museu0","description":"Centro de Arte Digital","publisher":{"@id":"https:\/\/www.museu0.pt\/#organization"},"potentialAction":[{"@type":"SearchAction","target":{"@type":"EntryPoint","urlTemplate":"https:\/\/www.museu0.pt\/?s={search_term_string}"},"query-input":"required name=search_term_string"}],"inLanguage":"en-GB"},{"@type":"Organization","@id":"https:\/\/www.museu0.pt\/#organization","name":"Museu0","url":"https:\/\/www.museu0.pt\/","logo":{"@type":"ImageObject","inLanguage":"en-GB","@id":"https:\/\/www.museu0.pt\/#\/schema\/logo\/image\/","url":"https:\/\/www.museu0.pt\/wp-content\/uploads\/2023\/11\/museu0_logo_big.png","contentUrl":"https:\/\/www.museu0.pt\/wp-content\/uploads\/2023\/11\/museu0_logo_big.png","width":1100,"height":1100,"caption":"Museu0"},"image":{"@id":"https:\/\/www.museu0.pt\/#\/schema\/logo\/image\/"}}]}},"_links":{"self":[{"href":"https:\/\/www.museu0.pt\/en\/wp-json\/wp\/v2\/evento\/5983"}],"collection":[{"href":"https:\/\/www.museu0.pt\/en\/wp-json\/wp\/v2\/evento"}],"about":[{"href":"https:\/\/www.museu0.pt\/en\/wp-json\/wp\/v2\/types\/evento"}],"author":[{"embeddable":true,"href":"https:\/\/www.museu0.pt\/en\/wp-json\/wp\/v2\/users\/3"}],"version-history":[{"count":1,"href":"https:\/\/www.museu0.pt\/en\/wp-json\/wp\/v2\/evento\/5983\/revisions"}],"predecessor-version":[{"id":5984,"href":"https:\/\/www.museu0.pt\/en\/wp-json\/wp\/v2\/evento\/5983\/revisions\/5984"}],"wp:featuredmedia":[{"embeddable":true,"href":"https:\/\/www.museu0.pt\/en\/wp-json\/wp\/v2\/media\/5946"}],"wp:attachment":[{"href":"https:\/\/www.museu0.pt\/en\/wp-json\/wp\/v2\/media?parent=5983"}],"wp:term":[{"taxonomy":"category","embeddable":true,"href":"https:\/\/www.museu0.pt\/en\/wp-json\/wp\/v2\/categories?post=5983"}],"curies":[{"name":"wp","href":"https:\/\/api.w.org\/{rel}","templated":true}]}}

Francisca Rocha Gonçalves + Christian Dimpker in Artist Residency

<p>Francisca Rocha Gonçalves and Christian Dimpker are an interdisciplinary duo who merge the boundaries between visual composition, sound art and ecological research. Francisca, an interdisciplinary researcher with a background in biological sciences and digital media, explores underwater soundscapes and the impact of anthropogenic noise on aquatic ecosystems, translating scientific research into immersive artistic experiences. Christian, a composer and art theorist with a PhD in Musicology and Composition, is known for his innovative notation systems and his vast body of work, ranging from instrumental and electroacoustic compositions to scores for light ballets, video and performance.</p>



<p>Together, they collaborate at the intersection of Christian's visual and compositional practices and Francisca's ecological and artistic-scientific approach, creating performances and installations that promote new dialogues between human beings, technology and the natural world. They have collaborated on concerts at venues such as the Schwartzsche Villa, Kunsthaus KuLe, ACUD in Berlin, TONALi Saal in Hamburg and audiovisual performances at the Calouste Gulbenkian Foundation and Oeiras Valley Science in Lisbon.</p>



<p>During this week-long artist residency at the Museu Zer0, we focused on the underwater ecologies of the Ria Formosa, exploring the districts of Faro, Tavira and Olhão, as well as Culatra Island. Through sound recordings and video documentation, conversations with local scientists, fishermen and NGOs active in the Ria Formosa, we understand the dynamics and experiences of the region. We learnt about the history of the Santa Catarina da Fonte do Bispo Olive Oil Producers' Agricultural Cooperative and the traces of its past activity through the equipment that remained as silent narrators. This residency will serve as the basis for a site-specific audiovisual work combining the ecological, social and historical narratives of the Ria Formosa.</p>

<!-- This site is optimized with the Yoast SEO Premium plugin v20.5 (Yoast SEO v20.9) - https://yoast.com/wordpress/plugins/seo/ -->
<title>Museu Zer0 - Descubra a Arte Digital</title>
<meta name="description" content="Museu Zer0 - Centro de Arte Digital. Programando iniciativas, apresentando, divulgando, e apoiando a criação artística digital." />
<meta name="robots" content="index, follow, max-snippet:-1, max-image-preview:large, max-video-preview:-1" />
<link rel="canonical" href="https://www.museu0.pt/en/evento/francisca-rocha-goncalves-christian-dimpker-em-residencia-artistica/" />
<meta property="og:locale" content="en_GB" />
<meta property="og:type" content="article" />
<meta property="og:title" content="Francisca Rocha Gonçalves + Christian Dimpker em Residência Artística" />
<meta property="og:description" content="Museu Zer0 - Centro de Arte Digital. Programando iniciativas, apresentando, divulgando, e apoiando a criação artística digital." />
<meta property="og:url" content="https://www.museu0.pt/en/evento/francisca-rocha-goncalves-christian-dimpker-em-residencia-artistica/" />
<meta property="og:site_name" content="Museu0" />
<meta property="article:modified_time" content="2025-10-28T06:25:11+00:00" />
<meta property="og:image" content="https://www.museu0.pt/wp-content/uploads/2025/09/Francisca-Rocha-Goncalves-Christian-Dimpker.webp" />
	<meta property="og:image:width" content="528" />
	<meta property="og:image:height" content="400" />
	<meta property="og:image:type" content="image/webp" />
<meta name="twitter:card" content="summary_large_image" />
<meta name="twitter:label1" content="Est. reading time" />
	<meta name="twitter:data1" content="2 minutes" />
<script type="application/ld+json" class="yoast-schema-graph">{"@context":"https://schema.org","@graph":[{"@type":"WebPage","@id":"https://www.museu0.pt/evento/francisca-rocha-goncalves-christian-dimpker-em-residencia-artistica/","url":"https://www.museu0.pt/evento/francisca-rocha-goncalves-christian-dimpker-em-residencia-artistica/","name":"Museu Zer0 - Descubra a Arte Digital","isPartOf":{"@id":"https://www.museu0.pt/#website"},"datePublished":"2025-09-18T16:43:29+00:00","dateModified":"2025-10-28T06:25:11+00:00","description":"Museu Zer0 - Centro de Arte Digital. Programando iniciativas, apresentando, divulgando, e apoiando a criação artística digital.","breadcrumb":{"@id":"https://www.museu0.pt/evento/francisca-rocha-goncalves-christian-dimpker-em-residencia-artistica/#breadcrumb"},"inLanguage":"en-GB","potentialAction":[{"@type":"ReadAction","target":["https://www.museu0.pt/evento/francisca-rocha-goncalves-christian-dimpker-em-residencia-artistica/"]}]},{"@type":"BreadcrumbList","@id":"https://www.museu0.pt/evento/francisca-rocha-goncalves-christian-dimpker-em-residencia-artistica/#breadcrumb","itemListElement":[{"@type":"ListItem","position":1,"name":"Home","item":"https://www.museu0.pt/pt/"},{"@type":"ListItem","position":2,"name":"Eventos","item":"https://www.museu0.pt/?post_type=evento"},{"@type":"ListItem","position":3,"name":"Francisca Rocha Gonçalves + Christian Dimpker em Residência Artística"}]},{"@type":"WebSite","@id":"https://www.museu0.pt/#website","url":"https://www.museu0.pt/","name":"Museu0","description":"Centro de Arte Digital","publisher":{"@id":"https://www.museu0.pt/#organization"},"potentialAction":[{"@type":"SearchAction","target":{"@type":"EntryPoint","urlTemplate":"https://www.museu0.pt/?s={search_term_string}"},"query-input":"required name=search_term_string"}],"inLanguage":"en-GB"},{"@type":"Organization","@id":"https://www.museu0.pt/#organization","name":"Museu0","url":"https://www.museu0.pt/","logo":{"@type":"ImageObject","inLanguage":"en-GB","@id":"https://www.museu0.pt/#/schema/logo/image/","url":"https://www.museu0.pt/wp-content/uploads/2023/11/museu0_logo_big.png","contentUrl":"https://www.museu0.pt/wp-content/uploads/2023/11/museu0_logo_big.png","width":1100,"height":1100,"caption":"Museu0"},"image":{"@id":"https://www.museu0.pt/#/schema/logo/image/"}}]}</script>
<!-- / Yoast SEO Premium plugin. -->

Museu Zer0 - Centro de Arte Digital. Programando iniciativas, apresentando, divulgando, e apoiando a criação artística digital.

Francisca Rocha Gonçalves + Christian Dimpker em Residência Artística
