{"id":5986,"date":"2025-09-18T16:51:33","date_gmt":"2025-09-18T16:51:33","guid":{"rendered":"https:\/\/www.museu0.pt\/?post_type=evento&#038;p=5986"},"modified":"2025-10-28T06:25:03","modified_gmt":"2025-10-28T06:25:03","slug":"luis-fernandes-em-residencia-artistica","status":"publish","type":"evento","link":"https:\/\/www.museu0.pt\/en\/evento\/luis-fernandes-em-residencia-artistica\/","title":{"rendered":"Lu\u00eds Fernandes on Artist Residency"},"content":{"rendered":"<p>As a musician, he has worked as a solo artist and as a member of multiple projects, having participated in 60 recordings to date. He is a founding member of the band peixe : avi\u00e3o, mentor of the projects The Astroboy and Landforms, member of the collective La La La Ressonance and the duo Palmer Eldritch. Since 2014, he has had a duo with pianist Joana Gama with whom he has collaborated with Ricardo Jacinto, Jos\u00e9 Alberto Gomes, Drumming GP, Orquestra Metropolitana and Orquestra de Guimar\u00e3es.<\/p>\n\n\n\n<p>In 2018 he developed the project \"Speaking of Chance\", exploring controlled randomness in modular synthesis systems together with Andr\u00e9 Gon\u00e7alves and Lloyd Cole. He collaborated with Rodrigo Le\u00e3o on the composition, interpretation and production of the work C\u00e9rebro: Mais Vasto que o C\u00e9u, commissioned by the Calouste Gulbenkian Foundation, and with Maria Jo\u00e3o on the production of the disc \"Abund\u00e2ncia\".<\/p>\n\n\n\n<p>The scope of his work extends to the composition of music for theatre, dance, cinema, video and installations, including the film Mahjong by Jo\u00e3o Pedro Rodrigues and Jo\u00e3o Rui Guerra da Mata, presented at the Cannes and Locarno Festivals, the Porto Poetic exhibition in homage to architects \u00c1lvaro Siza and Eduardo Souto Moura at the Triennale di Milano, and the plays \"Os Tr\u00eas Irm\u00e3os\" and \"Corpo Clandestino\" by Victor Hugo Pontes.<\/p>\n\n\n\n<p>Over the course of three days, I carried out an artistic residency to finalise the piece Aural Device #2, commissioned by the Zer0 Museum. During this period, the implementation of this generative work on site was tested, as well as how it will be influenced by the aural ecosystem of Santa Catarina de Fonte do Bispo and the acoustic resonances of the Museu Zer0.<\/p>","protected":false},"excerpt":{"rendered":"<p>Oficina Viva: Artists in Residence<\/p>","protected":false},"author":3,"featured_media":5947,"menu_order":0,"template":"","meta":[],"categories":[17],"yoast_head":"<!-- This site is optimized with the Yoast SEO Premium plugin v20.5 (Yoast SEO v20.9) - https:\/\/yoast.com\/wordpress\/plugins\/seo\/ -->\n<title>Museu Zer0 - Descubra a Arte Digital<\/title>\n<meta name=\"description\" content=\"Museu Zer0 - Centro de Arte Digital. Programando iniciativas, apresentando, divulgando, e apoiando a cria\u00e7\u00e3o art\u00edstica digital.\" \/>\n<meta name=\"robots\" content=\"index, follow, max-snippet:-1, max-image-preview:large, max-video-preview:-1\" \/>\n<link rel=\"canonical\" href=\"https:\/\/www.museu0.pt\/en\/evento\/luis-fernandes-em-residencia-artistica\/\" \/>\n<meta property=\"og:locale\" content=\"en_GB\" \/>\n<meta property=\"og:type\" content=\"article\" \/>\n<meta property=\"og:title\" content=\"Lu\u00eds Fernandes em Resid\u00eancia Art\u00edstica\" \/>\n<meta property=\"og:description\" content=\"Museu Zer0 - Centro de Arte Digital. Programando iniciativas, apresentando, divulgando, e apoiando a cria\u00e7\u00e3o art\u00edstica digital.\" \/>\n<meta property=\"og:url\" content=\"https:\/\/www.museu0.pt\/en\/evento\/luis-fernandes-em-residencia-artistica\/\" \/>\n<meta property=\"og:site_name\" content=\"Museu0\" \/>\n<meta property=\"article:modified_time\" content=\"2025-10-28T06:25:03+00:00\" \/>\n<meta property=\"og:image\" content=\"https:\/\/www.museu0.pt\/wp-content\/uploads\/2025\/09\/Luis-Fernandes.webp\" \/>\n\t<meta property=\"og:image:width\" content=\"528\" \/>\n\t<meta property=\"og:image:height\" content=\"400\" \/>\n\t<meta property=\"og:image:type\" content=\"image\/webp\" \/>\n<meta name=\"twitter:card\" content=\"summary_large_image\" \/>\n<meta name=\"twitter:label1\" content=\"Est. reading time\" \/>\n\t<meta name=\"twitter:data1\" content=\"2 minutes\" \/>\n<script type=\"application\/ld+json\" class=\"yoast-schema-graph\">{\"@context\":\"https:\/\/schema.org\",\"@graph\":[{\"@type\":\"WebPage\",\"@id\":\"https:\/\/www.museu0.pt\/evento\/luis-fernandes-em-residencia-artistica\/\",\"url\":\"https:\/\/www.museu0.pt\/evento\/luis-fernandes-em-residencia-artistica\/\",\"name\":\"Museu Zer0 - Descubra a Arte Digital\",\"isPartOf\":{\"@id\":\"https:\/\/www.museu0.pt\/#website\"},\"datePublished\":\"2025-09-18T16:51:33+00:00\",\"dateModified\":\"2025-10-28T06:25:03+00:00\",\"description\":\"Museu Zer0 - Centro de Arte Digital. Programando iniciativas, apresentando, divulgando, e apoiando a cria\u00e7\u00e3o art\u00edstica digital.\",\"breadcrumb\":{\"@id\":\"https:\/\/www.museu0.pt\/evento\/luis-fernandes-em-residencia-artistica\/#breadcrumb\"},\"inLanguage\":\"en-GB\",\"potentialAction\":[{\"@type\":\"ReadAction\",\"target\":[\"https:\/\/www.museu0.pt\/evento\/luis-fernandes-em-residencia-artistica\/\"]}]},{\"@type\":\"BreadcrumbList\",\"@id\":\"https:\/\/www.museu0.pt\/evento\/luis-fernandes-em-residencia-artistica\/#breadcrumb\",\"itemListElement\":[{\"@type\":\"ListItem\",\"position\":1,\"name\":\"Home\",\"item\":\"https:\/\/www.museu0.pt\/pt\/\"},{\"@type\":\"ListItem\",\"position\":2,\"name\":\"Eventos\",\"item\":\"https:\/\/www.museu0.pt\/?post_type=evento\"},{\"@type\":\"ListItem\",\"position\":3,\"name\":\"Lu\u00eds Fernandes em Resid\u00eancia Art\u00edstica\"}]},{\"@type\":\"WebSite\",\"@id\":\"https:\/\/www.museu0.pt\/#website\",\"url\":\"https:\/\/www.museu0.pt\/\",\"name\":\"Museu0\",\"description\":\"Centro de Arte Digital\",\"publisher\":{\"@id\":\"https:\/\/www.museu0.pt\/#organization\"},\"potentialAction\":[{\"@type\":\"SearchAction\",\"target\":{\"@type\":\"EntryPoint\",\"urlTemplate\":\"https:\/\/www.museu0.pt\/?s={search_term_string}\"},\"query-input\":\"required name=search_term_string\"}],\"inLanguage\":\"en-GB\"},{\"@type\":\"Organization\",\"@id\":\"https:\/\/www.museu0.pt\/#organization\",\"name\":\"Museu0\",\"url\":\"https:\/\/www.museu0.pt\/\",\"logo\":{\"@type\":\"ImageObject\",\"inLanguage\":\"en-GB\",\"@id\":\"https:\/\/www.museu0.pt\/#\/schema\/logo\/image\/\",\"url\":\"https:\/\/www.museu0.pt\/wp-content\/uploads\/2023\/11\/museu0_logo_big.png\",\"contentUrl\":\"https:\/\/www.museu0.pt\/wp-content\/uploads\/2023\/11\/museu0_logo_big.png\",\"width\":1100,\"height\":1100,\"caption\":\"Museu0\"},\"image\":{\"@id\":\"https:\/\/www.museu0.pt\/#\/schema\/logo\/image\/\"}}]}<\/script>\n<!-- \/ Yoast SEO Premium plugin. -->","yoast_head_json":{"title":"Museu Zer0 - Descubra a Arte Digital","description":"Museu Zer0 - Centro de Arte Digital. Programando iniciativas, apresentando, divulgando, e apoiando a cria\u00e7\u00e3o art\u00edstica digital.","robots":{"index":"index","follow":"follow","max-snippet":"max-snippet:-1","max-image-preview":"max-image-preview:large","max-video-preview":"max-video-preview:-1"},"canonical":"https:\/\/www.museu0.pt\/en\/evento\/luis-fernandes-em-residencia-artistica\/","og_locale":"en_GB","og_type":"article","og_title":"Lu\u00eds Fernandes em Resid\u00eancia Art\u00edstica","og_description":"Museu Zer0 - Centro de Arte Digital. Programando iniciativas, apresentando, divulgando, e apoiando a cria\u00e7\u00e3o art\u00edstica digital.","og_url":"https:\/\/www.museu0.pt\/en\/evento\/luis-fernandes-em-residencia-artistica\/","og_site_name":"Museu0","article_modified_time":"2025-10-28T06:25:03+00:00","og_image":[{"width":528,"height":400,"url":"https:\/\/www.museu0.pt\/wp-content\/uploads\/2025\/09\/Luis-Fernandes.webp","type":"image\/webp"}],"twitter_card":"summary_large_image","twitter_misc":{"Est. reading time":"2 minutes"},"schema":{"@context":"https:\/\/schema.org","@graph":[{"@type":"WebPage","@id":"https:\/\/www.museu0.pt\/evento\/luis-fernandes-em-residencia-artistica\/","url":"https:\/\/www.museu0.pt\/evento\/luis-fernandes-em-residencia-artistica\/","name":"Museu Zer0 - Descubra a Arte Digital","isPartOf":{"@id":"https:\/\/www.museu0.pt\/#website"},"datePublished":"2025-09-18T16:51:33+00:00","dateModified":"2025-10-28T06:25:03+00:00","description":"Museu Zer0 - Centro de Arte Digital. Programando iniciativas, apresentando, divulgando, e apoiando a cria\u00e7\u00e3o art\u00edstica digital.","breadcrumb":{"@id":"https:\/\/www.museu0.pt\/evento\/luis-fernandes-em-residencia-artistica\/#breadcrumb"},"inLanguage":"en-GB","potentialAction":[{"@type":"ReadAction","target":["https:\/\/www.museu0.pt\/evento\/luis-fernandes-em-residencia-artistica\/"]}]},{"@type":"BreadcrumbList","@id":"https:\/\/www.museu0.pt\/evento\/luis-fernandes-em-residencia-artistica\/#breadcrumb","itemListElement":[{"@type":"ListItem","position":1,"name":"Home","item":"https:\/\/www.museu0.pt\/pt\/"},{"@type":"ListItem","position":2,"name":"Eventos","item":"https:\/\/www.museu0.pt\/?post_type=evento"},{"@type":"ListItem","position":3,"name":"Lu\u00eds Fernandes em Resid\u00eancia Art\u00edstica"}]},{"@type":"WebSite","@id":"https:\/\/www.museu0.pt\/#website","url":"https:\/\/www.museu0.pt\/","name":"Museu0","description":"Centro de Arte Digital","publisher":{"@id":"https:\/\/www.museu0.pt\/#organization"},"potentialAction":[{"@type":"SearchAction","target":{"@type":"EntryPoint","urlTemplate":"https:\/\/www.museu0.pt\/?s={search_term_string}"},"query-input":"required name=search_term_string"}],"inLanguage":"en-GB"},{"@type":"Organization","@id":"https:\/\/www.museu0.pt\/#organization","name":"Museu0","url":"https:\/\/www.museu0.pt\/","logo":{"@type":"ImageObject","inLanguage":"en-GB","@id":"https:\/\/www.museu0.pt\/#\/schema\/logo\/image\/","url":"https:\/\/www.museu0.pt\/wp-content\/uploads\/2023\/11\/museu0_logo_big.png","contentUrl":"https:\/\/www.museu0.pt\/wp-content\/uploads\/2023\/11\/museu0_logo_big.png","width":1100,"height":1100,"caption":"Museu0"},"image":{"@id":"https:\/\/www.museu0.pt\/#\/schema\/logo\/image\/"}}]}},"_links":{"self":[{"href":"https:\/\/www.museu0.pt\/en\/wp-json\/wp\/v2\/evento\/5986"}],"collection":[{"href":"https:\/\/www.museu0.pt\/en\/wp-json\/wp\/v2\/evento"}],"about":[{"href":"https:\/\/www.museu0.pt\/en\/wp-json\/wp\/v2\/types\/evento"}],"author":[{"embeddable":true,"href":"https:\/\/www.museu0.pt\/en\/wp-json\/wp\/v2\/users\/3"}],"version-history":[{"count":2,"href":"https:\/\/www.museu0.pt\/en\/wp-json\/wp\/v2\/evento\/5986\/revisions"}],"predecessor-version":[{"id":5988,"href":"https:\/\/www.museu0.pt\/en\/wp-json\/wp\/v2\/evento\/5986\/revisions\/5988"}],"wp:featuredmedia":[{"embeddable":true,"href":"https:\/\/www.museu0.pt\/en\/wp-json\/wp\/v2\/media\/5947"}],"wp:attachment":[{"href":"https:\/\/www.museu0.pt\/en\/wp-json\/wp\/v2\/media?parent=5986"}],"wp:term":[{"taxonomy":"category","embeddable":true,"href":"https:\/\/www.museu0.pt\/en\/wp-json\/wp\/v2\/categories?post=5986"}],"curies":[{"name":"wp","href":"https:\/\/api.w.org\/{rel}","templated":true}]}}

Luís Fernandes on Artist Residency

<p>As a musician, he has worked as a solo artist and as a member of multiple projects, having participated in 60 recordings to date. He is a founding member of the band peixe : avião, mentor of the projects The Astroboy and Landforms, member of the collective La La La Ressonance and the duo Palmer Eldritch. Since 2014, he has had a duo with pianist Joana Gama with whom he has collaborated with Ricardo Jacinto, José Alberto Gomes, Drumming GP, Orquestra Metropolitana and Orquestra de Guimarães.</p>



<p>In 2018 he developed the project "Speaking of Chance", exploring controlled randomness in modular synthesis systems together with André Gonçalves and Lloyd Cole. He collaborated with Rodrigo Leão on the composition, interpretation and production of the work Cérebro: Mais Vasto que o Céu, commissioned by the Calouste Gulbenkian Foundation, and with Maria João on the production of the disc "Abundância".</p>



<p>The scope of his work extends to the composition of music for theatre, dance, cinema, video and installations, including the film Mahjong by João Pedro Rodrigues and João Rui Guerra da Mata, presented at the Cannes and Locarno Festivals, the Porto Poetic exhibition in homage to architects Álvaro Siza and Eduardo Souto Moura at the Triennale di Milano, and the plays "Os Três Irmãos" and "Corpo Clandestino" by Victor Hugo Pontes.</p>



<p>Over the course of three days, I carried out an artistic residency to finalise the piece Aural Device #2, commissioned by the Zer0 Museum. During this period, the implementation of this generative work on site was tested, as well as how it will be influenced by the aural ecosystem of Santa Catarina de Fonte do Bispo and the acoustic resonances of the Museu Zer0.</p>

<!-- This site is optimized with the Yoast SEO Premium plugin v20.5 (Yoast SEO v20.9) - https://yoast.com/wordpress/plugins/seo/ -->
<title>Museu Zer0 - Descubra a Arte Digital</title>
<meta name="description" content="Museu Zer0 - Centro de Arte Digital. Programando iniciativas, apresentando, divulgando, e apoiando a criação artística digital." />
<meta name="robots" content="index, follow, max-snippet:-1, max-image-preview:large, max-video-preview:-1" />
<link rel="canonical" href="https://www.museu0.pt/en/evento/luis-fernandes-em-residencia-artistica/" />
<meta property="og:locale" content="en_GB" />
<meta property="og:type" content="article" />
<meta property="og:title" content="Luís Fernandes em Residência Artística" />
<meta property="og:description" content="Museu Zer0 - Centro de Arte Digital. Programando iniciativas, apresentando, divulgando, e apoiando a criação artística digital." />
<meta property="og:url" content="https://www.museu0.pt/en/evento/luis-fernandes-em-residencia-artistica/" />
<meta property="og:site_name" content="Museu0" />
<meta property="article:modified_time" content="2025-10-28T06:25:03+00:00" />
<meta property="og:image" content="https://www.museu0.pt/wp-content/uploads/2025/09/Luis-Fernandes.webp" />
	<meta property="og:image:width" content="528" />
	<meta property="og:image:height" content="400" />
	<meta property="og:image:type" content="image/webp" />
<meta name="twitter:card" content="summary_large_image" />
<meta name="twitter:label1" content="Est. reading time" />
	<meta name="twitter:data1" content="2 minutes" />
<script type="application/ld+json" class="yoast-schema-graph">{"@context":"https://schema.org","@graph":[{"@type":"WebPage","@id":"https://www.museu0.pt/evento/luis-fernandes-em-residencia-artistica/","url":"https://www.museu0.pt/evento/luis-fernandes-em-residencia-artistica/","name":"Museu Zer0 - Descubra a Arte Digital","isPartOf":{"@id":"https://www.museu0.pt/#website"},"datePublished":"2025-09-18T16:51:33+00:00","dateModified":"2025-10-28T06:25:03+00:00","description":"Museu Zer0 - Centro de Arte Digital. Programando iniciativas, apresentando, divulgando, e apoiando a criação artística digital.","breadcrumb":{"@id":"https://www.museu0.pt/evento/luis-fernandes-em-residencia-artistica/#breadcrumb"},"inLanguage":"en-GB","potentialAction":[{"@type":"ReadAction","target":["https://www.museu0.pt/evento/luis-fernandes-em-residencia-artistica/"]}]},{"@type":"BreadcrumbList","@id":"https://www.museu0.pt/evento/luis-fernandes-em-residencia-artistica/#breadcrumb","itemListElement":[{"@type":"ListItem","position":1,"name":"Home","item":"https://www.museu0.pt/pt/"},{"@type":"ListItem","position":2,"name":"Eventos","item":"https://www.museu0.pt/?post_type=evento"},{"@type":"ListItem","position":3,"name":"Luís Fernandes em Residência Artística"}]},{"@type":"WebSite","@id":"https://www.museu0.pt/#website","url":"https://www.museu0.pt/","name":"Museu0","description":"Centro de Arte Digital","publisher":{"@id":"https://www.museu0.pt/#organization"},"potentialAction":[{"@type":"SearchAction","target":{"@type":"EntryPoint","urlTemplate":"https://www.museu0.pt/?s={search_term_string}"},"query-input":"required name=search_term_string"}],"inLanguage":"en-GB"},{"@type":"Organization","@id":"https://www.museu0.pt/#organization","name":"Museu0","url":"https://www.museu0.pt/","logo":{"@type":"ImageObject","inLanguage":"en-GB","@id":"https://www.museu0.pt/#/schema/logo/image/","url":"https://www.museu0.pt/wp-content/uploads/2023/11/museu0_logo_big.png","contentUrl":"https://www.museu0.pt/wp-content/uploads/2023/11/museu0_logo_big.png","width":1100,"height":1100,"caption":"Museu0"},"image":{"@id":"https://www.museu0.pt/#/schema/logo/image/"}}]}</script>
<!-- / Yoast SEO Premium plugin. -->

Museu Zer0 - Centro de Arte Digital. Programando iniciativas, apresentando, divulgando, e apoiando a criação artística digital.

Luís Fernandes em Residência Artística
