{"id":3992,"date":"2023-11-28T21:17:45","date_gmt":"2023-11-28T21:17:45","guid":{"rendered":"https:\/\/www.museu0.pt\/?post_type=perfil&#038;p=3992"},"modified":"2024-03-01T23:07:57","modified_gmt":"2024-03-01T23:07:57","slug":"henrique-vieira-ribeiro","status":"publish","type":"perfil","link":"https:\/\/www.museu0.pt\/en\/perfil\/henrique-vieira-ribeiro\/","title":{"rendered":"Henrique Vieira Ribeiro"},"content":{"rendered":"<p>Henrique Vieira Ribeiro (Lisbon, 1970) has a master's degree in Multimedia Art, Audiovisuals, from the Faculty of Fine Arts of the University of Lisbon, and a degree in Multimedia Art, Photography, from the same institution.<\/p>\n\n\n\n<p>Guest lecturer at the School of Art and Design - Caldas da Rainha (2015\/2016 and 2016\/2017) in photography, audiovisual and multimedia design and digital design.<\/p>\n\n\n\n<p>In 2017 she took part in the ResArt Marv\u00e3o artistic residency.<\/p>\n\n\n\n<p>In his authorial practice, his concerns stem from aspects related to the human condition, namely reflecting on the human being's need\/desire for transcendence; in this respect, the object as a bearer of life, as a mnemonic testimony, plays a preponderant role.<\/p>\n\n\n\n<p>He uses photography and video as core media, which together with drawing form his media of choice, although the final result of his works has taken on an installation character.<\/p>\n\n\n\n<p>He is represented in several private collections in Portugal, France and England, as well as in institutions such as the Combatant Museum, Artur Bual Gallery and the 25 April Association.<\/p>\n\n\n\n<p>He is also represented at the Calouste Gulbenkian Foundation and the Figueiredo Ribeiro Collection - Abrantes Contemporary Art Centre.<\/p>","protected":false},"excerpt":{"rendered":"<p>Henrique Vieira Ribeiro (Lisboa, 1970), mestre em Arte Multim\u00e9dia, vertente de Audiovisuais, pela Faculdade de Belas Artes da Universidade de Lisboa, e licenciado em Arte Multim\u00e9dia, vertente de Fotografia, pela mesma institui\u00e7\u00e3o. Docente convidado na Escola Superior de Arte e Design \u2013 Caldas da Rainha (2015\/2016 e 2016\/2017) nas cadeiras de fotografia, projeto audiovisual e [&hellip;]<\/p>","protected":false},"author":3,"featured_media":4027,"menu_order":5,"template":"","meta":[],"categories":[19],"yoast_head":"<!-- This site is optimized with the Yoast SEO Premium plugin v20.5 (Yoast SEO v20.9) - https:\/\/yoast.com\/wordpress\/plugins\/seo\/ -->\n<title>Museu Zer0 - Descubra a Arte Digital<\/title>\n<meta name=\"description\" content=\"Museu Zer0 - Centro de Arte Digital. Programando iniciativas, apresentando, divulgando, e apoiando a cria\u00e7\u00e3o art\u00edstica digital.\" \/>\n<meta name=\"robots\" content=\"index, follow, max-snippet:-1, max-image-preview:large, max-video-preview:-1\" \/>\n<link rel=\"canonical\" href=\"https:\/\/www.museu0.pt\/en\/henrique-vieira-ribeiro\/\" \/>\n<meta property=\"og:locale\" content=\"en_GB\" \/>\n<meta property=\"og:type\" content=\"article\" \/>\n<meta property=\"og:title\" content=\"Henrique Vieira Ribeiro\" \/>\n<meta property=\"og:description\" content=\"Museu Zer0 - Centro de Arte Digital. Programando iniciativas, apresentando, divulgando, e apoiando a cria\u00e7\u00e3o art\u00edstica digital.\" \/>\n<meta property=\"og:url\" content=\"https:\/\/www.museu0.pt\/en\/henrique-vieira-ribeiro\/\" \/>\n<meta property=\"og:site_name\" content=\"Museu0\" \/>\n<meta property=\"article:modified_time\" content=\"2024-03-01T23:07:57+00:00\" \/>\n<meta property=\"og:image\" content=\"https:\/\/www.museu0.pt\/wp-content\/uploads\/2023\/11\/perfil_05.jpg\" \/>\n\t<meta property=\"og:image:width\" content=\"800\" \/>\n\t<meta property=\"og:image:height\" content=\"735\" \/>\n\t<meta property=\"og:image:type\" content=\"image\/jpeg\" \/>\n<meta name=\"twitter:card\" content=\"summary_large_image\" \/>\n<meta name=\"twitter:label1\" content=\"Est. reading time\" \/>\n\t<meta name=\"twitter:data1\" content=\"2 minutes\" \/>\n<script type=\"application\/ld+json\" class=\"yoast-schema-graph\">{\"@context\":\"https:\/\/schema.org\",\"@graph\":[{\"@type\":\"WebPage\",\"@id\":\"https:\/\/www.museu0.pt\/henrique-vieira-ribeiro\/\",\"url\":\"https:\/\/www.museu0.pt\/henrique-vieira-ribeiro\/\",\"name\":\"Museu Zer0 - Descubra a Arte Digital\",\"isPartOf\":{\"@id\":\"https:\/\/www.museu0.pt\/#website\"},\"datePublished\":\"2023-11-28T21:17:45+00:00\",\"dateModified\":\"2024-03-01T23:07:57+00:00\",\"description\":\"Museu Zer0 - Centro de Arte Digital. Programando iniciativas, apresentando, divulgando, e apoiando a cria\u00e7\u00e3o art\u00edstica digital.\",\"breadcrumb\":{\"@id\":\"https:\/\/www.museu0.pt\/henrique-vieira-ribeiro\/#breadcrumb\"},\"inLanguage\":\"en-GB\",\"potentialAction\":[{\"@type\":\"ReadAction\",\"target\":[\"https:\/\/www.museu0.pt\/henrique-vieira-ribeiro\/\"]}]},{\"@type\":\"BreadcrumbList\",\"@id\":\"https:\/\/www.museu0.pt\/henrique-vieira-ribeiro\/#breadcrumb\",\"itemListElement\":[{\"@type\":\"ListItem\",\"position\":1,\"name\":\"Home\",\"item\":\"https:\/\/www.museu0.pt\/pt\/\"},{\"@type\":\"ListItem\",\"position\":2,\"name\":\"Perfis\",\"item\":\"https:\/\/www.museu0.pt\/?post_type=perfil\"},{\"@type\":\"ListItem\",\"position\":3,\"name\":\"Henrique Vieira Ribeiro\"}]},{\"@type\":\"WebSite\",\"@id\":\"https:\/\/www.museu0.pt\/#website\",\"url\":\"https:\/\/www.museu0.pt\/\",\"name\":\"Museu0\",\"description\":\"Centro de Arte Digital\",\"publisher\":{\"@id\":\"https:\/\/www.museu0.pt\/#organization\"},\"potentialAction\":[{\"@type\":\"SearchAction\",\"target\":{\"@type\":\"EntryPoint\",\"urlTemplate\":\"https:\/\/www.museu0.pt\/?s={search_term_string}\"},\"query-input\":\"required name=search_term_string\"}],\"inLanguage\":\"en-GB\"},{\"@type\":\"Organization\",\"@id\":\"https:\/\/www.museu0.pt\/#organization\",\"name\":\"Museu0\",\"url\":\"https:\/\/www.museu0.pt\/\",\"logo\":{\"@type\":\"ImageObject\",\"inLanguage\":\"en-GB\",\"@id\":\"https:\/\/www.museu0.pt\/#\/schema\/logo\/image\/\",\"url\":\"https:\/\/www.museu0.pt\/wp-content\/uploads\/2023\/11\/museu0_logo_big.png\",\"contentUrl\":\"https:\/\/www.museu0.pt\/wp-content\/uploads\/2023\/11\/museu0_logo_big.png\",\"width\":1100,\"height\":1100,\"caption\":\"Museu0\"},\"image\":{\"@id\":\"https:\/\/www.museu0.pt\/#\/schema\/logo\/image\/\"}}]}<\/script>\n<!-- \/ Yoast SEO Premium plugin. -->","yoast_head_json":{"title":"Museu Zer0 - Descubra a Arte Digital","description":"Museu Zer0 - Centro de Arte Digital. Programando iniciativas, apresentando, divulgando, e apoiando a cria\u00e7\u00e3o art\u00edstica digital.","robots":{"index":"index","follow":"follow","max-snippet":"max-snippet:-1","max-image-preview":"max-image-preview:large","max-video-preview":"max-video-preview:-1"},"canonical":"https:\/\/www.museu0.pt\/en\/henrique-vieira-ribeiro\/","og_locale":"en_GB","og_type":"article","og_title":"Henrique Vieira Ribeiro","og_description":"Museu Zer0 - Centro de Arte Digital. Programando iniciativas, apresentando, divulgando, e apoiando a cria\u00e7\u00e3o art\u00edstica digital.","og_url":"https:\/\/www.museu0.pt\/en\/henrique-vieira-ribeiro\/","og_site_name":"Museu0","article_modified_time":"2024-03-01T23:07:57+00:00","og_image":[{"width":800,"height":735,"url":"https:\/\/www.museu0.pt\/wp-content\/uploads\/2023\/11\/perfil_05.jpg","type":"image\/jpeg"}],"twitter_card":"summary_large_image","twitter_misc":{"Est. reading time":"2 minutes"},"schema":{"@context":"https:\/\/schema.org","@graph":[{"@type":"WebPage","@id":"https:\/\/www.museu0.pt\/henrique-vieira-ribeiro\/","url":"https:\/\/www.museu0.pt\/henrique-vieira-ribeiro\/","name":"Museu Zer0 - Descubra a Arte Digital","isPartOf":{"@id":"https:\/\/www.museu0.pt\/#website"},"datePublished":"2023-11-28T21:17:45+00:00","dateModified":"2024-03-01T23:07:57+00:00","description":"Museu Zer0 - Centro de Arte Digital. Programando iniciativas, apresentando, divulgando, e apoiando a cria\u00e7\u00e3o art\u00edstica digital.","breadcrumb":{"@id":"https:\/\/www.museu0.pt\/henrique-vieira-ribeiro\/#breadcrumb"},"inLanguage":"en-GB","potentialAction":[{"@type":"ReadAction","target":["https:\/\/www.museu0.pt\/henrique-vieira-ribeiro\/"]}]},{"@type":"BreadcrumbList","@id":"https:\/\/www.museu0.pt\/henrique-vieira-ribeiro\/#breadcrumb","itemListElement":[{"@type":"ListItem","position":1,"name":"Home","item":"https:\/\/www.museu0.pt\/pt\/"},{"@type":"ListItem","position":2,"name":"Perfis","item":"https:\/\/www.museu0.pt\/?post_type=perfil"},{"@type":"ListItem","position":3,"name":"Henrique Vieira Ribeiro"}]},{"@type":"WebSite","@id":"https:\/\/www.museu0.pt\/#website","url":"https:\/\/www.museu0.pt\/","name":"Museu0","description":"Centro de Arte Digital","publisher":{"@id":"https:\/\/www.museu0.pt\/#organization"},"potentialAction":[{"@type":"SearchAction","target":{"@type":"EntryPoint","urlTemplate":"https:\/\/www.museu0.pt\/?s={search_term_string}"},"query-input":"required name=search_term_string"}],"inLanguage":"en-GB"},{"@type":"Organization","@id":"https:\/\/www.museu0.pt\/#organization","name":"Museu0","url":"https:\/\/www.museu0.pt\/","logo":{"@type":"ImageObject","inLanguage":"en-GB","@id":"https:\/\/www.museu0.pt\/#\/schema\/logo\/image\/","url":"https:\/\/www.museu0.pt\/wp-content\/uploads\/2023\/11\/museu0_logo_big.png","contentUrl":"https:\/\/www.museu0.pt\/wp-content\/uploads\/2023\/11\/museu0_logo_big.png","width":1100,"height":1100,"caption":"Museu0"},"image":{"@id":"https:\/\/www.museu0.pt\/#\/schema\/logo\/image\/"}}]}},"_links":{"self":[{"href":"https:\/\/www.museu0.pt\/en\/wp-json\/wp\/v2\/perfil\/3992"}],"collection":[{"href":"https:\/\/www.museu0.pt\/en\/wp-json\/wp\/v2\/perfil"}],"about":[{"href":"https:\/\/www.museu0.pt\/en\/wp-json\/wp\/v2\/types\/perfil"}],"author":[{"embeddable":true,"href":"https:\/\/www.museu0.pt\/en\/wp-json\/wp\/v2\/users\/3"}],"version-history":[{"count":2,"href":"https:\/\/www.museu0.pt\/en\/wp-json\/wp\/v2\/perfil\/3992\/revisions"}],"predecessor-version":[{"id":3995,"href":"https:\/\/www.museu0.pt\/en\/wp-json\/wp\/v2\/perfil\/3992\/revisions\/3995"}],"wp:featuredmedia":[{"embeddable":true,"href":"https:\/\/www.museu0.pt\/en\/wp-json\/wp\/v2\/media\/4027"}],"wp:attachment":[{"href":"https:\/\/www.museu0.pt\/en\/wp-json\/wp\/v2\/media?parent=3992"}],"wp:term":[{"taxonomy":"category","embeddable":true,"href":"https:\/\/www.museu0.pt\/en\/wp-json\/wp\/v2\/categories?post=3992"}],"curies":[{"name":"wp","href":"https:\/\/api.w.org\/{rel}","templated":true}]}}

<p>Henrique Vieira Ribeiro (Lisbon, 1970) has a master's degree in Multimedia Art, Audiovisuals, from the Faculty of Fine Arts of the University of Lisbon, and a degree in Multimedia Art, Photography, from the same institution.</p>



<p>Guest lecturer at the School of Art and Design - Caldas da Rainha (2015/2016 and 2016/2017) in photography, audiovisual and multimedia design and digital design.</p>



<p>In 2017 she took part in the ResArt Marvão artistic residency.</p>



<p>In his authorial practice, his concerns stem from aspects related to the human condition, namely reflecting on the human being's need/desire for transcendence; in this respect, the object as a bearer of life, as a mnemonic testimony, plays a preponderant role.</p>



<p>He uses photography and video as core media, which together with drawing form his media of choice, although the final result of his works has taken on an installation character.</p>



<p>He is represented in several private collections in Portugal, France and England, as well as in institutions such as the Combatant Museum, Artur Bual Gallery and the 25 April Association.</p>



<p>He is also represented at the Calouste Gulbenkian Foundation and the Figueiredo Ribeiro Collection - Abrantes Contemporary Art Centre.</p>

<p>Henrique Vieira Ribeiro (Lisboa, 1970), mestre em Arte Multimédia, vertente de Audiovisuais, pela Faculdade de Belas Artes da Universidade de Lisboa, e licenciado em Arte Multimédia, vertente de Fotografia, pela mesma instituição. Docente convidado na Escola Superior de Arte e Design – Caldas da Rainha (2015/2016 e 2016/2017) nas cadeiras de fotografia, projeto audiovisual e [&hellip;]</p>

<!-- This site is optimized with the Yoast SEO Premium plugin v20.5 (Yoast SEO v20.9) - https://yoast.com/wordpress/plugins/seo/ -->
<title>Museu Zer0 - Descubra a Arte Digital</title>
<meta name="description" content="Museu Zer0 - Centro de Arte Digital. Programando iniciativas, apresentando, divulgando, e apoiando a criação artística digital." />
<meta name="robots" content="index, follow, max-snippet:-1, max-image-preview:large, max-video-preview:-1" />
<link rel="canonical" href="https://www.museu0.pt/en/henrique-vieira-ribeiro/" />
<meta property="og:locale" content="en_GB" />
<meta property="og:type" content="article" />
<meta property="og:title" content="Henrique Vieira Ribeiro" />
<meta property="og:description" content="Museu Zer0 - Centro de Arte Digital. Programando iniciativas, apresentando, divulgando, e apoiando a criação artística digital." />
<meta property="og:url" content="https://www.museu0.pt/en/henrique-vieira-ribeiro/" />
<meta property="og:site_name" content="Museu0" />
<meta property="article:modified_time" content="2024-03-01T23:07:57+00:00" />
<meta property="og:image" content="https://www.museu0.pt/wp-content/uploads/2023/11/perfil_05.jpg" />
	<meta property="og:image:width" content="800" />
	<meta property="og:image:height" content="735" />
	<meta property="og:image:type" content="image/jpeg" />
<meta name="twitter:card" content="summary_large_image" />
<meta name="twitter:label1" content="Est. reading time" />
	<meta name="twitter:data1" content="2 minutes" />
<script type="application/ld+json" class="yoast-schema-graph">{"@context":"https://schema.org","@graph":[{"@type":"WebPage","@id":"https://www.museu0.pt/henrique-vieira-ribeiro/","url":"https://www.museu0.pt/henrique-vieira-ribeiro/","name":"Museu Zer0 - Descubra a Arte Digital","isPartOf":{"@id":"https://www.museu0.pt/#website"},"datePublished":"2023-11-28T21:17:45+00:00","dateModified":"2024-03-01T23:07:57+00:00","description":"Museu Zer0 - Centro de Arte Digital. Programando iniciativas, apresentando, divulgando, e apoiando a criação artística digital.","breadcrumb":{"@id":"https://www.museu0.pt/henrique-vieira-ribeiro/#breadcrumb"},"inLanguage":"en-GB","potentialAction":[{"@type":"ReadAction","target":["https://www.museu0.pt/henrique-vieira-ribeiro/"]}]},{"@type":"BreadcrumbList","@id":"https://www.museu0.pt/henrique-vieira-ribeiro/#breadcrumb","itemListElement":[{"@type":"ListItem","position":1,"name":"Home","item":"https://www.museu0.pt/pt/"},{"@type":"ListItem","position":2,"name":"Perfis","item":"https://www.museu0.pt/?post_type=perfil"},{"@type":"ListItem","position":3,"name":"Henrique Vieira Ribeiro"}]},{"@type":"WebSite","@id":"https://www.museu0.pt/#website","url":"https://www.museu0.pt/","name":"Museu0","description":"Centro de Arte Digital","publisher":{"@id":"https://www.museu0.pt/#organization"},"potentialAction":[{"@type":"SearchAction","target":{"@type":"EntryPoint","urlTemplate":"https://www.museu0.pt/?s={search_term_string}"},"query-input":"required name=search_term_string"}],"inLanguage":"en-GB"},{"@type":"Organization","@id":"https://www.museu0.pt/#organization","name":"Museu0","url":"https://www.museu0.pt/","logo":{"@type":"ImageObject","inLanguage":"en-GB","@id":"https://www.museu0.pt/#/schema/logo/image/","url":"https://www.museu0.pt/wp-content/uploads/2023/11/museu0_logo_big.png","contentUrl":"https://www.museu0.pt/wp-content/uploads/2023/11/museu0_logo_big.png","width":1100,"height":1100,"caption":"Museu0"},"image":{"@id":"https://www.museu0.pt/#/schema/logo/image/"}}]}</script>
<!-- / Yoast SEO Premium plugin. -->

Museu Zer0 - Centro de Arte Digital. Programando iniciativas, apresentando, divulgando, e apoiando a criação artística digital.
