{"id":5350,"date":"2020-03-15T19:30:00","date_gmt":"2020-03-15T19:30:00","guid":{"rendered":"https:\/\/www.museu0.pt\/?post_type=evento&#038;p=5350"},"modified":"2024-01-11T19:36:10","modified_gmt":"2024-01-11T19:36:10","slug":"ciclo-o-mapa-e-o-territorio","status":"publish","type":"evento","link":"https:\/\/www.museu0.pt\/es\/evento\/ciclo-o-mapa-e-o-territorio\/","title":{"rendered":"Ciclo \u2018\u2018El mapa y el territorio\u2019\u2019"},"content":{"rendered":"<p>Por segundo a\u00f1o consecutivo, el Museo Zer0 expuso en el Centro de Artes e Of\u00edcios de S. Br\u00e1s de Alportel, del 3 de julio al 30 de septiembre de 2020.<\/p>\n\n\n\n<p><strong>Rep\u00fablicas m\u00ednimas de Rub\u00e9n Mart\u00edn de Lucas:<\/strong><\/p>\n\n\n\n<p>Por primera vez en el sur de Portugal, el Museo Zer0 present\u00f3 fotograf\u00edas digitales del joven y prometedor artista espa\u00f1ol, dentro del ciclo \"El mapa y el territorio\", que nos hicieron reflexionar sobre el concepto de territorios, pueblos, fronteras, precariedad y el sentido de su existencia.<\/p>\n\n\n\n<p><strong>\u2014<\/strong><\/p>\n\n\n\n<p><strong>Boris Chimp 504:<\/strong><\/p>\n\n\n\n<p>El Museo Zer0 present\u00f3 las instalaciones interactivas del artista algarv\u00edo Miguel Neto, dentro del proyecto Boris Chimp 504 (que comparte con Rodrigo Carvalho), que nos llevaron a viajar por el espacio y los territorios de la vida cotidiana.<\/p>","protected":false},"excerpt":{"rendered":"<p>Exposiciones - Rep\u00fablicas M\u00ednimas de Rub\u00e9n Mart\u00edn de Lucas y Boris Chimp 504 del artista algarv\u00edo Miguel Neto<\/p>","protected":false},"author":3,"featured_media":5352,"menu_order":0,"template":"","meta":[],"categories":[17],"yoast_head":"<!-- This site is optimized with the Yoast SEO Premium plugin v20.5 (Yoast SEO v20.9) - https:\/\/yoast.com\/wordpress\/plugins\/seo\/ -->\n<title>Museu Zer0 - Descubra a Arte Digital<\/title>\n<meta name=\"description\" content=\"Museu Zer0 - Centro de Arte Digital. Programando iniciativas, apresentando, divulgando, e apoiando a cria\u00e7\u00e3o art\u00edstica digital.\" \/>\n<meta name=\"robots\" content=\"index, follow, max-snippet:-1, max-image-preview:large, max-video-preview:-1\" \/>\n<link rel=\"canonical\" href=\"https:\/\/www.museu0.pt\/es\/ciclo-o-mapa-e-o-territorio\/\" \/>\n<meta property=\"og:locale\" content=\"es_ES\" \/>\n<meta property=\"og:type\" content=\"article\" \/>\n<meta property=\"og:title\" content=\"Ciclo \u2018\u2018O mapa e o territ\u00f3rio\u2019\u2019\" \/>\n<meta property=\"og:description\" content=\"Museu Zer0 - Centro de Arte Digital. Programando iniciativas, apresentando, divulgando, e apoiando a cria\u00e7\u00e3o art\u00edstica digital.\" \/>\n<meta property=\"og:url\" content=\"https:\/\/www.museu0.pt\/es\/ciclo-o-mapa-e-o-territorio\/\" \/>\n<meta property=\"og:site_name\" content=\"Museu0\" \/>\n<meta property=\"article:modified_time\" content=\"2024-01-11T19:36:10+00:00\" \/>\n<meta property=\"og:image\" content=\"https:\/\/www.museu0.pt\/wp-content\/uploads\/2024\/01\/mapa_territorio.jpg\" \/>\n\t<meta property=\"og:image:width\" content=\"1200\" \/>\n\t<meta property=\"og:image:height\" content=\"560\" \/>\n\t<meta property=\"og:image:type\" content=\"image\/jpeg\" \/>\n<meta name=\"twitter:card\" content=\"summary_large_image\" \/>\n<meta name=\"twitter:label1\" content=\"Est. reading time\" \/>\n\t<meta name=\"twitter:data1\" content=\"1 minuto\" \/>\n<script type=\"application\/ld+json\" class=\"yoast-schema-graph\">{\"@context\":\"https:\/\/schema.org\",\"@graph\":[{\"@type\":\"WebPage\",\"@id\":\"https:\/\/www.museu0.pt\/ciclo-o-mapa-e-o-territorio\/\",\"url\":\"https:\/\/www.museu0.pt\/ciclo-o-mapa-e-o-territorio\/\",\"name\":\"Museu Zer0 - Descubra a Arte Digital\",\"isPartOf\":{\"@id\":\"https:\/\/www.museu0.pt\/#website\"},\"datePublished\":\"2020-03-15T19:30:00+00:00\",\"dateModified\":\"2024-01-11T19:36:10+00:00\",\"description\":\"Museu Zer0 - Centro de Arte Digital. Programando iniciativas, apresentando, divulgando, e apoiando a cria\u00e7\u00e3o art\u00edstica digital.\",\"breadcrumb\":{\"@id\":\"https:\/\/www.museu0.pt\/ciclo-o-mapa-e-o-territorio\/#breadcrumb\"},\"inLanguage\":\"es\",\"potentialAction\":[{\"@type\":\"ReadAction\",\"target\":[\"https:\/\/www.museu0.pt\/ciclo-o-mapa-e-o-territorio\/\"]}]},{\"@type\":\"BreadcrumbList\",\"@id\":\"https:\/\/www.museu0.pt\/ciclo-o-mapa-e-o-territorio\/#breadcrumb\",\"itemListElement\":[{\"@type\":\"ListItem\",\"position\":1,\"name\":\"Home\",\"item\":\"https:\/\/www.museu0.pt\/pt\/\"},{\"@type\":\"ListItem\",\"position\":2,\"name\":\"Eventos\",\"item\":\"https:\/\/www.museu0.pt\/?post_type=evento\"},{\"@type\":\"ListItem\",\"position\":3,\"name\":\"Ciclo \u2018\u2018O mapa e o territ\u00f3rio\u2019\u2019\"}]},{\"@type\":\"WebSite\",\"@id\":\"https:\/\/www.museu0.pt\/#website\",\"url\":\"https:\/\/www.museu0.pt\/\",\"name\":\"Museu0\",\"description\":\"Centro de Arte Digital\",\"publisher\":{\"@id\":\"https:\/\/www.museu0.pt\/#organization\"},\"potentialAction\":[{\"@type\":\"SearchAction\",\"target\":{\"@type\":\"EntryPoint\",\"urlTemplate\":\"https:\/\/www.museu0.pt\/?s={search_term_string}\"},\"query-input\":\"required name=search_term_string\"}],\"inLanguage\":\"es\"},{\"@type\":\"Organization\",\"@id\":\"https:\/\/www.museu0.pt\/#organization\",\"name\":\"Museu0\",\"url\":\"https:\/\/www.museu0.pt\/\",\"logo\":{\"@type\":\"ImageObject\",\"inLanguage\":\"es\",\"@id\":\"https:\/\/www.museu0.pt\/#\/schema\/logo\/image\/\",\"url\":\"https:\/\/www.museu0.pt\/wp-content\/uploads\/2023\/11\/museu0_logo_big.png\",\"contentUrl\":\"https:\/\/www.museu0.pt\/wp-content\/uploads\/2023\/11\/museu0_logo_big.png\",\"width\":1100,\"height\":1100,\"caption\":\"Museu0\"},\"image\":{\"@id\":\"https:\/\/www.museu0.pt\/#\/schema\/logo\/image\/\"}}]}<\/script>\n<!-- \/ Yoast SEO Premium plugin. -->","yoast_head_json":{"title":"Museu Zer0 - Descubra a Arte Digital","description":"Museu Zer0 - Centro de Arte Digital. Programando iniciativas, apresentando, divulgando, e apoiando a cria\u00e7\u00e3o art\u00edstica digital.","robots":{"index":"index","follow":"follow","max-snippet":"max-snippet:-1","max-image-preview":"max-image-preview:large","max-video-preview":"max-video-preview:-1"},"canonical":"https:\/\/www.museu0.pt\/es\/ciclo-o-mapa-e-o-territorio\/","og_locale":"es_ES","og_type":"article","og_title":"Ciclo \u2018\u2018O mapa e o territ\u00f3rio\u2019\u2019","og_description":"Museu Zer0 - Centro de Arte Digital. Programando iniciativas, apresentando, divulgando, e apoiando a cria\u00e7\u00e3o art\u00edstica digital.","og_url":"https:\/\/www.museu0.pt\/es\/ciclo-o-mapa-e-o-territorio\/","og_site_name":"Museu0","article_modified_time":"2024-01-11T19:36:10+00:00","og_image":[{"width":1200,"height":560,"url":"https:\/\/www.museu0.pt\/wp-content\/uploads\/2024\/01\/mapa_territorio.jpg","type":"image\/jpeg"}],"twitter_card":"summary_large_image","twitter_misc":{"Est. reading time":"1 minuto"},"schema":{"@context":"https:\/\/schema.org","@graph":[{"@type":"WebPage","@id":"https:\/\/www.museu0.pt\/ciclo-o-mapa-e-o-territorio\/","url":"https:\/\/www.museu0.pt\/ciclo-o-mapa-e-o-territorio\/","name":"Museu Zer0 - Descubra a Arte Digital","isPartOf":{"@id":"https:\/\/www.museu0.pt\/#website"},"datePublished":"2020-03-15T19:30:00+00:00","dateModified":"2024-01-11T19:36:10+00:00","description":"Museu Zer0 - Centro de Arte Digital. Programando iniciativas, apresentando, divulgando, e apoiando a cria\u00e7\u00e3o art\u00edstica digital.","breadcrumb":{"@id":"https:\/\/www.museu0.pt\/ciclo-o-mapa-e-o-territorio\/#breadcrumb"},"inLanguage":"es","potentialAction":[{"@type":"ReadAction","target":["https:\/\/www.museu0.pt\/ciclo-o-mapa-e-o-territorio\/"]}]},{"@type":"BreadcrumbList","@id":"https:\/\/www.museu0.pt\/ciclo-o-mapa-e-o-territorio\/#breadcrumb","itemListElement":[{"@type":"ListItem","position":1,"name":"Home","item":"https:\/\/www.museu0.pt\/pt\/"},{"@type":"ListItem","position":2,"name":"Eventos","item":"https:\/\/www.museu0.pt\/?post_type=evento"},{"@type":"ListItem","position":3,"name":"Ciclo \u2018\u2018O mapa e o territ\u00f3rio\u2019\u2019"}]},{"@type":"WebSite","@id":"https:\/\/www.museu0.pt\/#website","url":"https:\/\/www.museu0.pt\/","name":"Museu0","description":"Centro de Arte Digital","publisher":{"@id":"https:\/\/www.museu0.pt\/#organization"},"potentialAction":[{"@type":"SearchAction","target":{"@type":"EntryPoint","urlTemplate":"https:\/\/www.museu0.pt\/?s={search_term_string}"},"query-input":"required name=search_term_string"}],"inLanguage":"es"},{"@type":"Organization","@id":"https:\/\/www.museu0.pt\/#organization","name":"Museu0","url":"https:\/\/www.museu0.pt\/","logo":{"@type":"ImageObject","inLanguage":"es","@id":"https:\/\/www.museu0.pt\/#\/schema\/logo\/image\/","url":"https:\/\/www.museu0.pt\/wp-content\/uploads\/2023\/11\/museu0_logo_big.png","contentUrl":"https:\/\/www.museu0.pt\/wp-content\/uploads\/2023\/11\/museu0_logo_big.png","width":1100,"height":1100,"caption":"Museu0"},"image":{"@id":"https:\/\/www.museu0.pt\/#\/schema\/logo\/image\/"}}]}},"_links":{"self":[{"href":"https:\/\/www.museu0.pt\/es\/wp-json\/wp\/v2\/evento\/5350"}],"collection":[{"href":"https:\/\/www.museu0.pt\/es\/wp-json\/wp\/v2\/evento"}],"about":[{"href":"https:\/\/www.museu0.pt\/es\/wp-json\/wp\/v2\/types\/evento"}],"author":[{"embeddable":true,"href":"https:\/\/www.museu0.pt\/es\/wp-json\/wp\/v2\/users\/3"}],"version-history":[{"count":2,"href":"https:\/\/www.museu0.pt\/es\/wp-json\/wp\/v2\/evento\/5350\/revisions"}],"predecessor-version":[{"id":5353,"href":"https:\/\/www.museu0.pt\/es\/wp-json\/wp\/v2\/evento\/5350\/revisions\/5353"}],"wp:featuredmedia":[{"embeddable":true,"href":"https:\/\/www.museu0.pt\/es\/wp-json\/wp\/v2\/media\/5352"}],"wp:attachment":[{"href":"https:\/\/www.museu0.pt\/es\/wp-json\/wp\/v2\/media?parent=5350"}],"wp:term":[{"taxonomy":"category","embeddable":true,"href":"https:\/\/www.museu0.pt\/es\/wp-json\/wp\/v2\/categories?post=5350"}],"curies":[{"name":"wp","href":"https:\/\/api.w.org\/{rel}","templated":true}]}}

<p>Por segundo año consecutivo, el Museo Zer0 expuso en el Centro de Artes e Ofícios de S. Brás de Alportel, del 3 de julio al 30 de septiembre de 2020.</p>



<p><strong>Repúblicas mínimas de Rubén Martín de Lucas:</strong></p>



<p>Por primera vez en el sur de Portugal, el Museo Zer0 presentó fotografías digitales del joven y prometedor artista español, dentro del ciclo "El mapa y el territorio", que nos hicieron reflexionar sobre el concepto de territorios, pueblos, fronteras, precariedad y el sentido de su existencia.</p>



<p><strong>—</strong></p>



<p><strong>Boris Chimp 504:</strong></p>



<p>El Museo Zer0 presentó las instalaciones interactivas del artista algarvío Miguel Neto, dentro del proyecto Boris Chimp 504 (que comparte con Rodrigo Carvalho), que nos llevaron a viajar por el espacio y los territorios de la vida cotidiana.</p>

<p>Exposiciones - Repúblicas Mínimas de Rubén Martín de Lucas y Boris Chimp 504 del artista algarvío Miguel Neto</p>

<!-- This site is optimized with the Yoast SEO Premium plugin v20.5 (Yoast SEO v20.9) - https://yoast.com/wordpress/plugins/seo/ -->
<title>Museu Zer0 - Descubra a Arte Digital</title>
<meta name="description" content="Museu Zer0 - Centro de Arte Digital. Programando iniciativas, apresentando, divulgando, e apoiando a criação artística digital." />
<meta name="robots" content="index, follow, max-snippet:-1, max-image-preview:large, max-video-preview:-1" />
<link rel="canonical" href="https://www.museu0.pt/es/ciclo-o-mapa-e-o-territorio/" />
<meta property="og:locale" content="es_ES" />
<meta property="og:type" content="article" />
<meta property="og:title" content="Ciclo ‘‘O mapa e o território’’" />
<meta property="og:description" content="Museu Zer0 - Centro de Arte Digital. Programando iniciativas, apresentando, divulgando, e apoiando a criação artística digital." />
<meta property="og:url" content="https://www.museu0.pt/es/ciclo-o-mapa-e-o-territorio/" />
<meta property="og:site_name" content="Museu0" />
<meta property="article:modified_time" content="2024-01-11T19:36:10+00:00" />
<meta property="og:image" content="https://www.museu0.pt/wp-content/uploads/2024/01/mapa_territorio.jpg" />
	<meta property="og:image:width" content="1200" />
	<meta property="og:image:height" content="560" />
	<meta property="og:image:type" content="image/jpeg" />
<meta name="twitter:card" content="summary_large_image" />
<meta name="twitter:label1" content="Est. reading time" />
	<meta name="twitter:data1" content="1 minuto" />
<script type="application/ld+json" class="yoast-schema-graph">{"@context":"https://schema.org","@graph":[{"@type":"WebPage","@id":"https://www.museu0.pt/ciclo-o-mapa-e-o-territorio/","url":"https://www.museu0.pt/ciclo-o-mapa-e-o-territorio/","name":"Museu Zer0 - Descubra a Arte Digital","isPartOf":{"@id":"https://www.museu0.pt/#website"},"datePublished":"2020-03-15T19:30:00+00:00","dateModified":"2024-01-11T19:36:10+00:00","description":"Museu Zer0 - Centro de Arte Digital. Programando iniciativas, apresentando, divulgando, e apoiando a criação artística digital.","breadcrumb":{"@id":"https://www.museu0.pt/ciclo-o-mapa-e-o-territorio/#breadcrumb"},"inLanguage":"es","potentialAction":[{"@type":"ReadAction","target":["https://www.museu0.pt/ciclo-o-mapa-e-o-territorio/"]}]},{"@type":"BreadcrumbList","@id":"https://www.museu0.pt/ciclo-o-mapa-e-o-territorio/#breadcrumb","itemListElement":[{"@type":"ListItem","position":1,"name":"Home","item":"https://www.museu0.pt/pt/"},{"@type":"ListItem","position":2,"name":"Eventos","item":"https://www.museu0.pt/?post_type=evento"},{"@type":"ListItem","position":3,"name":"Ciclo ‘‘O mapa e o território’’"}]},{"@type":"WebSite","@id":"https://www.museu0.pt/#website","url":"https://www.museu0.pt/","name":"Museu0","description":"Centro de Arte Digital","publisher":{"@id":"https://www.museu0.pt/#organization"},"potentialAction":[{"@type":"SearchAction","target":{"@type":"EntryPoint","urlTemplate":"https://www.museu0.pt/?s={search_term_string}"},"query-input":"required name=search_term_string"}],"inLanguage":"es"},{"@type":"Organization","@id":"https://www.museu0.pt/#organization","name":"Museu0","url":"https://www.museu0.pt/","logo":{"@type":"ImageObject","inLanguage":"es","@id":"https://www.museu0.pt/#/schema/logo/image/","url":"https://www.museu0.pt/wp-content/uploads/2023/11/museu0_logo_big.png","contentUrl":"https://www.museu0.pt/wp-content/uploads/2023/11/museu0_logo_big.png","width":1100,"height":1100,"caption":"Museu0"},"image":{"@id":"https://www.museu0.pt/#/schema/logo/image/"}}]}</script>
<!-- / Yoast SEO Premium plugin. -->

Museu Zer0 - Centro de Arte Digital. Programando iniciativas, apresentando, divulgando, e apoiando a criação artística digital.

Ciclo ‘‘O mapa e o território’’
