{"id":5995,"date":"2025-09-18T17:01:14","date_gmt":"2025-09-18T17:01:14","guid":{"rendered":"https:\/\/www.museu0.pt\/?post_type=evento&#038;p=5995"},"modified":"2025-10-28T06:24:49","modified_gmt":"2025-10-28T06:24:49","slug":"sonoscopia-em-residencia-artisitca","status":"publish","type":"evento","link":"https:\/\/www.museu0.pt\/es\/evento\/sonoscopia-em-residencia-artisitca\/","title":{"rendered":"Sonoscopia en residencia art\u00edstica"},"content":{"rendered":"<p>Sonoscopia es una asociaci\u00f3n para la creaci\u00f3n, producci\u00f3n y promoci\u00f3n de proyectos art\u00edsticos y educativos, centrados en la m\u00fasica experimental, la investigaci\u00f3n sonora y sus intersecciones transdisciplinares.<\/p>\n\n\n\n<p>Desde su creaci\u00f3n en 2011, ha producido m\u00e1s de 700 eventos, creaciones art\u00edsticas, actividades educativas y publicaciones. Ha estado presente en una veintena de pa\u00edses europeos, as\u00ed como en lugares tan distantes como Estados Unidos, L\u00edbano, Jap\u00f3n, T\u00fanez, Emiratos \u00c1rabes Unidos, Chile, Uruguay o el Kurdist\u00e1n iraqu\u00ed. Entre sus creaciones destacan los proyectos Phonambient, INsono, Phobos - Dysfunctional Robotic Orchestra, Phonopticon y Magnetic Machine.<\/p>\n\n\n\n<p>En Portugal, Sonoscopia colabora con organizaciones como la F\u00e1brica das Artes\/CCB, el Teatro Nacional de S\u00e3o Jo\u00e3o, la Fundaci\u00f3n Serralves, Cine-Teatro Louletano, GNRation y Teatro de Ferro. Tambi\u00e9n cuenta con un espacio situado en Oporto, con peque\u00f1os estudios equipados y preparados para la concepci\u00f3n y producci\u00f3n de trabajos creativos y cient\u00edficos, residencias y presentaciones informales, habiendo acogido a cientos de artistas de todo el mundo. Sonoscopia cuenta con el apoyo de la Rep\u00fablica Portuguesa - Cultura \/ Direcci\u00f3n General de las Artes.<\/p>","protected":false},"excerpt":{"rendered":"<p>Oficina Viva: Artistas en residencia<\/p>","protected":false},"author":3,"featured_media":5949,"menu_order":0,"template":"","meta":[],"categories":[17],"yoast_head":"<!-- This site is optimized with the Yoast SEO Premium plugin v20.5 (Yoast SEO v20.9) - https:\/\/yoast.com\/wordpress\/plugins\/seo\/ -->\n<title>Museu Zer0 - Descubra a Arte Digital<\/title>\n<meta name=\"description\" content=\"Museu Zer0 - Centro de Arte Digital. Programando iniciativas, apresentando, divulgando, e apoiando a cria\u00e7\u00e3o art\u00edstica digital.\" \/>\n<meta name=\"robots\" content=\"index, follow, max-snippet:-1, max-image-preview:large, max-video-preview:-1\" \/>\n<link rel=\"canonical\" href=\"https:\/\/www.museu0.pt\/es\/evento\/sonoscopia-em-residencia-artisitca\/\" \/>\n<meta property=\"og:locale\" content=\"es_ES\" \/>\n<meta property=\"og:type\" content=\"article\" \/>\n<meta property=\"og:title\" content=\"Sonoscopia em Resid\u00eancia Art\u00edsitca\" \/>\n<meta property=\"og:description\" content=\"Museu Zer0 - Centro de Arte Digital. Programando iniciativas, apresentando, divulgando, e apoiando a cria\u00e7\u00e3o art\u00edstica digital.\" \/>\n<meta property=\"og:url\" content=\"https:\/\/www.museu0.pt\/es\/evento\/sonoscopia-em-residencia-artisitca\/\" \/>\n<meta property=\"og:site_name\" content=\"Museu0\" \/>\n<meta property=\"article:modified_time\" content=\"2025-10-28T06:24:49+00:00\" \/>\n<meta property=\"og:image\" content=\"https:\/\/www.museu0.pt\/wp-content\/uploads\/2025\/09\/Sonoscopia.webp\" \/>\n\t<meta property=\"og:image:width\" content=\"528\" \/>\n\t<meta property=\"og:image:height\" content=\"400\" \/>\n\t<meta property=\"og:image:type\" content=\"image\/webp\" \/>\n<meta name=\"twitter:card\" content=\"summary_large_image\" \/>\n<meta name=\"twitter:label1\" content=\"Est. reading time\" \/>\n\t<meta name=\"twitter:data1\" content=\"1 minuto\" \/>\n<script type=\"application\/ld+json\" class=\"yoast-schema-graph\">{\"@context\":\"https:\/\/schema.org\",\"@graph\":[{\"@type\":\"WebPage\",\"@id\":\"https:\/\/www.museu0.pt\/evento\/sonoscopia-em-residencia-artisitca\/\",\"url\":\"https:\/\/www.museu0.pt\/evento\/sonoscopia-em-residencia-artisitca\/\",\"name\":\"Museu Zer0 - Descubra a Arte Digital\",\"isPartOf\":{\"@id\":\"https:\/\/www.museu0.pt\/#website\"},\"datePublished\":\"2025-09-18T17:01:14+00:00\",\"dateModified\":\"2025-10-28T06:24:49+00:00\",\"description\":\"Museu Zer0 - Centro de Arte Digital. Programando iniciativas, apresentando, divulgando, e apoiando a cria\u00e7\u00e3o art\u00edstica digital.\",\"breadcrumb\":{\"@id\":\"https:\/\/www.museu0.pt\/evento\/sonoscopia-em-residencia-artisitca\/#breadcrumb\"},\"inLanguage\":\"es\",\"potentialAction\":[{\"@type\":\"ReadAction\",\"target\":[\"https:\/\/www.museu0.pt\/evento\/sonoscopia-em-residencia-artisitca\/\"]}]},{\"@type\":\"BreadcrumbList\",\"@id\":\"https:\/\/www.museu0.pt\/evento\/sonoscopia-em-residencia-artisitca\/#breadcrumb\",\"itemListElement\":[{\"@type\":\"ListItem\",\"position\":1,\"name\":\"Home\",\"item\":\"https:\/\/www.museu0.pt\/pt\/\"},{\"@type\":\"ListItem\",\"position\":2,\"name\":\"Eventos\",\"item\":\"https:\/\/www.museu0.pt\/?post_type=evento\"},{\"@type\":\"ListItem\",\"position\":3,\"name\":\"Sonoscopia em Resid\u00eancia Art\u00edsitca\"}]},{\"@type\":\"WebSite\",\"@id\":\"https:\/\/www.museu0.pt\/#website\",\"url\":\"https:\/\/www.museu0.pt\/\",\"name\":\"Museu0\",\"description\":\"Centro de Arte Digital\",\"publisher\":{\"@id\":\"https:\/\/www.museu0.pt\/#organization\"},\"potentialAction\":[{\"@type\":\"SearchAction\",\"target\":{\"@type\":\"EntryPoint\",\"urlTemplate\":\"https:\/\/www.museu0.pt\/?s={search_term_string}\"},\"query-input\":\"required name=search_term_string\"}],\"inLanguage\":\"es\"},{\"@type\":\"Organization\",\"@id\":\"https:\/\/www.museu0.pt\/#organization\",\"name\":\"Museu0\",\"url\":\"https:\/\/www.museu0.pt\/\",\"logo\":{\"@type\":\"ImageObject\",\"inLanguage\":\"es\",\"@id\":\"https:\/\/www.museu0.pt\/#\/schema\/logo\/image\/\",\"url\":\"https:\/\/www.museu0.pt\/wp-content\/uploads\/2023\/11\/museu0_logo_big.png\",\"contentUrl\":\"https:\/\/www.museu0.pt\/wp-content\/uploads\/2023\/11\/museu0_logo_big.png\",\"width\":1100,\"height\":1100,\"caption\":\"Museu0\"},\"image\":{\"@id\":\"https:\/\/www.museu0.pt\/#\/schema\/logo\/image\/\"}}]}<\/script>\n<!-- \/ Yoast SEO Premium plugin. -->","yoast_head_json":{"title":"Museu Zer0 - Descubra a Arte Digital","description":"Museu Zer0 - Centro de Arte Digital. Programando iniciativas, apresentando, divulgando, e apoiando a cria\u00e7\u00e3o art\u00edstica digital.","robots":{"index":"index","follow":"follow","max-snippet":"max-snippet:-1","max-image-preview":"max-image-preview:large","max-video-preview":"max-video-preview:-1"},"canonical":"https:\/\/www.museu0.pt\/es\/evento\/sonoscopia-em-residencia-artisitca\/","og_locale":"es_ES","og_type":"article","og_title":"Sonoscopia em Resid\u00eancia Art\u00edsitca","og_description":"Museu Zer0 - Centro de Arte Digital. Programando iniciativas, apresentando, divulgando, e apoiando a cria\u00e7\u00e3o art\u00edstica digital.","og_url":"https:\/\/www.museu0.pt\/es\/evento\/sonoscopia-em-residencia-artisitca\/","og_site_name":"Museu0","article_modified_time":"2025-10-28T06:24:49+00:00","og_image":[{"width":528,"height":400,"url":"https:\/\/www.museu0.pt\/wp-content\/uploads\/2025\/09\/Sonoscopia.webp","type":"image\/webp"}],"twitter_card":"summary_large_image","twitter_misc":{"Est. reading time":"1 minuto"},"schema":{"@context":"https:\/\/schema.org","@graph":[{"@type":"WebPage","@id":"https:\/\/www.museu0.pt\/evento\/sonoscopia-em-residencia-artisitca\/","url":"https:\/\/www.museu0.pt\/evento\/sonoscopia-em-residencia-artisitca\/","name":"Museu Zer0 - Descubra a Arte Digital","isPartOf":{"@id":"https:\/\/www.museu0.pt\/#website"},"datePublished":"2025-09-18T17:01:14+00:00","dateModified":"2025-10-28T06:24:49+00:00","description":"Museu Zer0 - Centro de Arte Digital. Programando iniciativas, apresentando, divulgando, e apoiando a cria\u00e7\u00e3o art\u00edstica digital.","breadcrumb":{"@id":"https:\/\/www.museu0.pt\/evento\/sonoscopia-em-residencia-artisitca\/#breadcrumb"},"inLanguage":"es","potentialAction":[{"@type":"ReadAction","target":["https:\/\/www.museu0.pt\/evento\/sonoscopia-em-residencia-artisitca\/"]}]},{"@type":"BreadcrumbList","@id":"https:\/\/www.museu0.pt\/evento\/sonoscopia-em-residencia-artisitca\/#breadcrumb","itemListElement":[{"@type":"ListItem","position":1,"name":"Home","item":"https:\/\/www.museu0.pt\/pt\/"},{"@type":"ListItem","position":2,"name":"Eventos","item":"https:\/\/www.museu0.pt\/?post_type=evento"},{"@type":"ListItem","position":3,"name":"Sonoscopia em Resid\u00eancia Art\u00edsitca"}]},{"@type":"WebSite","@id":"https:\/\/www.museu0.pt\/#website","url":"https:\/\/www.museu0.pt\/","name":"Museu0","description":"Centro de Arte Digital","publisher":{"@id":"https:\/\/www.museu0.pt\/#organization"},"potentialAction":[{"@type":"SearchAction","target":{"@type":"EntryPoint","urlTemplate":"https:\/\/www.museu0.pt\/?s={search_term_string}"},"query-input":"required name=search_term_string"}],"inLanguage":"es"},{"@type":"Organization","@id":"https:\/\/www.museu0.pt\/#organization","name":"Museu0","url":"https:\/\/www.museu0.pt\/","logo":{"@type":"ImageObject","inLanguage":"es","@id":"https:\/\/www.museu0.pt\/#\/schema\/logo\/image\/","url":"https:\/\/www.museu0.pt\/wp-content\/uploads\/2023\/11\/museu0_logo_big.png","contentUrl":"https:\/\/www.museu0.pt\/wp-content\/uploads\/2023\/11\/museu0_logo_big.png","width":1100,"height":1100,"caption":"Museu0"},"image":{"@id":"https:\/\/www.museu0.pt\/#\/schema\/logo\/image\/"}}]}},"_links":{"self":[{"href":"https:\/\/www.museu0.pt\/es\/wp-json\/wp\/v2\/evento\/5995"}],"collection":[{"href":"https:\/\/www.museu0.pt\/es\/wp-json\/wp\/v2\/evento"}],"about":[{"href":"https:\/\/www.museu0.pt\/es\/wp-json\/wp\/v2\/types\/evento"}],"author":[{"embeddable":true,"href":"https:\/\/www.museu0.pt\/es\/wp-json\/wp\/v2\/users\/3"}],"version-history":[{"count":3,"href":"https:\/\/www.museu0.pt\/es\/wp-json\/wp\/v2\/evento\/5995\/revisions"}],"predecessor-version":[{"id":5998,"href":"https:\/\/www.museu0.pt\/es\/wp-json\/wp\/v2\/evento\/5995\/revisions\/5998"}],"wp:featuredmedia":[{"embeddable":true,"href":"https:\/\/www.museu0.pt\/es\/wp-json\/wp\/v2\/media\/5949"}],"wp:attachment":[{"href":"https:\/\/www.museu0.pt\/es\/wp-json\/wp\/v2\/media?parent=5995"}],"wp:term":[{"taxonomy":"category","embeddable":true,"href":"https:\/\/www.museu0.pt\/es\/wp-json\/wp\/v2\/categories?post=5995"}],"curies":[{"name":"wp","href":"https:\/\/api.w.org\/{rel}","templated":true}]}}

Sonoscopia en residencia artística

<p>Sonoscopia es una asociación para la creación, producción y promoción de proyectos artísticos y educativos, centrados en la música experimental, la investigación sonora y sus intersecciones transdisciplinares.</p>



<p>Desde su creación en 2011, ha producido más de 700 eventos, creaciones artísticas, actividades educativas y publicaciones. Ha estado presente en una veintena de países europeos, así como en lugares tan distantes como Estados Unidos, Líbano, Japón, Túnez, Emiratos Árabes Unidos, Chile, Uruguay o el Kurdistán iraquí. Entre sus creaciones destacan los proyectos Phonambient, INsono, Phobos - Dysfunctional Robotic Orchestra, Phonopticon y Magnetic Machine.</p>



<p>En Portugal, Sonoscopia colabora con organizaciones como la Fábrica das Artes/CCB, el Teatro Nacional de São João, la Fundación Serralves, Cine-Teatro Louletano, GNRation y Teatro de Ferro. También cuenta con un espacio situado en Oporto, con pequeños estudios equipados y preparados para la concepción y producción de trabajos creativos y científicos, residencias y presentaciones informales, habiendo acogido a cientos de artistas de todo el mundo. Sonoscopia cuenta con el apoyo de la República Portuguesa - Cultura / Dirección General de las Artes.</p>

<!-- This site is optimized with the Yoast SEO Premium plugin v20.5 (Yoast SEO v20.9) - https://yoast.com/wordpress/plugins/seo/ -->
<title>Museu Zer0 - Descubra a Arte Digital</title>
<meta name="description" content="Museu Zer0 - Centro de Arte Digital. Programando iniciativas, apresentando, divulgando, e apoiando a criação artística digital." />
<meta name="robots" content="index, follow, max-snippet:-1, max-image-preview:large, max-video-preview:-1" />
<link rel="canonical" href="https://www.museu0.pt/es/evento/sonoscopia-em-residencia-artisitca/" />
<meta property="og:locale" content="es_ES" />
<meta property="og:type" content="article" />
<meta property="og:title" content="Sonoscopia em Residência Artísitca" />
<meta property="og:description" content="Museu Zer0 - Centro de Arte Digital. Programando iniciativas, apresentando, divulgando, e apoiando a criação artística digital." />
<meta property="og:url" content="https://www.museu0.pt/es/evento/sonoscopia-em-residencia-artisitca/" />
<meta property="og:site_name" content="Museu0" />
<meta property="article:modified_time" content="2025-10-28T06:24:49+00:00" />
<meta property="og:image" content="https://www.museu0.pt/wp-content/uploads/2025/09/Sonoscopia.webp" />
	<meta property="og:image:width" content="528" />
	<meta property="og:image:height" content="400" />
	<meta property="og:image:type" content="image/webp" />
<meta name="twitter:card" content="summary_large_image" />
<meta name="twitter:label1" content="Est. reading time" />
	<meta name="twitter:data1" content="1 minuto" />
<script type="application/ld+json" class="yoast-schema-graph">{"@context":"https://schema.org","@graph":[{"@type":"WebPage","@id":"https://www.museu0.pt/evento/sonoscopia-em-residencia-artisitca/","url":"https://www.museu0.pt/evento/sonoscopia-em-residencia-artisitca/","name":"Museu Zer0 - Descubra a Arte Digital","isPartOf":{"@id":"https://www.museu0.pt/#website"},"datePublished":"2025-09-18T17:01:14+00:00","dateModified":"2025-10-28T06:24:49+00:00","description":"Museu Zer0 - Centro de Arte Digital. Programando iniciativas, apresentando, divulgando, e apoiando a criação artística digital.","breadcrumb":{"@id":"https://www.museu0.pt/evento/sonoscopia-em-residencia-artisitca/#breadcrumb"},"inLanguage":"es","potentialAction":[{"@type":"ReadAction","target":["https://www.museu0.pt/evento/sonoscopia-em-residencia-artisitca/"]}]},{"@type":"BreadcrumbList","@id":"https://www.museu0.pt/evento/sonoscopia-em-residencia-artisitca/#breadcrumb","itemListElement":[{"@type":"ListItem","position":1,"name":"Home","item":"https://www.museu0.pt/pt/"},{"@type":"ListItem","position":2,"name":"Eventos","item":"https://www.museu0.pt/?post_type=evento"},{"@type":"ListItem","position":3,"name":"Sonoscopia em Residência Artísitca"}]},{"@type":"WebSite","@id":"https://www.museu0.pt/#website","url":"https://www.museu0.pt/","name":"Museu0","description":"Centro de Arte Digital","publisher":{"@id":"https://www.museu0.pt/#organization"},"potentialAction":[{"@type":"SearchAction","target":{"@type":"EntryPoint","urlTemplate":"https://www.museu0.pt/?s={search_term_string}"},"query-input":"required name=search_term_string"}],"inLanguage":"es"},{"@type":"Organization","@id":"https://www.museu0.pt/#organization","name":"Museu0","url":"https://www.museu0.pt/","logo":{"@type":"ImageObject","inLanguage":"es","@id":"https://www.museu0.pt/#/schema/logo/image/","url":"https://www.museu0.pt/wp-content/uploads/2023/11/museu0_logo_big.png","contentUrl":"https://www.museu0.pt/wp-content/uploads/2023/11/museu0_logo_big.png","width":1100,"height":1100,"caption":"Museu0"},"image":{"@id":"https://www.museu0.pt/#/schema/logo/image/"}}]}</script>
<!-- / Yoast SEO Premium plugin. -->

Museu Zer0 - Centro de Arte Digital. Programando iniciativas, apresentando, divulgando, e apoiando a criação artística digital.

Sonoscopia em Residência Artísitca
