{"id":6065,"date":"2025-10-27T10:30:06","date_gmt":"2025-10-27T10:30:06","guid":{"rendered":"https:\/\/www.museu0.pt\/?post_type=evento&#038;p=6065"},"modified":"2025-12-12T12:36:16","modified_gmt":"2025-12-12T12:36:16","slug":"concerto-paisagens-eletr0nicas-2025-8-novembro","status":"publish","type":"evento","link":"https:\/\/www.museu0.pt\/es\/evento\/concerto-paisagens-eletr0nicas-2025-8-novembro\/","title":{"rendered":"Concierto Paisagens Eletr0nicas"},"content":{"rendered":"<p>La obra que presentamos - MAGNIFICATIO ALGERVENSIS - se inspira justamente en el Geoparque Algarvensis, a trav\u00e9s de sus m\u00faltiples facetas: aspectos geol\u00f3gicos \u00fanicos, pero tambi\u00e9n paisajes, fauna y flora.<\/p>\n\n\n\n<p>Consiste en una actuaci\u00f3n transdisciplinar en la que la m\u00fasica instrumental y los visuales generativos se comunican a trav\u00e9s de la mediaci\u00f3n de tecnolog\u00edas digitales. En el aspecto sonoro, un componente computacional a\u00f1ade caracter\u00edsticas al potencial electroac\u00fastico tradicional, adem\u00e1s de tomar parte importante en el di\u00e1logo musical mediante el uso de algoritmos de Aprendizaje Autom\u00e1tico Interactivo, haciendo posible que la respuesta musical del componente computacional evolucione en tiempo real.<\/p>\n\n\n\n<p>En la parte visual, hay un sistema generativo que se controla en tiempo real, como si fuera un instrumento, y en el que las texturas -basadas en un levantamiento fotogr\u00e1fico del Geoparque Algarvensis y su posterior manipulaci\u00f3n digital- se transforman para acompa\u00f1ar la interpretaci\u00f3n musical. De este modo, la convergencia de estos tres vectores -interpretaci\u00f3n musical, aumento digital y arte generativo receptivo- se utiliza para llevar al p\u00fablico a un magn\u00edfico viaje sensorial.<\/p>\n\n\n\n<p><\/p>\n\n\n\n<p><strong>\u2014<\/strong><\/p>\n\n\n\n<p><strong>MIEMBROS<\/strong><\/p>\n\n\n\n<p><strong>RUI TRAVASSO<\/strong><\/p>\n\n\n\n<p>Rui Travasso es Doctor en Digital Media Arts (UAb\/UAlg) y Profesor Asistente Visitante en el Instituto Polit\u00e9cnico de Beja. Su investigaci\u00f3n abarca las artes esc\u00e9nicas, la comunicaci\u00f3n multimedia y la tecnolog\u00eda interactiva, con especial atenci\u00f3n a la expansi\u00f3n instrumental y las ecolog\u00edas de la performance mediadas por algoritmos, as\u00ed como a la pedagog\u00eda relacionada con la producci\u00f3n audiovisual y de medios. Ha participado en proyectos financiados por la DGArtes y la Fundaci\u00f3n GDA, integrando producci\u00f3n art\u00edstica e investigaci\u00f3n aplicada. Su pr\u00e1ctica art\u00edstica incluye una d\u00e9cada como jefe de clarinete en la Orquesta del Algarve, performances interactivas, sistemas audiovisuales, experimentaci\u00f3n sonora con \u00e9nfasis en la inclusi\u00f3n y la mediaci\u00f3n cultural, y ha publicado m\u00e1s de un centenar de temas.<\/p>\n\n\n\n<p><\/p>\n\n\n\n<p><strong>ANDR\u00c9 CONDE<\/strong><\/p>\n\n\n\n<p>Doctor por la Universidad de \u00c9vora (UE) en M\u00fasica y Musicolog\u00eda, Andr\u00e9 Conde inici\u00f3 sus estudios musicales en la Academia de M\u00fasica Eborense y los continu\u00f3 en la Escola de M\u00fasica do Conservat\u00f3rio Nacional de Lisboa. Fue miembro de orquestas juveniles internacionales como la Orquesta Juvenil del Mediterr\u00e1neo y la Joven Orquesta Gustav Mahler. Tras finalizar sus estudios en la Academia Nacional Superior de Orquesta, fue admitido en la Universidad de las Artes de Zurich (ZHDK) en el programa de Master en Interpretaci\u00f3n Orquestal, con una beca de la Fundaci\u00f3n Calouste Gulbenkian. Fue becaria en la \u00d3pera de Z\u00farich, donde m\u00e1s tarde trabaj\u00f3 como asistente del 1er tromb\u00f3n. Est\u00e1 terminando su segundo m\u00e1ster, esta vez en Interpretaci\u00f3n Especializada - Solista, en la ZHDK. Tambi\u00e9n tiene formaci\u00f3n en m\u00fasica antigua y contempor\u00e1nea. Ha asistido a clases magistrales con algunos de los trombonistas m\u00e1s prestigiosos del mundo y es miembro invitado de orquestas nacionales e internacionales: Z\u00fcrich Opernhaus; Malaysian Philharmonic Orchestra; Tonhalle Orchester Z\u00fcrich; Gullbenkian Orchestra; Orquestra Sinf\u00f3nica do Porto; entre otras. Adem\u00e1s de su participaci\u00f3n en orquestas, tambi\u00e9n act\u00faa regularmente como solista, interpretando repertorio de M\u00fasica Antigua y Rom\u00e1ntica, as\u00ed como repertorio vinculado a la interpretaci\u00f3n y composici\u00f3n de repertorio en los campos de la M\u00fasica Contempor\u00e1nea y el Arte Digital. Imparte clases en la UE.<\/p>\n\n\n\n<p><\/p>\n\n\n\n<p><strong>PEDRO ALVES DA VEIGA<\/strong><\/p>\n\n\n\n<p>Pedro Alves da Veiga es artista e investigador, doctorado en Digital Media Art por la Universidad del Algarve y la Universidade Aberta. Es profesor adjunto en la Universidade Aberta, donde es subdirector del doctorado en Digital Media Art. Ha sido emprendedor durante m\u00e1s de dos d\u00e9cadas y ha desarrollado proyectos multimedia y de dise\u00f1o web que han sido galardonados. Es miembro integrado del Centro de Investigaci\u00f3n en Artes y Comunicaci\u00f3n y colaborador del Instituto ID+ de Investigaci\u00f3n en Dise\u00f1o, Medios y Cultura. Ha grabado dos discos para el sello Polygram y una de sus canciones forma parte de la banda sonora de la pel\u00edcula \"Varia\u00e7\u00f5es\". Ha expuesto sus obras de arte generativo, individual y colectivamente, en Portugal, Brasil, Espa\u00f1a, Francia, Italia, Holanda, Ruman\u00eda, Rusia, China, Corea del Sur, Tailandia y Estados Unidos.<\/p>","protected":false},"excerpt":{"rendered":"<p>El Museo Zer0 presenta el ciclo Paisagens Eletr0nicas, edici\u00f3n 2025.<\/p>","protected":false},"author":3,"featured_media":6043,"menu_order":0,"template":"","meta":[],"categories":[17],"yoast_head":"<!-- This site is optimized with the Yoast SEO Premium plugin v20.5 (Yoast SEO v20.9) - https:\/\/yoast.com\/wordpress\/plugins\/seo\/ -->\n<title>Museu Zer0 - Descubra a Arte Digital<\/title>\n<meta name=\"description\" content=\"Museu Zer0 - Centro de Arte Digital. Programando iniciativas, apresentando, divulgando, e apoiando a cria\u00e7\u00e3o art\u00edstica digital.\" \/>\n<meta name=\"robots\" content=\"index, follow, max-snippet:-1, max-image-preview:large, max-video-preview:-1\" \/>\n<link rel=\"canonical\" href=\"https:\/\/www.museu0.pt\/es\/evento\/concerto-paisagens-eletr0nicas-2025-8-novembro\/\" \/>\n<meta property=\"og:locale\" content=\"es_ES\" \/>\n<meta property=\"og:type\" content=\"article\" \/>\n<meta property=\"og:title\" content=\"Concerto Paisagens Eletr0nicas\" \/>\n<meta property=\"og:description\" content=\"Museu Zer0 - Centro de Arte Digital. Programando iniciativas, apresentando, divulgando, e apoiando a cria\u00e7\u00e3o art\u00edstica digital.\" \/>\n<meta property=\"og:url\" content=\"https:\/\/www.museu0.pt\/es\/evento\/concerto-paisagens-eletr0nicas-2025-8-novembro\/\" \/>\n<meta property=\"og:site_name\" content=\"Museu0\" \/>\n<meta property=\"article:modified_time\" content=\"2025-12-12T12:36:16+00:00\" \/>\n<meta property=\"og:image\" content=\"https:\/\/www.museu0.pt\/wp-content\/uploads\/2025\/10\/Museu-Zer0_Website-Image-Equinocios.png\" \/>\n\t<meta property=\"og:image:width\" content=\"528\" \/>\n\t<meta property=\"og:image:height\" content=\"400\" \/>\n\t<meta property=\"og:image:type\" content=\"image\/png\" \/>\n<meta name=\"twitter:card\" content=\"summary_large_image\" \/>\n<meta name=\"twitter:label1\" content=\"Est. reading time\" \/>\n\t<meta name=\"twitter:data1\" content=\"4 minutos\" \/>\n<script type=\"application\/ld+json\" class=\"yoast-schema-graph\">{\"@context\":\"https:\/\/schema.org\",\"@graph\":[{\"@type\":\"WebPage\",\"@id\":\"https:\/\/www.museu0.pt\/evento\/concerto-paisagens-eletr0nicas-2025-8-novembro\/\",\"url\":\"https:\/\/www.museu0.pt\/evento\/concerto-paisagens-eletr0nicas-2025-8-novembro\/\",\"name\":\"Museu Zer0 - Descubra a Arte Digital\",\"isPartOf\":{\"@id\":\"https:\/\/www.museu0.pt\/#website\"},\"datePublished\":\"2025-10-27T10:30:06+00:00\",\"dateModified\":\"2025-12-12T12:36:16+00:00\",\"description\":\"Museu Zer0 - Centro de Arte Digital. Programando iniciativas, apresentando, divulgando, e apoiando a cria\u00e7\u00e3o art\u00edstica digital.\",\"breadcrumb\":{\"@id\":\"https:\/\/www.museu0.pt\/evento\/concerto-paisagens-eletr0nicas-2025-8-novembro\/#breadcrumb\"},\"inLanguage\":\"es\",\"potentialAction\":[{\"@type\":\"ReadAction\",\"target\":[\"https:\/\/www.museu0.pt\/evento\/concerto-paisagens-eletr0nicas-2025-8-novembro\/\"]}]},{\"@type\":\"BreadcrumbList\",\"@id\":\"https:\/\/www.museu0.pt\/evento\/concerto-paisagens-eletr0nicas-2025-8-novembro\/#breadcrumb\",\"itemListElement\":[{\"@type\":\"ListItem\",\"position\":1,\"name\":\"Home\",\"item\":\"https:\/\/www.museu0.pt\/pt\/\"},{\"@type\":\"ListItem\",\"position\":2,\"name\":\"Eventos\",\"item\":\"https:\/\/www.museu0.pt\/?post_type=evento\"},{\"@type\":\"ListItem\",\"position\":3,\"name\":\"Concerto Paisagens Eletr0nicas\"}]},{\"@type\":\"WebSite\",\"@id\":\"https:\/\/www.museu0.pt\/#website\",\"url\":\"https:\/\/www.museu0.pt\/\",\"name\":\"Museu0\",\"description\":\"Centro de Arte Digital\",\"publisher\":{\"@id\":\"https:\/\/www.museu0.pt\/#organization\"},\"potentialAction\":[{\"@type\":\"SearchAction\",\"target\":{\"@type\":\"EntryPoint\",\"urlTemplate\":\"https:\/\/www.museu0.pt\/?s={search_term_string}\"},\"query-input\":\"required name=search_term_string\"}],\"inLanguage\":\"es\"},{\"@type\":\"Organization\",\"@id\":\"https:\/\/www.museu0.pt\/#organization\",\"name\":\"Museu0\",\"url\":\"https:\/\/www.museu0.pt\/\",\"logo\":{\"@type\":\"ImageObject\",\"inLanguage\":\"es\",\"@id\":\"https:\/\/www.museu0.pt\/#\/schema\/logo\/image\/\",\"url\":\"https:\/\/www.museu0.pt\/wp-content\/uploads\/2023\/11\/museu0_logo_big.png\",\"contentUrl\":\"https:\/\/www.museu0.pt\/wp-content\/uploads\/2023\/11\/museu0_logo_big.png\",\"width\":1100,\"height\":1100,\"caption\":\"Museu0\"},\"image\":{\"@id\":\"https:\/\/www.museu0.pt\/#\/schema\/logo\/image\/\"}}]}<\/script>\n<!-- \/ Yoast SEO Premium plugin. -->","yoast_head_json":{"title":"Museu Zer0 - Descubra a Arte Digital","description":"Museu Zer0 - Centro de Arte Digital. Programando iniciativas, apresentando, divulgando, e apoiando a cria\u00e7\u00e3o art\u00edstica digital.","robots":{"index":"index","follow":"follow","max-snippet":"max-snippet:-1","max-image-preview":"max-image-preview:large","max-video-preview":"max-video-preview:-1"},"canonical":"https:\/\/www.museu0.pt\/es\/evento\/concerto-paisagens-eletr0nicas-2025-8-novembro\/","og_locale":"es_ES","og_type":"article","og_title":"Concerto Paisagens Eletr0nicas","og_description":"Museu Zer0 - Centro de Arte Digital. Programando iniciativas, apresentando, divulgando, e apoiando a cria\u00e7\u00e3o art\u00edstica digital.","og_url":"https:\/\/www.museu0.pt\/es\/evento\/concerto-paisagens-eletr0nicas-2025-8-novembro\/","og_site_name":"Museu0","article_modified_time":"2025-12-12T12:36:16+00:00","og_image":[{"width":528,"height":400,"url":"https:\/\/www.museu0.pt\/wp-content\/uploads\/2025\/10\/Museu-Zer0_Website-Image-Equinocios.png","type":"image\/png"}],"twitter_card":"summary_large_image","twitter_misc":{"Est. reading time":"4 minutos"},"schema":{"@context":"https:\/\/schema.org","@graph":[{"@type":"WebPage","@id":"https:\/\/www.museu0.pt\/evento\/concerto-paisagens-eletr0nicas-2025-8-novembro\/","url":"https:\/\/www.museu0.pt\/evento\/concerto-paisagens-eletr0nicas-2025-8-novembro\/","name":"Museu Zer0 - Descubra a Arte Digital","isPartOf":{"@id":"https:\/\/www.museu0.pt\/#website"},"datePublished":"2025-10-27T10:30:06+00:00","dateModified":"2025-12-12T12:36:16+00:00","description":"Museu Zer0 - Centro de Arte Digital. Programando iniciativas, apresentando, divulgando, e apoiando a cria\u00e7\u00e3o art\u00edstica digital.","breadcrumb":{"@id":"https:\/\/www.museu0.pt\/evento\/concerto-paisagens-eletr0nicas-2025-8-novembro\/#breadcrumb"},"inLanguage":"es","potentialAction":[{"@type":"ReadAction","target":["https:\/\/www.museu0.pt\/evento\/concerto-paisagens-eletr0nicas-2025-8-novembro\/"]}]},{"@type":"BreadcrumbList","@id":"https:\/\/www.museu0.pt\/evento\/concerto-paisagens-eletr0nicas-2025-8-novembro\/#breadcrumb","itemListElement":[{"@type":"ListItem","position":1,"name":"Home","item":"https:\/\/www.museu0.pt\/pt\/"},{"@type":"ListItem","position":2,"name":"Eventos","item":"https:\/\/www.museu0.pt\/?post_type=evento"},{"@type":"ListItem","position":3,"name":"Concerto Paisagens Eletr0nicas"}]},{"@type":"WebSite","@id":"https:\/\/www.museu0.pt\/#website","url":"https:\/\/www.museu0.pt\/","name":"Museu0","description":"Centro de Arte Digital","publisher":{"@id":"https:\/\/www.museu0.pt\/#organization"},"potentialAction":[{"@type":"SearchAction","target":{"@type":"EntryPoint","urlTemplate":"https:\/\/www.museu0.pt\/?s={search_term_string}"},"query-input":"required name=search_term_string"}],"inLanguage":"es"},{"@type":"Organization","@id":"https:\/\/www.museu0.pt\/#organization","name":"Museu0","url":"https:\/\/www.museu0.pt\/","logo":{"@type":"ImageObject","inLanguage":"es","@id":"https:\/\/www.museu0.pt\/#\/schema\/logo\/image\/","url":"https:\/\/www.museu0.pt\/wp-content\/uploads\/2023\/11\/museu0_logo_big.png","contentUrl":"https:\/\/www.museu0.pt\/wp-content\/uploads\/2023\/11\/museu0_logo_big.png","width":1100,"height":1100,"caption":"Museu0"},"image":{"@id":"https:\/\/www.museu0.pt\/#\/schema\/logo\/image\/"}}]}},"_links":{"self":[{"href":"https:\/\/www.museu0.pt\/es\/wp-json\/wp\/v2\/evento\/6065"}],"collection":[{"href":"https:\/\/www.museu0.pt\/es\/wp-json\/wp\/v2\/evento"}],"about":[{"href":"https:\/\/www.museu0.pt\/es\/wp-json\/wp\/v2\/types\/evento"}],"author":[{"embeddable":true,"href":"https:\/\/www.museu0.pt\/es\/wp-json\/wp\/v2\/users\/3"}],"version-history":[{"count":1,"href":"https:\/\/www.museu0.pt\/es\/wp-json\/wp\/v2\/evento\/6065\/revisions"}],"predecessor-version":[{"id":6066,"href":"https:\/\/www.museu0.pt\/es\/wp-json\/wp\/v2\/evento\/6065\/revisions\/6066"}],"wp:featuredmedia":[{"embeddable":true,"href":"https:\/\/www.museu0.pt\/es\/wp-json\/wp\/v2\/media\/6043"}],"wp:attachment":[{"href":"https:\/\/www.museu0.pt\/es\/wp-json\/wp\/v2\/media?parent=6065"}],"wp:term":[{"taxonomy":"category","embeddable":true,"href":"https:\/\/www.museu0.pt\/es\/wp-json\/wp\/v2\/categories?post=6065"}],"curies":[{"name":"wp","href":"https:\/\/api.w.org\/{rel}","templated":true}]}}

<p>La obra que presentamos - MAGNIFICATIO ALGERVENSIS - se inspira justamente en el Geoparque Algarvensis, a través de sus múltiples facetas: aspectos geológicos únicos, pero también paisajes, fauna y flora.</p>



<p>Consiste en una actuación transdisciplinar en la que la música instrumental y los visuales generativos se comunican a través de la mediación de tecnologías digitales. En el aspecto sonoro, un componente computacional añade características al potencial electroacústico tradicional, además de tomar parte importante en el diálogo musical mediante el uso de algoritmos de Aprendizaje Automático Interactivo, haciendo posible que la respuesta musical del componente computacional evolucione en tiempo real.</p>



<p>En la parte visual, hay un sistema generativo que se controla en tiempo real, como si fuera un instrumento, y en el que las texturas -basadas en un levantamiento fotográfico del Geoparque Algarvensis y su posterior manipulación digital- se transforman para acompañar la interpretación musical. De este modo, la convergencia de estos tres vectores -interpretación musical, aumento digital y arte generativo receptivo- se utiliza para llevar al público a un magnífico viaje sensorial.</p>



<p></p>



<p><strong>—</strong></p>



<p><strong>MIEMBROS</strong></p>



<p><strong>RUI TRAVASSO</strong></p>



<p>Rui Travasso es Doctor en Digital Media Arts (UAb/UAlg) y Profesor Asistente Visitante en el Instituto Politécnico de Beja. Su investigación abarca las artes escénicas, la comunicación multimedia y la tecnología interactiva, con especial atención a la expansión instrumental y las ecologías de la performance mediadas por algoritmos, así como a la pedagogía relacionada con la producción audiovisual y de medios. Ha participado en proyectos financiados por la DGArtes y la Fundación GDA, integrando producción artística e investigación aplicada. Su práctica artística incluye una década como jefe de clarinete en la Orquesta del Algarve, performances interactivas, sistemas audiovisuales, experimentación sonora con énfasis en la inclusión y la mediación cultural, y ha publicado más de un centenar de temas.</p>



<p></p>



<p><strong>ANDRÉ CONDE</strong></p>



<p>Doctor por la Universidad de Évora (UE) en Música y Musicología, André Conde inició sus estudios musicales en la Academia de Música Eborense y los continuó en la Escola de Música do Conservatório Nacional de Lisboa. Fue miembro de orquestas juveniles internacionales como la Orquesta Juvenil del Mediterráneo y la Joven Orquesta Gustav Mahler. Tras finalizar sus estudios en la Academia Nacional Superior de Orquesta, fue admitido en la Universidad de las Artes de Zurich (ZHDK) en el programa de Master en Interpretación Orquestal, con una beca de la Fundación Calouste Gulbenkian. Fue becaria en la Ópera de Zúrich, donde más tarde trabajó como asistente del 1er trombón. Está terminando su segundo máster, esta vez en Interpretación Especializada - Solista, en la ZHDK. También tiene formación en música antigua y contemporánea. Ha asistido a clases magistrales con algunos de los trombonistas más prestigiosos del mundo y es miembro invitado de orquestas nacionales e internacionales: Zürich Opernhaus; Malaysian Philharmonic Orchestra; Tonhalle Orchester Zürich; Gullbenkian Orchestra; Orquestra Sinfónica do Porto; entre otras. Además de su participación en orquestas, también actúa regularmente como solista, interpretando repertorio de Música Antigua y Romántica, así como repertorio vinculado a la interpretación y composición de repertorio en los campos de la Música Contemporánea y el Arte Digital. Imparte clases en la UE.</p>



<p></p>



<p><strong>PEDRO ALVES DA VEIGA</strong></p>



<p>Pedro Alves da Veiga es artista e investigador, doctorado en Digital Media Art por la Universidad del Algarve y la Universidade Aberta. Es profesor adjunto en la Universidade Aberta, donde es subdirector del doctorado en Digital Media Art. Ha sido emprendedor durante más de dos décadas y ha desarrollado proyectos multimedia y de diseño web que han sido galardonados. Es miembro integrado del Centro de Investigación en Artes y Comunicación y colaborador del Instituto ID+ de Investigación en Diseño, Medios y Cultura. Ha grabado dos discos para el sello Polygram y una de sus canciones forma parte de la banda sonora de la película "Variações". Ha expuesto sus obras de arte generativo, individual y colectivamente, en Portugal, Brasil, España, Francia, Italia, Holanda, Rumanía, Rusia, China, Corea del Sur, Tailandia y Estados Unidos.</p>

<p>El Museo Zer0 presenta el ciclo Paisagens Eletr0nicas, edición 2025.</p>

<!-- This site is optimized with the Yoast SEO Premium plugin v20.5 (Yoast SEO v20.9) - https://yoast.com/wordpress/plugins/seo/ -->
<title>Museu Zer0 - Descubra a Arte Digital</title>
<meta name="description" content="Museu Zer0 - Centro de Arte Digital. Programando iniciativas, apresentando, divulgando, e apoiando a criação artística digital." />
<meta name="robots" content="index, follow, max-snippet:-1, max-image-preview:large, max-video-preview:-1" />
<link rel="canonical" href="https://www.museu0.pt/es/evento/concerto-paisagens-eletr0nicas-2025-8-novembro/" />
<meta property="og:locale" content="es_ES" />
<meta property="og:type" content="article" />
<meta property="og:title" content="Concerto Paisagens Eletr0nicas" />
<meta property="og:description" content="Museu Zer0 - Centro de Arte Digital. Programando iniciativas, apresentando, divulgando, e apoiando a criação artística digital." />
<meta property="og:url" content="https://www.museu0.pt/es/evento/concerto-paisagens-eletr0nicas-2025-8-novembro/" />
<meta property="og:site_name" content="Museu0" />
<meta property="article:modified_time" content="2025-12-12T12:36:16+00:00" />
<meta property="og:image" content="https://www.museu0.pt/wp-content/uploads/2025/10/Museu-Zer0_Website-Image-Equinocios.png" />
	<meta property="og:image:width" content="528" />
	<meta property="og:image:height" content="400" />
	<meta property="og:image:type" content="image/png" />
<meta name="twitter:card" content="summary_large_image" />
<meta name="twitter:label1" content="Est. reading time" />
	<meta name="twitter:data1" content="4 minutos" />
<script type="application/ld+json" class="yoast-schema-graph">{"@context":"https://schema.org","@graph":[{"@type":"WebPage","@id":"https://www.museu0.pt/evento/concerto-paisagens-eletr0nicas-2025-8-novembro/","url":"https://www.museu0.pt/evento/concerto-paisagens-eletr0nicas-2025-8-novembro/","name":"Museu Zer0 - Descubra a Arte Digital","isPartOf":{"@id":"https://www.museu0.pt/#website"},"datePublished":"2025-10-27T10:30:06+00:00","dateModified":"2025-12-12T12:36:16+00:00","description":"Museu Zer0 - Centro de Arte Digital. Programando iniciativas, apresentando, divulgando, e apoiando a criação artística digital.","breadcrumb":{"@id":"https://www.museu0.pt/evento/concerto-paisagens-eletr0nicas-2025-8-novembro/#breadcrumb"},"inLanguage":"es","potentialAction":[{"@type":"ReadAction","target":["https://www.museu0.pt/evento/concerto-paisagens-eletr0nicas-2025-8-novembro/"]}]},{"@type":"BreadcrumbList","@id":"https://www.museu0.pt/evento/concerto-paisagens-eletr0nicas-2025-8-novembro/#breadcrumb","itemListElement":[{"@type":"ListItem","position":1,"name":"Home","item":"https://www.museu0.pt/pt/"},{"@type":"ListItem","position":2,"name":"Eventos","item":"https://www.museu0.pt/?post_type=evento"},{"@type":"ListItem","position":3,"name":"Concerto Paisagens Eletr0nicas"}]},{"@type":"WebSite","@id":"https://www.museu0.pt/#website","url":"https://www.museu0.pt/","name":"Museu0","description":"Centro de Arte Digital","publisher":{"@id":"https://www.museu0.pt/#organization"},"potentialAction":[{"@type":"SearchAction","target":{"@type":"EntryPoint","urlTemplate":"https://www.museu0.pt/?s={search_term_string}"},"query-input":"required name=search_term_string"}],"inLanguage":"es"},{"@type":"Organization","@id":"https://www.museu0.pt/#organization","name":"Museu0","url":"https://www.museu0.pt/","logo":{"@type":"ImageObject","inLanguage":"es","@id":"https://www.museu0.pt/#/schema/logo/image/","url":"https://www.museu0.pt/wp-content/uploads/2023/11/museu0_logo_big.png","contentUrl":"https://www.museu0.pt/wp-content/uploads/2023/11/museu0_logo_big.png","width":1100,"height":1100,"caption":"Museu0"},"image":{"@id":"https://www.museu0.pt/#/schema/logo/image/"}}]}</script>
<!-- / Yoast SEO Premium plugin. -->

Museu Zer0 - Centro de Arte Digital. Programando iniciativas, apresentando, divulgando, e apoiando a criação artística digital.
