{"id":5493,"date":"2024-03-01T22:37:44","date_gmt":"2024-03-01T22:37:44","guid":{"rendered":"https:\/\/www.museu0.pt\/?post_type=perfil&#038;p=5493"},"modified":"2024-03-01T23:07:19","modified_gmt":"2024-03-01T23:07:19","slug":"d1g1t0_individuo-coletivo","status":"publish","type":"perfil","link":"https:\/\/www.museu0.pt\/es\/perfil\/d1g1t0_individuo-coletivo\/","title":{"rendered":"D1g1t0_indiv\u00edduo coletivo"},"content":{"rendered":"<p>Con unos ocho a\u00f1os de pr\u00e1ctica art\u00edstica e investigaci\u00f3n creativa en la encrucijada entre arte, ciencia y tecnolog\u00eda, D1G1T0 indiv\u00edduo_coletivo se ha centrado en el potencial de los medios tecnol\u00f3gicos digitales como cuestionamiento autorreflexivo de los procesos de escritura y las materialidades derivadas de ellos.<\/p>\n\n\n\n<p>Siguiendo los pasos de una tradici\u00f3n experimentalista que comenz\u00f3 con el movimiento de la Poes\u00eda Experimental Portuguesa (PO-EX) a principios de la segunda mitad del siglo XX, D1G1T0 viene explorando la tensi\u00f3n dial\u00e9ctica inherente entre tradici\u00f3n e innovaci\u00f3n, concretamente en la relectura y recreaci\u00f3n de esa misma herencia art\u00edstico-literaria.<\/p>\n\n\n\n<p>En este contexto, el colectivo tambi\u00e9n ha tratado de combinar la creatividad computacional y un enfoque que promueve la revitalizaci\u00f3n del patrimonio inmaterial, a saber, mediante el uso disruptivo de las tecnolog\u00edas digitales como medio de creaci\u00f3n literaria y producci\u00f3n art\u00edstica.<\/p>","protected":false},"excerpt":{"rendered":"<p>Com cerca de oito anos de pr\u00e1tica art\u00edstica e investiga\u00e7\u00e3o criativa nos cruzamentos entre arte, ci\u00eancia e tecnologia, D1G1T0 indiv\u00edduo_coletivo tem apostado no potencial dos meios tecnol\u00f3gicos digitais enquanto questionamento autorreflexivo no que diz respeito aos processos de escrileitura e \u00e0s materialidades da\u00ed derivadas. Na senda de uma tradi\u00e7\u00e3o experimentalista, iniciada com o movimento da [&hellip;]<\/p>","protected":false},"author":3,"featured_media":4017,"menu_order":3,"template":"","meta":[],"categories":[19],"yoast_head":"<!-- This site is optimized with the Yoast SEO Premium plugin v20.5 (Yoast SEO v20.9) - https:\/\/yoast.com\/wordpress\/plugins\/seo\/ -->\n<title>Museu Zer0 - Descubra a Arte Digital<\/title>\n<meta name=\"description\" content=\"Museu Zer0 - Centro de Arte Digital. Programando iniciativas, apresentando, divulgando, e apoiando a cria\u00e7\u00e3o art\u00edstica digital.\" \/>\n<meta name=\"robots\" content=\"index, follow, max-snippet:-1, max-image-preview:large, max-video-preview:-1\" \/>\n<link rel=\"canonical\" href=\"https:\/\/www.museu0.pt\/es\/d1g1t0_individuo-coletivo\/\" \/>\n<meta property=\"og:locale\" content=\"es_ES\" \/>\n<meta property=\"og:type\" content=\"article\" \/>\n<meta property=\"og:title\" content=\"D1g1t0_indiv\u00edduo coletivo\" \/>\n<meta property=\"og:description\" content=\"Museu Zer0 - Centro de Arte Digital. Programando iniciativas, apresentando, divulgando, e apoiando a cria\u00e7\u00e3o art\u00edstica digital.\" \/>\n<meta property=\"og:url\" content=\"https:\/\/www.museu0.pt\/es\/d1g1t0_individuo-coletivo\/\" \/>\n<meta property=\"og:site_name\" content=\"Museu0\" \/>\n<meta property=\"article:modified_time\" content=\"2024-03-01T23:07:19+00:00\" \/>\n<meta property=\"og:image\" content=\"https:\/\/www.museu0.pt\/wp-content\/uploads\/2023\/11\/perfil_03.jpg\" \/>\n\t<meta property=\"og:image:width\" content=\"800\" \/>\n\t<meta property=\"og:image:height\" content=\"895\" \/>\n\t<meta property=\"og:image:type\" content=\"image\/jpeg\" \/>\n<meta name=\"twitter:card\" content=\"summary_large_image\" \/>\n<meta name=\"twitter:label1\" content=\"Est. reading time\" \/>\n\t<meta name=\"twitter:data1\" content=\"1 minuto\" \/>\n<script type=\"application\/ld+json\" class=\"yoast-schema-graph\">{\"@context\":\"https:\/\/schema.org\",\"@graph\":[{\"@type\":\"WebPage\",\"@id\":\"https:\/\/www.museu0.pt\/d1g1t0_individuo-coletivo\/\",\"url\":\"https:\/\/www.museu0.pt\/d1g1t0_individuo-coletivo\/\",\"name\":\"Museu Zer0 - Descubra a Arte Digital\",\"isPartOf\":{\"@id\":\"https:\/\/www.museu0.pt\/#website\"},\"datePublished\":\"2024-03-01T22:37:44+00:00\",\"dateModified\":\"2024-03-01T23:07:19+00:00\",\"description\":\"Museu Zer0 - Centro de Arte Digital. Programando iniciativas, apresentando, divulgando, e apoiando a cria\u00e7\u00e3o art\u00edstica digital.\",\"breadcrumb\":{\"@id\":\"https:\/\/www.museu0.pt\/d1g1t0_individuo-coletivo\/#breadcrumb\"},\"inLanguage\":\"es\",\"potentialAction\":[{\"@type\":\"ReadAction\",\"target\":[\"https:\/\/www.museu0.pt\/d1g1t0_individuo-coletivo\/\"]}]},{\"@type\":\"BreadcrumbList\",\"@id\":\"https:\/\/www.museu0.pt\/d1g1t0_individuo-coletivo\/#breadcrumb\",\"itemListElement\":[{\"@type\":\"ListItem\",\"position\":1,\"name\":\"Home\",\"item\":\"https:\/\/www.museu0.pt\/pt\/\"},{\"@type\":\"ListItem\",\"position\":2,\"name\":\"Perfis\",\"item\":\"https:\/\/www.museu0.pt\/?post_type=perfil\"},{\"@type\":\"ListItem\",\"position\":3,\"name\":\"D1g1t0_indiv\u00edduo coletivo\"}]},{\"@type\":\"WebSite\",\"@id\":\"https:\/\/www.museu0.pt\/#website\",\"url\":\"https:\/\/www.museu0.pt\/\",\"name\":\"Museu0\",\"description\":\"Centro de Arte Digital\",\"publisher\":{\"@id\":\"https:\/\/www.museu0.pt\/#organization\"},\"potentialAction\":[{\"@type\":\"SearchAction\",\"target\":{\"@type\":\"EntryPoint\",\"urlTemplate\":\"https:\/\/www.museu0.pt\/?s={search_term_string}\"},\"query-input\":\"required name=search_term_string\"}],\"inLanguage\":\"es\"},{\"@type\":\"Organization\",\"@id\":\"https:\/\/www.museu0.pt\/#organization\",\"name\":\"Museu0\",\"url\":\"https:\/\/www.museu0.pt\/\",\"logo\":{\"@type\":\"ImageObject\",\"inLanguage\":\"es\",\"@id\":\"https:\/\/www.museu0.pt\/#\/schema\/logo\/image\/\",\"url\":\"https:\/\/www.museu0.pt\/wp-content\/uploads\/2023\/11\/museu0_logo_big.png\",\"contentUrl\":\"https:\/\/www.museu0.pt\/wp-content\/uploads\/2023\/11\/museu0_logo_big.png\",\"width\":1100,\"height\":1100,\"caption\":\"Museu0\"},\"image\":{\"@id\":\"https:\/\/www.museu0.pt\/#\/schema\/logo\/image\/\"}}]}<\/script>\n<!-- \/ Yoast SEO Premium plugin. -->","yoast_head_json":{"title":"Museu Zer0 - Descubra a Arte Digital","description":"Museu Zer0 - Centro de Arte Digital. Programando iniciativas, apresentando, divulgando, e apoiando a cria\u00e7\u00e3o art\u00edstica digital.","robots":{"index":"index","follow":"follow","max-snippet":"max-snippet:-1","max-image-preview":"max-image-preview:large","max-video-preview":"max-video-preview:-1"},"canonical":"https:\/\/www.museu0.pt\/es\/d1g1t0_individuo-coletivo\/","og_locale":"es_ES","og_type":"article","og_title":"D1g1t0_indiv\u00edduo coletivo","og_description":"Museu Zer0 - Centro de Arte Digital. Programando iniciativas, apresentando, divulgando, e apoiando a cria\u00e7\u00e3o art\u00edstica digital.","og_url":"https:\/\/www.museu0.pt\/es\/d1g1t0_individuo-coletivo\/","og_site_name":"Museu0","article_modified_time":"2024-03-01T23:07:19+00:00","og_image":[{"width":800,"height":895,"url":"https:\/\/www.museu0.pt\/wp-content\/uploads\/2023\/11\/perfil_03.jpg","type":"image\/jpeg"}],"twitter_card":"summary_large_image","twitter_misc":{"Est. reading time":"1 minuto"},"schema":{"@context":"https:\/\/schema.org","@graph":[{"@type":"WebPage","@id":"https:\/\/www.museu0.pt\/d1g1t0_individuo-coletivo\/","url":"https:\/\/www.museu0.pt\/d1g1t0_individuo-coletivo\/","name":"Museu Zer0 - Descubra a Arte Digital","isPartOf":{"@id":"https:\/\/www.museu0.pt\/#website"},"datePublished":"2024-03-01T22:37:44+00:00","dateModified":"2024-03-01T23:07:19+00:00","description":"Museu Zer0 - Centro de Arte Digital. Programando iniciativas, apresentando, divulgando, e apoiando a cria\u00e7\u00e3o art\u00edstica digital.","breadcrumb":{"@id":"https:\/\/www.museu0.pt\/d1g1t0_individuo-coletivo\/#breadcrumb"},"inLanguage":"es","potentialAction":[{"@type":"ReadAction","target":["https:\/\/www.museu0.pt\/d1g1t0_individuo-coletivo\/"]}]},{"@type":"BreadcrumbList","@id":"https:\/\/www.museu0.pt\/d1g1t0_individuo-coletivo\/#breadcrumb","itemListElement":[{"@type":"ListItem","position":1,"name":"Home","item":"https:\/\/www.museu0.pt\/pt\/"},{"@type":"ListItem","position":2,"name":"Perfis","item":"https:\/\/www.museu0.pt\/?post_type=perfil"},{"@type":"ListItem","position":3,"name":"D1g1t0_indiv\u00edduo coletivo"}]},{"@type":"WebSite","@id":"https:\/\/www.museu0.pt\/#website","url":"https:\/\/www.museu0.pt\/","name":"Museu0","description":"Centro de Arte Digital","publisher":{"@id":"https:\/\/www.museu0.pt\/#organization"},"potentialAction":[{"@type":"SearchAction","target":{"@type":"EntryPoint","urlTemplate":"https:\/\/www.museu0.pt\/?s={search_term_string}"},"query-input":"required name=search_term_string"}],"inLanguage":"es"},{"@type":"Organization","@id":"https:\/\/www.museu0.pt\/#organization","name":"Museu0","url":"https:\/\/www.museu0.pt\/","logo":{"@type":"ImageObject","inLanguage":"es","@id":"https:\/\/www.museu0.pt\/#\/schema\/logo\/image\/","url":"https:\/\/www.museu0.pt\/wp-content\/uploads\/2023\/11\/museu0_logo_big.png","contentUrl":"https:\/\/www.museu0.pt\/wp-content\/uploads\/2023\/11\/museu0_logo_big.png","width":1100,"height":1100,"caption":"Museu0"},"image":{"@id":"https:\/\/www.museu0.pt\/#\/schema\/logo\/image\/"}}]}},"_links":{"self":[{"href":"https:\/\/www.museu0.pt\/es\/wp-json\/wp\/v2\/perfil\/5493"}],"collection":[{"href":"https:\/\/www.museu0.pt\/es\/wp-json\/wp\/v2\/perfil"}],"about":[{"href":"https:\/\/www.museu0.pt\/es\/wp-json\/wp\/v2\/types\/perfil"}],"author":[{"embeddable":true,"href":"https:\/\/www.museu0.pt\/es\/wp-json\/wp\/v2\/users\/3"}],"version-history":[{"count":2,"href":"https:\/\/www.museu0.pt\/es\/wp-json\/wp\/v2\/perfil\/5493\/revisions"}],"predecessor-version":[{"id":5495,"href":"https:\/\/www.museu0.pt\/es\/wp-json\/wp\/v2\/perfil\/5493\/revisions\/5495"}],"wp:featuredmedia":[{"embeddable":true,"href":"https:\/\/www.museu0.pt\/es\/wp-json\/wp\/v2\/media\/4017"}],"wp:attachment":[{"href":"https:\/\/www.museu0.pt\/es\/wp-json\/wp\/v2\/media?parent=5493"}],"wp:term":[{"taxonomy":"category","embeddable":true,"href":"https:\/\/www.museu0.pt\/es\/wp-json\/wp\/v2\/categories?post=5493"}],"curies":[{"name":"wp","href":"https:\/\/api.w.org\/{rel}","templated":true}]}}

D1g1t0_indivíduo coletivo

<p>Con unos ocho años de práctica artística e investigación creativa en la encrucijada entre arte, ciencia y tecnología, D1G1T0 indivíduo_coletivo se ha centrado en el potencial de los medios tecnológicos digitales como cuestionamiento autorreflexivo de los procesos de escritura y las materialidades derivadas de ellos.</p>



<p>Siguiendo los pasos de una tradición experimentalista que comenzó con el movimiento de la Poesía Experimental Portuguesa (PO-EX) a principios de la segunda mitad del siglo XX, D1G1T0 viene explorando la tensión dialéctica inherente entre tradición e innovación, concretamente en la relectura y recreación de esa misma herencia artístico-literaria.</p>



<p>En este contexto, el colectivo también ha tratado de combinar la creatividad computacional y un enfoque que promueve la revitalización del patrimonio inmaterial, a saber, mediante el uso disruptivo de las tecnologías digitales como medio de creación literaria y producción artística.</p>

<p>Com cerca de oito anos de prática artística e investigação criativa nos cruzamentos entre arte, ciência e tecnologia, D1G1T0 indivíduo_coletivo tem apostado no potencial dos meios tecnológicos digitais enquanto questionamento autorreflexivo no que diz respeito aos processos de escrileitura e às materialidades daí derivadas. Na senda de uma tradição experimentalista, iniciada com o movimento da [&hellip;]</p>

<!-- This site is optimized with the Yoast SEO Premium plugin v20.5 (Yoast SEO v20.9) - https://yoast.com/wordpress/plugins/seo/ -->
<title>Museu Zer0 - Descubra a Arte Digital</title>
<meta name="description" content="Museu Zer0 - Centro de Arte Digital. Programando iniciativas, apresentando, divulgando, e apoiando a criação artística digital." />
<meta name="robots" content="index, follow, max-snippet:-1, max-image-preview:large, max-video-preview:-1" />
<link rel="canonical" href="https://www.museu0.pt/es/d1g1t0_individuo-coletivo/" />
<meta property="og:locale" content="es_ES" />
<meta property="og:type" content="article" />
<meta property="og:title" content="D1g1t0_indivíduo coletivo" />
<meta property="og:description" content="Museu Zer0 - Centro de Arte Digital. Programando iniciativas, apresentando, divulgando, e apoiando a criação artística digital." />
<meta property="og:url" content="https://www.museu0.pt/es/d1g1t0_individuo-coletivo/" />
<meta property="og:site_name" content="Museu0" />
<meta property="article:modified_time" content="2024-03-01T23:07:19+00:00" />
<meta property="og:image" content="https://www.museu0.pt/wp-content/uploads/2023/11/perfil_03.jpg" />
	<meta property="og:image:width" content="800" />
	<meta property="og:image:height" content="895" />
	<meta property="og:image:type" content="image/jpeg" />
<meta name="twitter:card" content="summary_large_image" />
<meta name="twitter:label1" content="Est. reading time" />
	<meta name="twitter:data1" content="1 minuto" />
<script type="application/ld+json" class="yoast-schema-graph">{"@context":"https://schema.org","@graph":[{"@type":"WebPage","@id":"https://www.museu0.pt/d1g1t0_individuo-coletivo/","url":"https://www.museu0.pt/d1g1t0_individuo-coletivo/","name":"Museu Zer0 - Descubra a Arte Digital","isPartOf":{"@id":"https://www.museu0.pt/#website"},"datePublished":"2024-03-01T22:37:44+00:00","dateModified":"2024-03-01T23:07:19+00:00","description":"Museu Zer0 - Centro de Arte Digital. Programando iniciativas, apresentando, divulgando, e apoiando a criação artística digital.","breadcrumb":{"@id":"https://www.museu0.pt/d1g1t0_individuo-coletivo/#breadcrumb"},"inLanguage":"es","potentialAction":[{"@type":"ReadAction","target":["https://www.museu0.pt/d1g1t0_individuo-coletivo/"]}]},{"@type":"BreadcrumbList","@id":"https://www.museu0.pt/d1g1t0_individuo-coletivo/#breadcrumb","itemListElement":[{"@type":"ListItem","position":1,"name":"Home","item":"https://www.museu0.pt/pt/"},{"@type":"ListItem","position":2,"name":"Perfis","item":"https://www.museu0.pt/?post_type=perfil"},{"@type":"ListItem","position":3,"name":"D1g1t0_indivíduo coletivo"}]},{"@type":"WebSite","@id":"https://www.museu0.pt/#website","url":"https://www.museu0.pt/","name":"Museu0","description":"Centro de Arte Digital","publisher":{"@id":"https://www.museu0.pt/#organization"},"potentialAction":[{"@type":"SearchAction","target":{"@type":"EntryPoint","urlTemplate":"https://www.museu0.pt/?s={search_term_string}"},"query-input":"required name=search_term_string"}],"inLanguage":"es"},{"@type":"Organization","@id":"https://www.museu0.pt/#organization","name":"Museu0","url":"https://www.museu0.pt/","logo":{"@type":"ImageObject","inLanguage":"es","@id":"https://www.museu0.pt/#/schema/logo/image/","url":"https://www.museu0.pt/wp-content/uploads/2023/11/museu0_logo_big.png","contentUrl":"https://www.museu0.pt/wp-content/uploads/2023/11/museu0_logo_big.png","width":1100,"height":1100,"caption":"Museu0"},"image":{"@id":"https://www.museu0.pt/#/schema/logo/image/"}}]}</script>
<!-- / Yoast SEO Premium plugin. -->

Museu Zer0 - Centro de Arte Digital. Programando iniciativas, apresentando, divulgando, e apoiando a criação artística digital.
