{"id":5530,"date":"2024-03-01T22:57:25","date_gmt":"2024-03-01T22:57:25","guid":{"rendered":"https:\/\/www.museu0.pt\/?post_type=perfil&#038;p=5530"},"modified":"2024-03-01T23:02:10","modified_gmt":"2024-03-01T23:02:10","slug":"miguel-carvalhais-e-pedro-tudela","status":"publish","type":"perfil","link":"https:\/\/www.museu0.pt\/es\/perfil\/miguel-carvalhais-e-pedro-tudela\/","title":{"rendered":"Miguel Carvalhais y Pedro Tudela"},"content":{"rendered":"<p>Pedro Tudela (1962) es artista visual y sonoro. Miguel Carvalhais (1974) es dise\u00f1ador y m\u00fasico. Ambos son profesores ayudantes en la Facultad de Bellas Artes de la Universidad de Oporto. La m\u00fasica fue uno de los puntos de encuentro entre ambos, que fundaron el proyecto transdisciplinar @c en 2000 y el sello Cronica en 2003, que publica m\u00fasica experimental y electr\u00f3nica.<\/p>\n\n\n\n<p>Son autores de m\u00e1s de 20 \u00e1lbumes nacionales e internacionales y han actuado en directo en algunos de los principales escenarios de Portugal y de otros pa\u00edses, a menudo colaborando con otros m\u00fasicos.<\/p>\n\n\n\n<p>A partir de la m\u00fasica, la asociaci\u00f3n art\u00edstica entre Pedro Tudela y Miguel Carvalhais se expandi\u00f3 r\u00e1pidamente al campo de la instalaci\u00f3n, donde el sonido es la base para el desarrollo de proyectos multimedia site-specific que deambulan por contextos de compleja activaci\u00f3n sensorial del p\u00fablico y est\u00e1n necesariamente vinculados a entornos de despliegue.<\/p>","protected":false},"excerpt":{"rendered":"<p>Pedro Tudela (n.1962) \u00e9 artista visual e sonoro. Miguel Carvalhais (n.1974) \u00e9 designer e m\u00fasico. Ambos s\u00e3o professores auxiliares da Faculdade de Belas Artes da Universidade do Porto. A m\u00fasica foi um dos pontos de encontro entre os dois que, desde 2000, fundaram o projeto transdisciplinar @c e em 2003 a editora Cronica, que publica [&hellip;]<\/p>","protected":false},"author":3,"featured_media":4023,"menu_order":4,"template":"","meta":[],"categories":[21],"yoast_head":"<!-- This site is optimized with the Yoast SEO Premium plugin v20.5 (Yoast SEO v20.9) - https:\/\/yoast.com\/wordpress\/plugins\/seo\/ -->\n<title>Museu Zer0 - Descubra a Arte Digital<\/title>\n<meta name=\"description\" content=\"Museu Zer0 - Centro de Arte Digital. Programando iniciativas, apresentando, divulgando, e apoiando a cria\u00e7\u00e3o art\u00edstica digital.\" \/>\n<meta name=\"robots\" content=\"index, follow, max-snippet:-1, max-image-preview:large, max-video-preview:-1\" \/>\n<link rel=\"canonical\" href=\"https:\/\/www.museu0.pt\/es\/miguel-carvalhais-e-pedro-tudela\/\" \/>\n<meta property=\"og:locale\" content=\"es_ES\" \/>\n<meta property=\"og:type\" content=\"article\" \/>\n<meta property=\"og:title\" content=\"Miguel Carvalhais e Pedro Tudela\" \/>\n<meta property=\"og:description\" content=\"Museu Zer0 - Centro de Arte Digital. Programando iniciativas, apresentando, divulgando, e apoiando a cria\u00e7\u00e3o art\u00edstica digital.\" \/>\n<meta property=\"og:url\" content=\"https:\/\/www.museu0.pt\/es\/miguel-carvalhais-e-pedro-tudela\/\" \/>\n<meta property=\"og:site_name\" content=\"Museu0\" \/>\n<meta property=\"article:modified_time\" content=\"2024-03-01T23:02:10+00:00\" \/>\n<meta property=\"og:image\" content=\"https:\/\/www.museu0.pt\/wp-content\/uploads\/2023\/11\/perfil_04.jpg\" \/>\n\t<meta property=\"og:image:width\" content=\"800\" \/>\n\t<meta property=\"og:image:height\" content=\"685\" \/>\n\t<meta property=\"og:image:type\" content=\"image\/jpeg\" \/>\n<meta name=\"twitter:card\" content=\"summary_large_image\" \/>\n<meta name=\"twitter:label1\" content=\"Est. reading time\" \/>\n\t<meta name=\"twitter:data1\" content=\"1 minuto\" \/>\n<script type=\"application\/ld+json\" class=\"yoast-schema-graph\">{\"@context\":\"https:\/\/schema.org\",\"@graph\":[{\"@type\":\"WebPage\",\"@id\":\"https:\/\/www.museu0.pt\/miguel-carvalhais-e-pedro-tudela\/\",\"url\":\"https:\/\/www.museu0.pt\/miguel-carvalhais-e-pedro-tudela\/\",\"name\":\"Museu Zer0 - Descubra a Arte Digital\",\"isPartOf\":{\"@id\":\"https:\/\/www.museu0.pt\/#website\"},\"datePublished\":\"2024-03-01T22:57:25+00:00\",\"dateModified\":\"2024-03-01T23:02:10+00:00\",\"description\":\"Museu Zer0 - Centro de Arte Digital. Programando iniciativas, apresentando, divulgando, e apoiando a cria\u00e7\u00e3o art\u00edstica digital.\",\"breadcrumb\":{\"@id\":\"https:\/\/www.museu0.pt\/miguel-carvalhais-e-pedro-tudela\/#breadcrumb\"},\"inLanguage\":\"es\",\"potentialAction\":[{\"@type\":\"ReadAction\",\"target\":[\"https:\/\/www.museu0.pt\/miguel-carvalhais-e-pedro-tudela\/\"]}]},{\"@type\":\"BreadcrumbList\",\"@id\":\"https:\/\/www.museu0.pt\/miguel-carvalhais-e-pedro-tudela\/#breadcrumb\",\"itemListElement\":[{\"@type\":\"ListItem\",\"position\":1,\"name\":\"Home\",\"item\":\"https:\/\/www.museu0.pt\/pt\/\"},{\"@type\":\"ListItem\",\"position\":2,\"name\":\"Perfis\",\"item\":\"https:\/\/www.museu0.pt\/?post_type=perfil\"},{\"@type\":\"ListItem\",\"position\":3,\"name\":\"Miguel Carvalhais e Pedro Tudela\"}]},{\"@type\":\"WebSite\",\"@id\":\"https:\/\/www.museu0.pt\/#website\",\"url\":\"https:\/\/www.museu0.pt\/\",\"name\":\"Museu0\",\"description\":\"Centro de Arte Digital\",\"publisher\":{\"@id\":\"https:\/\/www.museu0.pt\/#organization\"},\"potentialAction\":[{\"@type\":\"SearchAction\",\"target\":{\"@type\":\"EntryPoint\",\"urlTemplate\":\"https:\/\/www.museu0.pt\/?s={search_term_string}\"},\"query-input\":\"required name=search_term_string\"}],\"inLanguage\":\"es\"},{\"@type\":\"Organization\",\"@id\":\"https:\/\/www.museu0.pt\/#organization\",\"name\":\"Museu0\",\"url\":\"https:\/\/www.museu0.pt\/\",\"logo\":{\"@type\":\"ImageObject\",\"inLanguage\":\"es\",\"@id\":\"https:\/\/www.museu0.pt\/#\/schema\/logo\/image\/\",\"url\":\"https:\/\/www.museu0.pt\/wp-content\/uploads\/2023\/11\/museu0_logo_big.png\",\"contentUrl\":\"https:\/\/www.museu0.pt\/wp-content\/uploads\/2023\/11\/museu0_logo_big.png\",\"width\":1100,\"height\":1100,\"caption\":\"Museu0\"},\"image\":{\"@id\":\"https:\/\/www.museu0.pt\/#\/schema\/logo\/image\/\"}}]}<\/script>\n<!-- \/ Yoast SEO Premium plugin. -->","yoast_head_json":{"title":"Museu Zer0 - Descubra a Arte Digital","description":"Museu Zer0 - Centro de Arte Digital. Programando iniciativas, apresentando, divulgando, e apoiando a cria\u00e7\u00e3o art\u00edstica digital.","robots":{"index":"index","follow":"follow","max-snippet":"max-snippet:-1","max-image-preview":"max-image-preview:large","max-video-preview":"max-video-preview:-1"},"canonical":"https:\/\/www.museu0.pt\/es\/miguel-carvalhais-e-pedro-tudela\/","og_locale":"es_ES","og_type":"article","og_title":"Miguel Carvalhais e Pedro Tudela","og_description":"Museu Zer0 - Centro de Arte Digital. Programando iniciativas, apresentando, divulgando, e apoiando a cria\u00e7\u00e3o art\u00edstica digital.","og_url":"https:\/\/www.museu0.pt\/es\/miguel-carvalhais-e-pedro-tudela\/","og_site_name":"Museu0","article_modified_time":"2024-03-01T23:02:10+00:00","og_image":[{"width":800,"height":685,"url":"https:\/\/www.museu0.pt\/wp-content\/uploads\/2023\/11\/perfil_04.jpg","type":"image\/jpeg"}],"twitter_card":"summary_large_image","twitter_misc":{"Est. reading time":"1 minuto"},"schema":{"@context":"https:\/\/schema.org","@graph":[{"@type":"WebPage","@id":"https:\/\/www.museu0.pt\/miguel-carvalhais-e-pedro-tudela\/","url":"https:\/\/www.museu0.pt\/miguel-carvalhais-e-pedro-tudela\/","name":"Museu Zer0 - Descubra a Arte Digital","isPartOf":{"@id":"https:\/\/www.museu0.pt\/#website"},"datePublished":"2024-03-01T22:57:25+00:00","dateModified":"2024-03-01T23:02:10+00:00","description":"Museu Zer0 - Centro de Arte Digital. Programando iniciativas, apresentando, divulgando, e apoiando a cria\u00e7\u00e3o art\u00edstica digital.","breadcrumb":{"@id":"https:\/\/www.museu0.pt\/miguel-carvalhais-e-pedro-tudela\/#breadcrumb"},"inLanguage":"es","potentialAction":[{"@type":"ReadAction","target":["https:\/\/www.museu0.pt\/miguel-carvalhais-e-pedro-tudela\/"]}]},{"@type":"BreadcrumbList","@id":"https:\/\/www.museu0.pt\/miguel-carvalhais-e-pedro-tudela\/#breadcrumb","itemListElement":[{"@type":"ListItem","position":1,"name":"Home","item":"https:\/\/www.museu0.pt\/pt\/"},{"@type":"ListItem","position":2,"name":"Perfis","item":"https:\/\/www.museu0.pt\/?post_type=perfil"},{"@type":"ListItem","position":3,"name":"Miguel Carvalhais e Pedro Tudela"}]},{"@type":"WebSite","@id":"https:\/\/www.museu0.pt\/#website","url":"https:\/\/www.museu0.pt\/","name":"Museu0","description":"Centro de Arte Digital","publisher":{"@id":"https:\/\/www.museu0.pt\/#organization"},"potentialAction":[{"@type":"SearchAction","target":{"@type":"EntryPoint","urlTemplate":"https:\/\/www.museu0.pt\/?s={search_term_string}"},"query-input":"required name=search_term_string"}],"inLanguage":"es"},{"@type":"Organization","@id":"https:\/\/www.museu0.pt\/#organization","name":"Museu0","url":"https:\/\/www.museu0.pt\/","logo":{"@type":"ImageObject","inLanguage":"es","@id":"https:\/\/www.museu0.pt\/#\/schema\/logo\/image\/","url":"https:\/\/www.museu0.pt\/wp-content\/uploads\/2023\/11\/museu0_logo_big.png","contentUrl":"https:\/\/www.museu0.pt\/wp-content\/uploads\/2023\/11\/museu0_logo_big.png","width":1100,"height":1100,"caption":"Museu0"},"image":{"@id":"https:\/\/www.museu0.pt\/#\/schema\/logo\/image\/"}}]}},"_links":{"self":[{"href":"https:\/\/www.museu0.pt\/es\/wp-json\/wp\/v2\/perfil\/5530"}],"collection":[{"href":"https:\/\/www.museu0.pt\/es\/wp-json\/wp\/v2\/perfil"}],"about":[{"href":"https:\/\/www.museu0.pt\/es\/wp-json\/wp\/v2\/types\/perfil"}],"author":[{"embeddable":true,"href":"https:\/\/www.museu0.pt\/es\/wp-json\/wp\/v2\/users\/3"}],"version-history":[{"count":2,"href":"https:\/\/www.museu0.pt\/es\/wp-json\/wp\/v2\/perfil\/5530\/revisions"}],"predecessor-version":[{"id":5532,"href":"https:\/\/www.museu0.pt\/es\/wp-json\/wp\/v2\/perfil\/5530\/revisions\/5532"}],"wp:featuredmedia":[{"embeddable":true,"href":"https:\/\/www.museu0.pt\/es\/wp-json\/wp\/v2\/media\/4023"}],"wp:attachment":[{"href":"https:\/\/www.museu0.pt\/es\/wp-json\/wp\/v2\/media?parent=5530"}],"wp:term":[{"taxonomy":"category","embeddable":true,"href":"https:\/\/www.museu0.pt\/es\/wp-json\/wp\/v2\/categories?post=5530"}],"curies":[{"name":"wp","href":"https:\/\/api.w.org\/{rel}","templated":true}]}}

<p>Pedro Tudela (1962) es artista visual y sonoro. Miguel Carvalhais (1974) es diseñador y músico. Ambos son profesores ayudantes en la Facultad de Bellas Artes de la Universidad de Oporto. La música fue uno de los puntos de encuentro entre ambos, que fundaron el proyecto transdisciplinar @c en 2000 y el sello Cronica en 2003, que publica música experimental y electrónica.</p>



<p>Son autores de más de 20 álbumes nacionales e internacionales y han actuado en directo en algunos de los principales escenarios de Portugal y de otros países, a menudo colaborando con otros músicos.</p>



<p>A partir de la música, la asociación artística entre Pedro Tudela y Miguel Carvalhais se expandió rápidamente al campo de la instalación, donde el sonido es la base para el desarrollo de proyectos multimedia site-specific que deambulan por contextos de compleja activación sensorial del público y están necesariamente vinculados a entornos de despliegue.</p>

<p>Pedro Tudela (n.1962) é artista visual e sonoro. Miguel Carvalhais (n.1974) é designer e músico. Ambos são professores auxiliares da Faculdade de Belas Artes da Universidade do Porto. A música foi um dos pontos de encontro entre os dois que, desde 2000, fundaram o projeto transdisciplinar @c e em 2003 a editora Cronica, que publica [&hellip;]</p>

<!-- This site is optimized with the Yoast SEO Premium plugin v20.5 (Yoast SEO v20.9) - https://yoast.com/wordpress/plugins/seo/ -->
<title>Museu Zer0 - Descubra a Arte Digital</title>
<meta name="description" content="Museu Zer0 - Centro de Arte Digital. Programando iniciativas, apresentando, divulgando, e apoiando a criação artística digital." />
<meta name="robots" content="index, follow, max-snippet:-1, max-image-preview:large, max-video-preview:-1" />
<link rel="canonical" href="https://www.museu0.pt/es/miguel-carvalhais-e-pedro-tudela/" />
<meta property="og:locale" content="es_ES" />
<meta property="og:type" content="article" />
<meta property="og:title" content="Miguel Carvalhais e Pedro Tudela" />
<meta property="og:description" content="Museu Zer0 - Centro de Arte Digital. Programando iniciativas, apresentando, divulgando, e apoiando a criação artística digital." />
<meta property="og:url" content="https://www.museu0.pt/es/miguel-carvalhais-e-pedro-tudela/" />
<meta property="og:site_name" content="Museu0" />
<meta property="article:modified_time" content="2024-03-01T23:02:10+00:00" />
<meta property="og:image" content="https://www.museu0.pt/wp-content/uploads/2023/11/perfil_04.jpg" />
	<meta property="og:image:width" content="800" />
	<meta property="og:image:height" content="685" />
	<meta property="og:image:type" content="image/jpeg" />
<meta name="twitter:card" content="summary_large_image" />
<meta name="twitter:label1" content="Est. reading time" />
	<meta name="twitter:data1" content="1 minuto" />
<script type="application/ld+json" class="yoast-schema-graph">{"@context":"https://schema.org","@graph":[{"@type":"WebPage","@id":"https://www.museu0.pt/miguel-carvalhais-e-pedro-tudela/","url":"https://www.museu0.pt/miguel-carvalhais-e-pedro-tudela/","name":"Museu Zer0 - Descubra a Arte Digital","isPartOf":{"@id":"https://www.museu0.pt/#website"},"datePublished":"2024-03-01T22:57:25+00:00","dateModified":"2024-03-01T23:02:10+00:00","description":"Museu Zer0 - Centro de Arte Digital. Programando iniciativas, apresentando, divulgando, e apoiando a criação artística digital.","breadcrumb":{"@id":"https://www.museu0.pt/miguel-carvalhais-e-pedro-tudela/#breadcrumb"},"inLanguage":"es","potentialAction":[{"@type":"ReadAction","target":["https://www.museu0.pt/miguel-carvalhais-e-pedro-tudela/"]}]},{"@type":"BreadcrumbList","@id":"https://www.museu0.pt/miguel-carvalhais-e-pedro-tudela/#breadcrumb","itemListElement":[{"@type":"ListItem","position":1,"name":"Home","item":"https://www.museu0.pt/pt/"},{"@type":"ListItem","position":2,"name":"Perfis","item":"https://www.museu0.pt/?post_type=perfil"},{"@type":"ListItem","position":3,"name":"Miguel Carvalhais e Pedro Tudela"}]},{"@type":"WebSite","@id":"https://www.museu0.pt/#website","url":"https://www.museu0.pt/","name":"Museu0","description":"Centro de Arte Digital","publisher":{"@id":"https://www.museu0.pt/#organization"},"potentialAction":[{"@type":"SearchAction","target":{"@type":"EntryPoint","urlTemplate":"https://www.museu0.pt/?s={search_term_string}"},"query-input":"required name=search_term_string"}],"inLanguage":"es"},{"@type":"Organization","@id":"https://www.museu0.pt/#organization","name":"Museu0","url":"https://www.museu0.pt/","logo":{"@type":"ImageObject","inLanguage":"es","@id":"https://www.museu0.pt/#/schema/logo/image/","url":"https://www.museu0.pt/wp-content/uploads/2023/11/museu0_logo_big.png","contentUrl":"https://www.museu0.pt/wp-content/uploads/2023/11/museu0_logo_big.png","width":1100,"height":1100,"caption":"Museu0"},"image":{"@id":"https://www.museu0.pt/#/schema/logo/image/"}}]}</script>
<!-- / Yoast SEO Premium plugin. -->

Museu Zer0 - Centro de Arte Digital. Programando iniciativas, apresentando, divulgando, e apoiando a criação artística digital.
