{"id":3653,"date":"2023-06-27T20:45:29","date_gmt":"2023-06-27T20:45:29","guid":{"rendered":"https:\/\/www.museu0.pt\/?post_type=evento&#038;p=3653"},"modified":"2024-03-14T18:10:46","modified_gmt":"2024-03-14T18:10:46","slug":"viagens","status":"publish","type":"evento","link":"https:\/\/www.museu0.pt\/pt\/evento\/viagens\/","title":{"rendered":"Viagens"},"content":{"rendered":"\n<p>O Museu Zer0 apresenta a exposi\u00e7\u00e3o Viagens, na Ermida de S\u00e3o Roque, espa\u00e7o onde temos vindo a apresentar arte digital desde 2020, gra\u00e7as ao apoio do Munic\u00edpio de Tavira.<\/p>\n\n\n\n<p>Entre 18 de agosto e 22 de setembro, 6 artistas apresentam os seus artefactos, produzidos com a tutoria de Lu\u00eds Fernandes e do coletivo Ondamarela, como resultados do projeto transfronteiri\u00e7o POCETP-Magalh\u00e3es, no qual o Museu Zer0 \u00e9 parceiro.<\/p>\n\n\n\n<p>Os artistas Flymoustache, Marlon Duarte, Mateus Verde, Nuno Murta, Ricardo Cruzes e Rodrigo Gomes, apresentam 6 obras de arte digital, 6 viagens que connosco podem fazer, viagens pela paisagem e territ\u00f3rio algarvios, onde podemos descobrir diversas interpreta\u00e7\u00f5es art\u00edsticas e est\u00e9ticas desde lendas algarvias \u00e0 Ria Formosa.<\/p>\n\n\n\n<p>Criados com a utiliza\u00e7\u00e3o de instrumentos produzidos com material encontrado na natureza, pela capta\u00e7\u00e3o da identidade de locais como Alte, Sagres e Tavira atrav\u00e9s das sonoridades que lhes s\u00e3o pr\u00f3prias, representando o Algarve id\u00edlico e natural em conjuga\u00e7\u00e3o com o seu reverso, ou atrav\u00e9s de uma viagem feita com o recurso \u00e0 Intelig\u00eancia Artificial como modo de \u201ccontemplar nossa pr\u00f3pria hist\u00f3ria, exploram-se futuros poss\u00edveis e podemos refletir sobre passados n\u00e3o realizados\u201d, atrav\u00e9s destes trabalhos.<\/p>\n\n\n\n<p>Convidamo-lo a viajar connosco pelo territ\u00f3rio e assim descobrir o desconhecido.<\/p>\n","protected":false},"excerpt":{"rendered":"<p>Exposi\u00e7\u00e3o de Flymoustache, Marlon Duarte, Mateus Verde, Nuno Murta, Ricardo Cruzes e Rodrigo Gomes<\/p>\n","protected":false},"author":3,"featured_media":3655,"menu_order":0,"template":"","meta":[],"categories":[17],"yoast_head":"<!-- This site is optimized with the Yoast SEO Premium plugin v20.5 (Yoast SEO v20.9) - https:\/\/yoast.com\/wordpress\/plugins\/seo\/ -->\n<title>Museu Zer0 - Descubra a Arte Digital<\/title>\n<meta name=\"description\" content=\"Museu Zer0 - Centro de Arte Digital. Programando iniciativas, apresentando, divulgando, e apoiando a cria\u00e7\u00e3o art\u00edstica digital.\" \/>\n<meta name=\"robots\" content=\"index, follow, max-snippet:-1, max-image-preview:large, max-video-preview:-1\" \/>\n<link rel=\"canonical\" href=\"https:\/\/www.museu0.pt\/pt\/viagens\/\" \/>\n<meta property=\"og:locale\" content=\"pt_PT\" \/>\n<meta property=\"og:type\" content=\"article\" \/>\n<meta property=\"og:title\" content=\"Viagens\" \/>\n<meta property=\"og:description\" content=\"Museu Zer0 - Centro de Arte Digital. Programando iniciativas, apresentando, divulgando, e apoiando a cria\u00e7\u00e3o art\u00edstica digital.\" \/>\n<meta property=\"og:url\" content=\"https:\/\/www.museu0.pt\/pt\/viagens\/\" \/>\n<meta property=\"og:site_name\" content=\"Museu0\" \/>\n<meta property=\"article:modified_time\" content=\"2024-03-14T18:10:46+00:00\" \/>\n<meta property=\"og:image\" content=\"https:\/\/www.museu0.pt\/wp-content\/uploads\/2023\/11\/viagens.jpg\" \/>\n\t<meta property=\"og:image:width\" content=\"1080\" \/>\n\t<meta property=\"og:image:height\" content=\"1080\" \/>\n\t<meta property=\"og:image:type\" content=\"image\/jpeg\" \/>\n<meta name=\"twitter:card\" content=\"summary_large_image\" \/>\n<meta name=\"twitter:label1\" content=\"Tempo estimado de leitura\" \/>\n\t<meta name=\"twitter:data1\" content=\"2 minutos\" \/>\n<script type=\"application\/ld+json\" class=\"yoast-schema-graph\">{\"@context\":\"https:\/\/schema.org\",\"@graph\":[{\"@type\":\"WebPage\",\"@id\":\"https:\/\/www.museu0.pt\/viagens\/\",\"url\":\"https:\/\/www.museu0.pt\/viagens\/\",\"name\":\"Museu Zer0 - Descubra a Arte Digital\",\"isPartOf\":{\"@id\":\"https:\/\/www.museu0.pt\/#website\"},\"datePublished\":\"2023-06-27T20:45:29+00:00\",\"dateModified\":\"2024-03-14T18:10:46+00:00\",\"description\":\"Museu Zer0 - Centro de Arte Digital. Programando iniciativas, apresentando, divulgando, e apoiando a cria\u00e7\u00e3o art\u00edstica digital.\",\"breadcrumb\":{\"@id\":\"https:\/\/www.museu0.pt\/viagens\/#breadcrumb\"},\"inLanguage\":\"pt-PT\",\"potentialAction\":[{\"@type\":\"ReadAction\",\"target\":[\"https:\/\/www.museu0.pt\/viagens\/\"]}]},{\"@type\":\"BreadcrumbList\",\"@id\":\"https:\/\/www.museu0.pt\/viagens\/#breadcrumb\",\"itemListElement\":[{\"@type\":\"ListItem\",\"position\":1,\"name\":\"Home\",\"item\":\"https:\/\/www.museu0.pt\/pt\/\"},{\"@type\":\"ListItem\",\"position\":2,\"name\":\"Eventos\",\"item\":\"https:\/\/www.museu0.pt\/?post_type=evento\"},{\"@type\":\"ListItem\",\"position\":3,\"name\":\"Viagens\"}]},{\"@type\":\"WebSite\",\"@id\":\"https:\/\/www.museu0.pt\/#website\",\"url\":\"https:\/\/www.museu0.pt\/\",\"name\":\"Museu0\",\"description\":\"Centro de Arte Digital\",\"publisher\":{\"@id\":\"https:\/\/www.museu0.pt\/#organization\"},\"potentialAction\":[{\"@type\":\"SearchAction\",\"target\":{\"@type\":\"EntryPoint\",\"urlTemplate\":\"https:\/\/www.museu0.pt\/?s={search_term_string}\"},\"query-input\":\"required name=search_term_string\"}],\"inLanguage\":\"pt-PT\"},{\"@type\":\"Organization\",\"@id\":\"https:\/\/www.museu0.pt\/#organization\",\"name\":\"Museu0\",\"url\":\"https:\/\/www.museu0.pt\/\",\"logo\":{\"@type\":\"ImageObject\",\"inLanguage\":\"pt-PT\",\"@id\":\"https:\/\/www.museu0.pt\/#\/schema\/logo\/image\/\",\"url\":\"https:\/\/www.museu0.pt\/wp-content\/uploads\/2023\/11\/museu0_logo_big.png\",\"contentUrl\":\"https:\/\/www.museu0.pt\/wp-content\/uploads\/2023\/11\/museu0_logo_big.png\",\"width\":1100,\"height\":1100,\"caption\":\"Museu0\"},\"image\":{\"@id\":\"https:\/\/www.museu0.pt\/#\/schema\/logo\/image\/\"}}]}<\/script>\n<!-- \/ Yoast SEO Premium plugin. -->","yoast_head_json":{"title":"Museu Zer0 - Descubra a Arte Digital","description":"Museu Zer0 - Centro de Arte Digital. Programando iniciativas, apresentando, divulgando, e apoiando a cria\u00e7\u00e3o art\u00edstica digital.","robots":{"index":"index","follow":"follow","max-snippet":"max-snippet:-1","max-image-preview":"max-image-preview:large","max-video-preview":"max-video-preview:-1"},"canonical":"https:\/\/www.museu0.pt\/pt\/viagens\/","og_locale":"pt_PT","og_type":"article","og_title":"Viagens","og_description":"Museu Zer0 - Centro de Arte Digital. Programando iniciativas, apresentando, divulgando, e apoiando a cria\u00e7\u00e3o art\u00edstica digital.","og_url":"https:\/\/www.museu0.pt\/pt\/viagens\/","og_site_name":"Museu0","article_modified_time":"2024-03-14T18:10:46+00:00","og_image":[{"width":1080,"height":1080,"url":"https:\/\/www.museu0.pt\/wp-content\/uploads\/2023\/11\/viagens.jpg","type":"image\/jpeg"}],"twitter_card":"summary_large_image","twitter_misc":{"Tempo estimado de leitura":"2 minutos"},"schema":{"@context":"https:\/\/schema.org","@graph":[{"@type":"WebPage","@id":"https:\/\/www.museu0.pt\/viagens\/","url":"https:\/\/www.museu0.pt\/viagens\/","name":"Museu Zer0 - Descubra a Arte Digital","isPartOf":{"@id":"https:\/\/www.museu0.pt\/#website"},"datePublished":"2023-06-27T20:45:29+00:00","dateModified":"2024-03-14T18:10:46+00:00","description":"Museu Zer0 - Centro de Arte Digital. Programando iniciativas, apresentando, divulgando, e apoiando a cria\u00e7\u00e3o art\u00edstica digital.","breadcrumb":{"@id":"https:\/\/www.museu0.pt\/viagens\/#breadcrumb"},"inLanguage":"pt-PT","potentialAction":[{"@type":"ReadAction","target":["https:\/\/www.museu0.pt\/viagens\/"]}]},{"@type":"BreadcrumbList","@id":"https:\/\/www.museu0.pt\/viagens\/#breadcrumb","itemListElement":[{"@type":"ListItem","position":1,"name":"Home","item":"https:\/\/www.museu0.pt\/pt\/"},{"@type":"ListItem","position":2,"name":"Eventos","item":"https:\/\/www.museu0.pt\/?post_type=evento"},{"@type":"ListItem","position":3,"name":"Viagens"}]},{"@type":"WebSite","@id":"https:\/\/www.museu0.pt\/#website","url":"https:\/\/www.museu0.pt\/","name":"Museu0","description":"Centro de Arte Digital","publisher":{"@id":"https:\/\/www.museu0.pt\/#organization"},"potentialAction":[{"@type":"SearchAction","target":{"@type":"EntryPoint","urlTemplate":"https:\/\/www.museu0.pt\/?s={search_term_string}"},"query-input":"required name=search_term_string"}],"inLanguage":"pt-PT"},{"@type":"Organization","@id":"https:\/\/www.museu0.pt\/#organization","name":"Museu0","url":"https:\/\/www.museu0.pt\/","logo":{"@type":"ImageObject","inLanguage":"pt-PT","@id":"https:\/\/www.museu0.pt\/#\/schema\/logo\/image\/","url":"https:\/\/www.museu0.pt\/wp-content\/uploads\/2023\/11\/museu0_logo_big.png","contentUrl":"https:\/\/www.museu0.pt\/wp-content\/uploads\/2023\/11\/museu0_logo_big.png","width":1100,"height":1100,"caption":"Museu0"},"image":{"@id":"https:\/\/www.museu0.pt\/#\/schema\/logo\/image\/"}}]}},"_links":{"self":[{"href":"https:\/\/www.museu0.pt\/pt\/wp-json\/wp\/v2\/evento\/3653"}],"collection":[{"href":"https:\/\/www.museu0.pt\/pt\/wp-json\/wp\/v2\/evento"}],"about":[{"href":"https:\/\/www.museu0.pt\/pt\/wp-json\/wp\/v2\/types\/evento"}],"author":[{"embeddable":true,"href":"https:\/\/www.museu0.pt\/pt\/wp-json\/wp\/v2\/users\/3"}],"version-history":[{"count":3,"href":"https:\/\/www.museu0.pt\/pt\/wp-json\/wp\/v2\/evento\/3653\/revisions"}],"predecessor-version":[{"id":3674,"href":"https:\/\/www.museu0.pt\/pt\/wp-json\/wp\/v2\/evento\/3653\/revisions\/3674"}],"wp:featuredmedia":[{"embeddable":true,"href":"https:\/\/www.museu0.pt\/pt\/wp-json\/wp\/v2\/media\/3655"}],"wp:attachment":[{"href":"https:\/\/www.museu0.pt\/pt\/wp-json\/wp\/v2\/media?parent=3653"}],"wp:term":[{"taxonomy":"category","embeddable":true,"href":"https:\/\/www.museu0.pt\/pt\/wp-json\/wp\/v2\/categories?post=3653"}],"curies":[{"name":"wp","href":"https:\/\/api.w.org\/{rel}","templated":true}]}}

<p>O Museu Zer0 apresenta a exposição Viagens, na Ermida de São Roque, espaço onde temos vindo a apresentar arte digital desde 2020, graças ao apoio do Município de Tavira.</p>



<p>Entre 18 de agosto e 22 de setembro, 6 artistas apresentam os seus artefactos, produzidos com a tutoria de Luís Fernandes e do coletivo Ondamarela, como resultados do projeto transfronteiriço POCETP-Magalhães, no qual o Museu Zer0 é parceiro.</p>



<p>Os artistas Flymoustache, Marlon Duarte, Mateus Verde, Nuno Murta, Ricardo Cruzes e Rodrigo Gomes, apresentam 6 obras de arte digital, 6 viagens que connosco podem fazer, viagens pela paisagem e território algarvios, onde podemos descobrir diversas interpretações artísticas e estéticas desde lendas algarvias à Ria Formosa.</p>



<p>Criados com a utilização de instrumentos produzidos com material encontrado na natureza, pela captação da identidade de locais como Alte, Sagres e Tavira através das sonoridades que lhes são próprias, representando o Algarve idílico e natural em conjugação com o seu reverso, ou através de uma viagem feita com o recurso à Inteligência Artificial como modo de “contemplar nossa própria história, exploram-se futuros possíveis e podemos refletir sobre passados não realizados”, através destes trabalhos.</p>



<p>Convidamo-lo a viajar connosco pelo território e assim descobrir o desconhecido.</p>

<p>Exposição de Flymoustache, Marlon Duarte, Mateus Verde, Nuno Murta, Ricardo Cruzes e Rodrigo Gomes</p>

<!-- This site is optimized with the Yoast SEO Premium plugin v20.5 (Yoast SEO v20.9) - https://yoast.com/wordpress/plugins/seo/ -->
<title>Museu Zer0 - Descubra a Arte Digital</title>
<meta name="description" content="Museu Zer0 - Centro de Arte Digital. Programando iniciativas, apresentando, divulgando, e apoiando a criação artística digital." />
<meta name="robots" content="index, follow, max-snippet:-1, max-image-preview:large, max-video-preview:-1" />
<link rel="canonical" href="https://www.museu0.pt/pt/viagens/" />
<meta property="og:locale" content="pt_PT" />
<meta property="og:type" content="article" />
<meta property="og:title" content="Viagens" />
<meta property="og:description" content="Museu Zer0 - Centro de Arte Digital. Programando iniciativas, apresentando, divulgando, e apoiando a criação artística digital." />
<meta property="og:url" content="https://www.museu0.pt/pt/viagens/" />
<meta property="og:site_name" content="Museu0" />
<meta property="article:modified_time" content="2024-03-14T18:10:46+00:00" />
<meta property="og:image" content="https://www.museu0.pt/wp-content/uploads/2023/11/viagens.jpg" />
	<meta property="og:image:width" content="1080" />
	<meta property="og:image:height" content="1080" />
	<meta property="og:image:type" content="image/jpeg" />
<meta name="twitter:card" content="summary_large_image" />
<meta name="twitter:label1" content="Tempo estimado de leitura" />
	<meta name="twitter:data1" content="2 minutos" />
<script type="application/ld+json" class="yoast-schema-graph">{"@context":"https://schema.org","@graph":[{"@type":"WebPage","@id":"https://www.museu0.pt/viagens/","url":"https://www.museu0.pt/viagens/","name":"Museu Zer0 - Descubra a Arte Digital","isPartOf":{"@id":"https://www.museu0.pt/#website"},"datePublished":"2023-06-27T20:45:29+00:00","dateModified":"2024-03-14T18:10:46+00:00","description":"Museu Zer0 - Centro de Arte Digital. Programando iniciativas, apresentando, divulgando, e apoiando a criação artística digital.","breadcrumb":{"@id":"https://www.museu0.pt/viagens/#breadcrumb"},"inLanguage":"pt-PT","potentialAction":[{"@type":"ReadAction","target":["https://www.museu0.pt/viagens/"]}]},{"@type":"BreadcrumbList","@id":"https://www.museu0.pt/viagens/#breadcrumb","itemListElement":[{"@type":"ListItem","position":1,"name":"Home","item":"https://www.museu0.pt/pt/"},{"@type":"ListItem","position":2,"name":"Eventos","item":"https://www.museu0.pt/?post_type=evento"},{"@type":"ListItem","position":3,"name":"Viagens"}]},{"@type":"WebSite","@id":"https://www.museu0.pt/#website","url":"https://www.museu0.pt/","name":"Museu0","description":"Centro de Arte Digital","publisher":{"@id":"https://www.museu0.pt/#organization"},"potentialAction":[{"@type":"SearchAction","target":{"@type":"EntryPoint","urlTemplate":"https://www.museu0.pt/?s={search_term_string}"},"query-input":"required name=search_term_string"}],"inLanguage":"pt-PT"},{"@type":"Organization","@id":"https://www.museu0.pt/#organization","name":"Museu0","url":"https://www.museu0.pt/","logo":{"@type":"ImageObject","inLanguage":"pt-PT","@id":"https://www.museu0.pt/#/schema/logo/image/","url":"https://www.museu0.pt/wp-content/uploads/2023/11/museu0_logo_big.png","contentUrl":"https://www.museu0.pt/wp-content/uploads/2023/11/museu0_logo_big.png","width":1100,"height":1100,"caption":"Museu0"},"image":{"@id":"https://www.museu0.pt/#/schema/logo/image/"}}]}</script>
<!-- / Yoast SEO Premium plugin. -->

Museu Zer0 - Centro de Arte Digital. Programando iniciativas, apresentando, divulgando, e apoiando a criação artística digital.
