{"id":5323,"date":"2020-04-10T18:35:00","date_gmt":"2020-04-10T18:35:00","guid":{"rendered":"https:\/\/www.museu0.pt\/?post_type=evento&#038;p=5323"},"modified":"2024-01-11T19:20:41","modified_gmt":"2024-01-11T19:20:41","slug":"tavira-500","status":"publish","type":"evento","link":"https:\/\/www.museu0.pt\/pt\/evento\/tavira-500\/","title":{"rendered":"Tavira 500"},"content":{"rendered":"\n<p>A 16 de Mar\u00e7o de 1520, D. Manuel eleva Tavira a cidade. No \u00e2mbito das celebra\u00e7\u00f5es dos 500 anos deste acontecimento, o Museu Zer0 prop\u00f4s-se a fazer parte das celebra\u00e7\u00f5es do \u201ccaminho conquistado, de olhos postos no futuro\u201d.<\/p>\n\n\n\n<p>O Museu Zer0, organizou um Ciclo de eventos suportados pela arte digital, que apoiou a celebra\u00e7\u00e3o que a C\u00e2mara Municipal organizou, permitindo dar uma maior visibilidade para a cidade e concelho de Tavira, pela sua contemporaneidade, originalidade e valores est\u00e9ticos.<\/p>\n\n\n\n<p>Atrav\u00e9s do programa apresentado, o qual serviu tamb\u00e9m de terreno preparat\u00f3rio para um Festival BALSA \u2013 Bienal de Artes, Luz e Som do Algarve, a organizar em pr\u00f3ximos anos, pretendeu-se mostrar a import\u00e2ncia de Tavira que foi, ao longo de um grande per\u00edodo da hist\u00f3ria, a principal urbe do Algarve, com importante porto mercantil, lugar estrat\u00e9gico na expans\u00e3o portuguesa e terra de navegadores. As marcas dessa \u00e9poca s\u00e3o, ainda hoje, vis\u00edveis na cidade, estando presentes no urbanismo, perfil ribeirinho, ou em locais como conventos e igrejas.<\/p>\n\n\n\n<p>Apostou-se no contributo deste projeto para a cria\u00e7\u00e3o da imagem de uma Tavira contempor\u00e2nea, mas tamb\u00e9m do Algarve, enquanto regi\u00e3o moderna, criativa e inovadora, que preserva e comemora os feitos do passado e celebra o futuro.<\/p>\n\n\n\n<p><strong>Apresenta\u00e7\u00e3o de instala\u00e7\u00f5es na Ermida de S. Roque situada no Largo do Cano \u2013 em Julho e Agosto:<\/strong><\/p>\n\n\n\n<ul>\n<li>Instala\u00e7\u00e3o Tavira D, de Jo\u00e3o Martinho Moura &#8211; 31 de Julho a 14 de Agosto<\/li>\n\n\n\n<li>Instala\u00e7\u00e3o Lost Dimensions, de Marnix de Nijs &#8211; 15 a 30 de Agosto<\/li>\n<\/ul>\n\n\n\n<p><\/p>\n\n\n\n<p><strong>4 Concertos de m\u00fasica eletr\u00f3nica explorat\u00f3ria e contemplativa, nos claustros da Igreja do Carmo:<\/strong><\/p>\n\n\n\n<ul>\n<li>Joana Gama e Lu\u00eds Fernandes \u2013 5 de agosto<\/li>\n\n\n\n<li>IAN \u2013 12 de Agosto<\/li>\n\n\n\n<li>Marta de Pascalis \u2013 19 de Agosto<\/li>\n\n\n\n<li>Boris Chimp 504 \u2013 26 de Agosto<\/li>\n<\/ul>\n","protected":false},"excerpt":{"rendered":"<p>Apresenta\u00e7\u00e3o de Instala\u00e7\u00f5es e 4 Concertos de M\u00fasica Eletr\u00f3nica Explorat\u00f3ria e Contemplativa<\/p>\n","protected":false},"author":3,"featured_media":5325,"menu_order":0,"template":"","meta":[],"categories":[17],"yoast_head":"<!-- This site is optimized with the Yoast SEO Premium plugin v20.5 (Yoast SEO v20.9) - https:\/\/yoast.com\/wordpress\/plugins\/seo\/ -->\n<title>Museu Zer0 - Descubra a Arte Digital<\/title>\n<meta name=\"description\" content=\"Museu Zer0 - Centro de Arte Digital. Programando iniciativas, apresentando, divulgando, e apoiando a cria\u00e7\u00e3o art\u00edstica digital.\" \/>\n<meta name=\"robots\" content=\"index, follow, max-snippet:-1, max-image-preview:large, max-video-preview:-1\" \/>\n<link rel=\"canonical\" href=\"https:\/\/www.museu0.pt\/pt\/tavira-500\/\" \/>\n<meta property=\"og:locale\" content=\"pt_PT\" \/>\n<meta property=\"og:type\" content=\"article\" \/>\n<meta property=\"og:title\" content=\"Tavira 500\" \/>\n<meta property=\"og:description\" content=\"Museu Zer0 - Centro de Arte Digital. Programando iniciativas, apresentando, divulgando, e apoiando a cria\u00e7\u00e3o art\u00edstica digital.\" \/>\n<meta property=\"og:url\" content=\"https:\/\/www.museu0.pt\/pt\/tavira-500\/\" \/>\n<meta property=\"og:site_name\" content=\"Museu0\" \/>\n<meta property=\"article:modified_time\" content=\"2024-01-11T19:20:41+00:00\" \/>\n<meta property=\"og:image\" content=\"https:\/\/www.museu0.pt\/wp-content\/uploads\/2024\/01\/tavira_500.jpg\" \/>\n\t<meta property=\"og:image:width\" content=\"1200\" \/>\n\t<meta property=\"og:image:height\" content=\"560\" \/>\n\t<meta property=\"og:image:type\" content=\"image\/jpeg\" \/>\n<meta name=\"twitter:card\" content=\"summary_large_image\" \/>\n<meta name=\"twitter:label1\" content=\"Tempo estimado de leitura\" \/>\n\t<meta name=\"twitter:data1\" content=\"2 minutos\" \/>\n<script type=\"application\/ld+json\" class=\"yoast-schema-graph\">{\"@context\":\"https:\/\/schema.org\",\"@graph\":[{\"@type\":\"WebPage\",\"@id\":\"https:\/\/www.museu0.pt\/tavira-500\/\",\"url\":\"https:\/\/www.museu0.pt\/tavira-500\/\",\"name\":\"Museu Zer0 - Descubra a Arte Digital\",\"isPartOf\":{\"@id\":\"https:\/\/www.museu0.pt\/#website\"},\"datePublished\":\"2020-04-10T18:35:00+00:00\",\"dateModified\":\"2024-01-11T19:20:41+00:00\",\"description\":\"Museu Zer0 - Centro de Arte Digital. Programando iniciativas, apresentando, divulgando, e apoiando a cria\u00e7\u00e3o art\u00edstica digital.\",\"breadcrumb\":{\"@id\":\"https:\/\/www.museu0.pt\/tavira-500\/#breadcrumb\"},\"inLanguage\":\"pt-PT\",\"potentialAction\":[{\"@type\":\"ReadAction\",\"target\":[\"https:\/\/www.museu0.pt\/tavira-500\/\"]}]},{\"@type\":\"BreadcrumbList\",\"@id\":\"https:\/\/www.museu0.pt\/tavira-500\/#breadcrumb\",\"itemListElement\":[{\"@type\":\"ListItem\",\"position\":1,\"name\":\"Home\",\"item\":\"https:\/\/www.museu0.pt\/pt\/\"},{\"@type\":\"ListItem\",\"position\":2,\"name\":\"Eventos\",\"item\":\"https:\/\/www.museu0.pt\/?post_type=evento\"},{\"@type\":\"ListItem\",\"position\":3,\"name\":\"Tavira 500\"}]},{\"@type\":\"WebSite\",\"@id\":\"https:\/\/www.museu0.pt\/#website\",\"url\":\"https:\/\/www.museu0.pt\/\",\"name\":\"Museu0\",\"description\":\"Centro de Arte Digital\",\"publisher\":{\"@id\":\"https:\/\/www.museu0.pt\/#organization\"},\"potentialAction\":[{\"@type\":\"SearchAction\",\"target\":{\"@type\":\"EntryPoint\",\"urlTemplate\":\"https:\/\/www.museu0.pt\/?s={search_term_string}\"},\"query-input\":\"required name=search_term_string\"}],\"inLanguage\":\"pt-PT\"},{\"@type\":\"Organization\",\"@id\":\"https:\/\/www.museu0.pt\/#organization\",\"name\":\"Museu0\",\"url\":\"https:\/\/www.museu0.pt\/\",\"logo\":{\"@type\":\"ImageObject\",\"inLanguage\":\"pt-PT\",\"@id\":\"https:\/\/www.museu0.pt\/#\/schema\/logo\/image\/\",\"url\":\"https:\/\/www.museu0.pt\/wp-content\/uploads\/2023\/11\/museu0_logo_big.png\",\"contentUrl\":\"https:\/\/www.museu0.pt\/wp-content\/uploads\/2023\/11\/museu0_logo_big.png\",\"width\":1100,\"height\":1100,\"caption\":\"Museu0\"},\"image\":{\"@id\":\"https:\/\/www.museu0.pt\/#\/schema\/logo\/image\/\"}}]}<\/script>\n<!-- \/ Yoast SEO Premium plugin. -->","yoast_head_json":{"title":"Museu Zer0 - Descubra a Arte Digital","description":"Museu Zer0 - Centro de Arte Digital. Programando iniciativas, apresentando, divulgando, e apoiando a cria\u00e7\u00e3o art\u00edstica digital.","robots":{"index":"index","follow":"follow","max-snippet":"max-snippet:-1","max-image-preview":"max-image-preview:large","max-video-preview":"max-video-preview:-1"},"canonical":"https:\/\/www.museu0.pt\/pt\/tavira-500\/","og_locale":"pt_PT","og_type":"article","og_title":"Tavira 500","og_description":"Museu Zer0 - Centro de Arte Digital. Programando iniciativas, apresentando, divulgando, e apoiando a cria\u00e7\u00e3o art\u00edstica digital.","og_url":"https:\/\/www.museu0.pt\/pt\/tavira-500\/","og_site_name":"Museu0","article_modified_time":"2024-01-11T19:20:41+00:00","og_image":[{"width":1200,"height":560,"url":"https:\/\/www.museu0.pt\/wp-content\/uploads\/2024\/01\/tavira_500.jpg","type":"image\/jpeg"}],"twitter_card":"summary_large_image","twitter_misc":{"Tempo estimado de leitura":"2 minutos"},"schema":{"@context":"https:\/\/schema.org","@graph":[{"@type":"WebPage","@id":"https:\/\/www.museu0.pt\/tavira-500\/","url":"https:\/\/www.museu0.pt\/tavira-500\/","name":"Museu Zer0 - Descubra a Arte Digital","isPartOf":{"@id":"https:\/\/www.museu0.pt\/#website"},"datePublished":"2020-04-10T18:35:00+00:00","dateModified":"2024-01-11T19:20:41+00:00","description":"Museu Zer0 - Centro de Arte Digital. Programando iniciativas, apresentando, divulgando, e apoiando a cria\u00e7\u00e3o art\u00edstica digital.","breadcrumb":{"@id":"https:\/\/www.museu0.pt\/tavira-500\/#breadcrumb"},"inLanguage":"pt-PT","potentialAction":[{"@type":"ReadAction","target":["https:\/\/www.museu0.pt\/tavira-500\/"]}]},{"@type":"BreadcrumbList","@id":"https:\/\/www.museu0.pt\/tavira-500\/#breadcrumb","itemListElement":[{"@type":"ListItem","position":1,"name":"Home","item":"https:\/\/www.museu0.pt\/pt\/"},{"@type":"ListItem","position":2,"name":"Eventos","item":"https:\/\/www.museu0.pt\/?post_type=evento"},{"@type":"ListItem","position":3,"name":"Tavira 500"}]},{"@type":"WebSite","@id":"https:\/\/www.museu0.pt\/#website","url":"https:\/\/www.museu0.pt\/","name":"Museu0","description":"Centro de Arte Digital","publisher":{"@id":"https:\/\/www.museu0.pt\/#organization"},"potentialAction":[{"@type":"SearchAction","target":{"@type":"EntryPoint","urlTemplate":"https:\/\/www.museu0.pt\/?s={search_term_string}"},"query-input":"required name=search_term_string"}],"inLanguage":"pt-PT"},{"@type":"Organization","@id":"https:\/\/www.museu0.pt\/#organization","name":"Museu0","url":"https:\/\/www.museu0.pt\/","logo":{"@type":"ImageObject","inLanguage":"pt-PT","@id":"https:\/\/www.museu0.pt\/#\/schema\/logo\/image\/","url":"https:\/\/www.museu0.pt\/wp-content\/uploads\/2023\/11\/museu0_logo_big.png","contentUrl":"https:\/\/www.museu0.pt\/wp-content\/uploads\/2023\/11\/museu0_logo_big.png","width":1100,"height":1100,"caption":"Museu0"},"image":{"@id":"https:\/\/www.museu0.pt\/#\/schema\/logo\/image\/"}}]}},"_links":{"self":[{"href":"https:\/\/www.museu0.pt\/pt\/wp-json\/wp\/v2\/evento\/5323"}],"collection":[{"href":"https:\/\/www.museu0.pt\/pt\/wp-json\/wp\/v2\/evento"}],"about":[{"href":"https:\/\/www.museu0.pt\/pt\/wp-json\/wp\/v2\/types\/evento"}],"author":[{"embeddable":true,"href":"https:\/\/www.museu0.pt\/pt\/wp-json\/wp\/v2\/users\/3"}],"version-history":[{"count":6,"href":"https:\/\/www.museu0.pt\/pt\/wp-json\/wp\/v2\/evento\/5323\/revisions"}],"predecessor-version":[{"id":5339,"href":"https:\/\/www.museu0.pt\/pt\/wp-json\/wp\/v2\/evento\/5323\/revisions\/5339"}],"wp:featuredmedia":[{"embeddable":true,"href":"https:\/\/www.museu0.pt\/pt\/wp-json\/wp\/v2\/media\/5325"}],"wp:attachment":[{"href":"https:\/\/www.museu0.pt\/pt\/wp-json\/wp\/v2\/media?parent=5323"}],"wp:term":[{"taxonomy":"category","embeddable":true,"href":"https:\/\/www.museu0.pt\/pt\/wp-json\/wp\/v2\/categories?post=5323"}],"curies":[{"name":"wp","href":"https:\/\/api.w.org\/{rel}","templated":true}]}}

<p>A 16 de Março de 1520, D. Manuel eleva Tavira a cidade. No âmbito das celebrações dos 500 anos deste acontecimento, o Museu Zer0 propôs-se a fazer parte das celebrações do “caminho conquistado, de olhos postos no futuro”.</p>



<p>O Museu Zer0, organizou um Ciclo de eventos suportados pela arte digital, que apoiou a celebração que a Câmara Municipal organizou, permitindo dar uma maior visibilidade para a cidade e concelho de Tavira, pela sua contemporaneidade, originalidade e valores estéticos.</p>



<p>Através do programa apresentado, o qual serviu também de terreno preparatório para um Festival BALSA – Bienal de Artes, Luz e Som do Algarve, a organizar em próximos anos, pretendeu-se mostrar a importância de Tavira que foi, ao longo de um grande período da história, a principal urbe do Algarve, com importante porto mercantil, lugar estratégico na expansão portuguesa e terra de navegadores. As marcas dessa época são, ainda hoje, visíveis na cidade, estando presentes no urbanismo, perfil ribeirinho, ou em locais como conventos e igrejas.</p>



<p>Apostou-se no contributo deste projeto para a criação da imagem de uma Tavira contemporânea, mas também do Algarve, enquanto região moderna, criativa e inovadora, que preserva e comemora os feitos do passado e celebra o futuro.</p>



<p><strong>Apresentação de instalações na Ermida de S. Roque situada no Largo do Cano – em Julho e Agosto:</strong></p>



<ul>
<li>Instalação Tavira D, de João Martinho Moura &#8211; 31 de Julho a 14 de Agosto</li>



<li>Instalação Lost Dimensions, de Marnix de Nijs &#8211; 15 a 30 de Agosto</li>
</ul>



<p></p>



<p><strong>4 Concertos de música eletrónica exploratória e contemplativa, nos claustros da Igreja do Carmo:</strong></p>



<ul>
<li>Joana Gama e Luís Fernandes – 5 de agosto</li>



<li>IAN – 12 de Agosto</li>



<li>Marta de Pascalis – 19 de Agosto</li>



<li>Boris Chimp 504 – 26 de Agosto</li>
</ul>

<p>Apresentação de Instalações e 4 Concertos de Música Eletrónica Exploratória e Contemplativa</p>

<!-- This site is optimized with the Yoast SEO Premium plugin v20.5 (Yoast SEO v20.9) - https://yoast.com/wordpress/plugins/seo/ -->
<title>Museu Zer0 - Descubra a Arte Digital</title>
<meta name="description" content="Museu Zer0 - Centro de Arte Digital. Programando iniciativas, apresentando, divulgando, e apoiando a criação artística digital." />
<meta name="robots" content="index, follow, max-snippet:-1, max-image-preview:large, max-video-preview:-1" />
<link rel="canonical" href="https://www.museu0.pt/pt/tavira-500/" />
<meta property="og:locale" content="pt_PT" />
<meta property="og:type" content="article" />
<meta property="og:title" content="Tavira 500" />
<meta property="og:description" content="Museu Zer0 - Centro de Arte Digital. Programando iniciativas, apresentando, divulgando, e apoiando a criação artística digital." />
<meta property="og:url" content="https://www.museu0.pt/pt/tavira-500/" />
<meta property="og:site_name" content="Museu0" />
<meta property="article:modified_time" content="2024-01-11T19:20:41+00:00" />
<meta property="og:image" content="https://www.museu0.pt/wp-content/uploads/2024/01/tavira_500.jpg" />
	<meta property="og:image:width" content="1200" />
	<meta property="og:image:height" content="560" />
	<meta property="og:image:type" content="image/jpeg" />
<meta name="twitter:card" content="summary_large_image" />
<meta name="twitter:label1" content="Tempo estimado de leitura" />
	<meta name="twitter:data1" content="2 minutos" />
<script type="application/ld+json" class="yoast-schema-graph">{"@context":"https://schema.org","@graph":[{"@type":"WebPage","@id":"https://www.museu0.pt/tavira-500/","url":"https://www.museu0.pt/tavira-500/","name":"Museu Zer0 - Descubra a Arte Digital","isPartOf":{"@id":"https://www.museu0.pt/#website"},"datePublished":"2020-04-10T18:35:00+00:00","dateModified":"2024-01-11T19:20:41+00:00","description":"Museu Zer0 - Centro de Arte Digital. Programando iniciativas, apresentando, divulgando, e apoiando a criação artística digital.","breadcrumb":{"@id":"https://www.museu0.pt/tavira-500/#breadcrumb"},"inLanguage":"pt-PT","potentialAction":[{"@type":"ReadAction","target":["https://www.museu0.pt/tavira-500/"]}]},{"@type":"BreadcrumbList","@id":"https://www.museu0.pt/tavira-500/#breadcrumb","itemListElement":[{"@type":"ListItem","position":1,"name":"Home","item":"https://www.museu0.pt/pt/"},{"@type":"ListItem","position":2,"name":"Eventos","item":"https://www.museu0.pt/?post_type=evento"},{"@type":"ListItem","position":3,"name":"Tavira 500"}]},{"@type":"WebSite","@id":"https://www.museu0.pt/#website","url":"https://www.museu0.pt/","name":"Museu0","description":"Centro de Arte Digital","publisher":{"@id":"https://www.museu0.pt/#organization"},"potentialAction":[{"@type":"SearchAction","target":{"@type":"EntryPoint","urlTemplate":"https://www.museu0.pt/?s={search_term_string}"},"query-input":"required name=search_term_string"}],"inLanguage":"pt-PT"},{"@type":"Organization","@id":"https://www.museu0.pt/#organization","name":"Museu0","url":"https://www.museu0.pt/","logo":{"@type":"ImageObject","inLanguage":"pt-PT","@id":"https://www.museu0.pt/#/schema/logo/image/","url":"https://www.museu0.pt/wp-content/uploads/2023/11/museu0_logo_big.png","contentUrl":"https://www.museu0.pt/wp-content/uploads/2023/11/museu0_logo_big.png","width":1100,"height":1100,"caption":"Museu0"},"image":{"@id":"https://www.museu0.pt/#/schema/logo/image/"}}]}</script>
<!-- / Yoast SEO Premium plugin. -->

Museu Zer0 - Centro de Arte Digital. Programando iniciativas, apresentando, divulgando, e apoiando a criação artística digital.
