{"id":5827,"date":"2024-12-04T14:40:00","date_gmt":"2024-12-04T14:40:00","guid":{"rendered":"https:\/\/www.museu0.pt\/?post_type=evento&#038;p=5827"},"modified":"2024-12-10T15:04:16","modified_gmt":"2024-12-10T15:04:16","slug":"paisagens-eletr0nicas","status":"publish","type":"evento","link":"https:\/\/www.museu0.pt\/pt\/evento\/paisagens-eletr0nicas\/","title":{"rendered":"Paisagens Eletr0nicas"},"content":{"rendered":"\n<p>O Rock da Baixa Mar, em parceria com a Casa do Povo de Santa Catarina da Fonte do Bispo, o LAC e o Museu Zer0, apresenta o ciclo de concertos Paisagens Eletr0nicas.<br>Os artistas Andr\u00e9 Conde, Mpex e Tom\u00e1s Tello apresentar\u00e3o m\u00fasica eletr\u00f3nica contemplativa e experimental, muitas vezes suportada por instrumentos anal\u00f3gicos, produzindo sonoridades originais e inesquec\u00edveis.<\/p>\n\n\n\n<p><strong>Andr\u00e9 Conde<\/strong><\/p>\n\n\n\n<p>Doutorado em M\u00fasica e Musicologia, especialidade Interpreta\u00e7\u00e3o (Universidade de \u00c9vora), Mestre em Performance Orquestral &#8211; trombone (Universidade de Artes de Zurique), Mestre em Performance Solista &#8211; trombone (Universidade de Artes de Zurique), Licenciatura bi-et\u00e1pica Instrumentista de Orquestra (Academia Nacional Superior de Orquestra).<br>Experi\u00eancia de Orquestra da \u00d3pera de Zurique ; Malaysian Philharmonic Orchestra; Tonhalle Orchester Z\u00fcrich; Orquestra Gullbenkian, Orquestra Metropolitana de Lisboa; Orquestra Sinf\u00f3nica do Porto\u2013 Casa da M\u00fasica; Orquestra Sinfonietta de Lisboa; Orquestra Cl\u00e1ssica do Sul; entre outras.<br>\u00c9 docente na Universidade de \u00c9vora nas disciplinas de trombone e m\u00fasica de c\u00e2mara desde 2017, exercendo tamb\u00e9m fun\u00e7\u00f5es de docente de trombone e m\u00fasica de c\u00e2mara em diversas institui\u00e7\u00f5es ao longo dos anos nomeadamente Academia Nacional Superior de Orquestra, Escola de M\u00fasica do Conservat\u00f3rio Nacional, entre outras.<br>Realizou resid\u00eancias art\u00edsticas promovidas pelo Plano Nacional das Artes no \u00e2mbito da m\u00fasica, artes e tecnologias.<\/p>\n\n\n\n<p><strong>M-PeX<\/strong><\/p>\n\n\n\n<p>M-PeX \u00e9 um m\u00fasico multi-instrumentista, compositor, sound-designer e produtor que tem na guitarra portuguesa o tra\u00e7o distintivo da sua identidade musical, posicionando-a enquanto instrumento solista em ambientes sonoros diversificados, incluindo m\u00fasica electr\u00f3nica. As suas cria\u00e7\u00f5es ensaiam modernizar e globalizar este instrumento tradicional da cultura portuguesa, culminando numa arrojada e inovadora conflu\u00eancia musical.<\/p>\n\n\n\n<p>Natural de Lisboa, Marco Pinheiro Miranda cedo come\u00e7a a tocar viola de acompanhamento de Fado com o seu av\u00f4 Lu\u00eds Pinheiro, mestre da guitarra portuguesa, acompanhando-o em in\u00fameras casas de Fado e em eventos privados. Pouco mais tarde, o seu av\u00f4 oferece-lhe a sua primeira guitarra portuguesa e transmite-lhe a t\u00e9cnica, a escola e os m\u00e9todos. Entusiasta da produ\u00e7\u00e3o de m\u00fasica electr\u00f3nica, e recusando circunscrever a guitarra portuguesa ao universo do Fado, adopta, em 1999, o nome art\u00edstico de M-PeX, criando uma sonoridade em que combina a guitarra portuguesa com este segmento musical. Enquanto engenheiro f\u00edsico, e em paralelo com a actividade art\u00edstica, dedica-se \u00e0 investiga\u00e7\u00e3o cient\u00edfica do efeito da m\u00fasica e do som nas ondas cerebrais humanas, com \u00e1reas de interesse em computa\u00e7\u00e3o sonora-musical, sonifica\u00e7\u00e3o e composi\u00e7\u00e3o musical generativa, processamento de sinal, interfaces c\u00e9rebro-m\u00e1quina, mapeamento EEG, sonifica\u00e7\u00e3o EEG e de outros (bio)sinais. Dedica-se igualmente \u00e0 composi\u00e7\u00e3o e produ\u00e7\u00e3o de bandas sonoras originais (autoria e co-autoria), realizando tamb\u00e9m licenciamentos, arranjos, remisturas, sonoriza\u00e7\u00e3o, sonoplastia, sound design, edi\u00e7\u00e3o, produ\u00e7\u00e3o e p\u00f3s-produ\u00e7\u00e3o de \u00e1udio para cinema, televis\u00e3o, teatro, web, videojogos e r\u00e1dio, executando tamb\u00e9m trabalhos de grava\u00e7\u00e3o, mistura e masteriza\u00e7\u00e3o. Os seus mais recentes discos &#8211; CYNETIK-1 (2023) e LIVRE (2024) &#8211; foram editados pela Enough Records no \u00e2mbito da resid\u00eancia art\u00edstica PRALAC no LAC. Ao vivo, faz-se acompanhar da sua guitarra portuguesa, pedaleiras de efeitos e do seu computador, actuando a solo e, por vezes, com convidados.<\/p>\n\n\n\n<p>LINKS<\/p>\n\n\n\n<p>Link-in-bio: bit.ly\/m\/m-pex<br>Promo-kit (PDF): bit.ly\/mpex-promo-pt<br>Sound design (PDF): bit.ly\/mpex-sound-pt<br>mpex.bandcamp.com\/<br>instagram.com\/mpex_music\/<\/p>\n\n\n\n<p><strong>Tom\u00e1s Tello<\/strong><br>O seu trabalho \u00e9 profundamente inspirado em formas musicais antigas e sons ambientais. Ele tamb\u00e9m est\u00e1 interessado nas possibilidades que um m\u00fasico tem de se multiplicar. Para atingir esta multiplicidade utiliza um conjunto variado de instrumentos que incluem D.I.Y. electr\u00f3nica, walkmans de cassetes, dispositivos de interfer\u00eancia, guitarras, samplers, vozes, flautas, sinos, etc. \u00c9 sua inten\u00e7\u00e3o expressar preocupa\u00e7\u00e3o pela contempla\u00e7\u00e3o, paci\u00eancia e estabelecer uma rela\u00e7\u00e3o pr\u00f3xima, calorosa e fecunda com os sons que nos rodeiam.<\/p>\n\n\n\n<p><br><\/p>\n","protected":false},"excerpt":{"rendered":"<p>Paisagens Eletr0nicas<\/p>\n","protected":false},"author":1,"featured_media":5830,"menu_order":0,"template":"","meta":[],"categories":[17],"yoast_head":"<!-- This site is optimized with the Yoast SEO Premium plugin v20.5 (Yoast SEO v20.9) - https:\/\/yoast.com\/wordpress\/plugins\/seo\/ -->\n<title>Museu Zer0 - Descubra a Arte Digital<\/title>\n<meta name=\"description\" content=\"Museu Zer0 - Centro de Arte Digital. Programando iniciativas, apresentando, divulgando, e apoiando a cria\u00e7\u00e3o art\u00edstica digital.\" \/>\n<meta name=\"robots\" content=\"index, follow, max-snippet:-1, max-image-preview:large, max-video-preview:-1\" \/>\n<link rel=\"canonical\" href=\"https:\/\/www.museu0.pt\/pt\/evento\/paisagens-eletr0nicas\/\" \/>\n<meta property=\"og:locale\" content=\"pt_PT\" \/>\n<meta property=\"og:type\" content=\"article\" \/>\n<meta property=\"og:title\" content=\"Paisagens Eletr0nicas\" \/>\n<meta property=\"og:description\" content=\"Museu Zer0 - Centro de Arte Digital. Programando iniciativas, apresentando, divulgando, e apoiando a cria\u00e7\u00e3o art\u00edstica digital.\" \/>\n<meta property=\"og:url\" content=\"https:\/\/www.museu0.pt\/pt\/evento\/paisagens-eletr0nicas\/\" \/>\n<meta property=\"og:site_name\" content=\"Museu0\" \/>\n<meta property=\"article:modified_time\" content=\"2024-12-10T15:04:16+00:00\" \/>\n<meta property=\"og:image\" content=\"https:\/\/www.museu0.pt\/wp-content\/uploads\/2024\/12\/Picture1-1024x575.png\" \/>\n\t<meta property=\"og:image:width\" content=\"1024\" \/>\n\t<meta property=\"og:image:height\" content=\"575\" \/>\n\t<meta property=\"og:image:type\" content=\"image\/png\" \/>\n<meta name=\"twitter:card\" content=\"summary_large_image\" \/>\n<meta name=\"twitter:label1\" content=\"Tempo estimado de leitura\" \/>\n\t<meta name=\"twitter:data1\" content=\"4 minutos\" \/>\n<script type=\"application\/ld+json\" class=\"yoast-schema-graph\">{\"@context\":\"https:\/\/schema.org\",\"@graph\":[{\"@type\":\"WebPage\",\"@id\":\"https:\/\/www.museu0.pt\/evento\/paisagens-eletr0nicas\/\",\"url\":\"https:\/\/www.museu0.pt\/evento\/paisagens-eletr0nicas\/\",\"name\":\"Museu Zer0 - Descubra a Arte Digital\",\"isPartOf\":{\"@id\":\"https:\/\/www.museu0.pt\/#website\"},\"datePublished\":\"2024-12-04T14:40:00+00:00\",\"dateModified\":\"2024-12-10T15:04:16+00:00\",\"description\":\"Museu Zer0 - Centro de Arte Digital. Programando iniciativas, apresentando, divulgando, e apoiando a cria\u00e7\u00e3o art\u00edstica digital.\",\"breadcrumb\":{\"@id\":\"https:\/\/www.museu0.pt\/evento\/paisagens-eletr0nicas\/#breadcrumb\"},\"inLanguage\":\"pt-PT\",\"potentialAction\":[{\"@type\":\"ReadAction\",\"target\":[\"https:\/\/www.museu0.pt\/evento\/paisagens-eletr0nicas\/\"]}]},{\"@type\":\"BreadcrumbList\",\"@id\":\"https:\/\/www.museu0.pt\/evento\/paisagens-eletr0nicas\/#breadcrumb\",\"itemListElement\":[{\"@type\":\"ListItem\",\"position\":1,\"name\":\"Home\",\"item\":\"https:\/\/www.museu0.pt\/pt\/\"},{\"@type\":\"ListItem\",\"position\":2,\"name\":\"Eventos\",\"item\":\"https:\/\/www.museu0.pt\/?post_type=evento\"},{\"@type\":\"ListItem\",\"position\":3,\"name\":\"Paisagens Eletr0nicas\"}]},{\"@type\":\"WebSite\",\"@id\":\"https:\/\/www.museu0.pt\/#website\",\"url\":\"https:\/\/www.museu0.pt\/\",\"name\":\"Museu0\",\"description\":\"Centro de Arte Digital\",\"publisher\":{\"@id\":\"https:\/\/www.museu0.pt\/#organization\"},\"potentialAction\":[{\"@type\":\"SearchAction\",\"target\":{\"@type\":\"EntryPoint\",\"urlTemplate\":\"https:\/\/www.museu0.pt\/?s={search_term_string}\"},\"query-input\":\"required name=search_term_string\"}],\"inLanguage\":\"pt-PT\"},{\"@type\":\"Organization\",\"@id\":\"https:\/\/www.museu0.pt\/#organization\",\"name\":\"Museu0\",\"url\":\"https:\/\/www.museu0.pt\/\",\"logo\":{\"@type\":\"ImageObject\",\"inLanguage\":\"pt-PT\",\"@id\":\"https:\/\/www.museu0.pt\/#\/schema\/logo\/image\/\",\"url\":\"https:\/\/www.museu0.pt\/wp-content\/uploads\/2023\/11\/museu0_logo_big.png\",\"contentUrl\":\"https:\/\/www.museu0.pt\/wp-content\/uploads\/2023\/11\/museu0_logo_big.png\",\"width\":1100,\"height\":1100,\"caption\":\"Museu0\"},\"image\":{\"@id\":\"https:\/\/www.museu0.pt\/#\/schema\/logo\/image\/\"}}]}<\/script>\n<!-- \/ Yoast SEO Premium plugin. -->","yoast_head_json":{"title":"Museu Zer0 - Descubra a Arte Digital","description":"Museu Zer0 - Centro de Arte Digital. Programando iniciativas, apresentando, divulgando, e apoiando a cria\u00e7\u00e3o art\u00edstica digital.","robots":{"index":"index","follow":"follow","max-snippet":"max-snippet:-1","max-image-preview":"max-image-preview:large","max-video-preview":"max-video-preview:-1"},"canonical":"https:\/\/www.museu0.pt\/pt\/evento\/paisagens-eletr0nicas\/","og_locale":"pt_PT","og_type":"article","og_title":"Paisagens Eletr0nicas","og_description":"Museu Zer0 - Centro de Arte Digital. Programando iniciativas, apresentando, divulgando, e apoiando a cria\u00e7\u00e3o art\u00edstica digital.","og_url":"https:\/\/www.museu0.pt\/pt\/evento\/paisagens-eletr0nicas\/","og_site_name":"Museu0","article_modified_time":"2024-12-10T15:04:16+00:00","og_image":[{"width":1024,"height":575,"url":"https:\/\/www.museu0.pt\/wp-content\/uploads\/2024\/12\/Picture1-1024x575.png","type":"image\/png"}],"twitter_card":"summary_large_image","twitter_misc":{"Tempo estimado de leitura":"4 minutos"},"schema":{"@context":"https:\/\/schema.org","@graph":[{"@type":"WebPage","@id":"https:\/\/www.museu0.pt\/evento\/paisagens-eletr0nicas\/","url":"https:\/\/www.museu0.pt\/evento\/paisagens-eletr0nicas\/","name":"Museu Zer0 - Descubra a Arte Digital","isPartOf":{"@id":"https:\/\/www.museu0.pt\/#website"},"datePublished":"2024-12-04T14:40:00+00:00","dateModified":"2024-12-10T15:04:16+00:00","description":"Museu Zer0 - Centro de Arte Digital. Programando iniciativas, apresentando, divulgando, e apoiando a cria\u00e7\u00e3o art\u00edstica digital.","breadcrumb":{"@id":"https:\/\/www.museu0.pt\/evento\/paisagens-eletr0nicas\/#breadcrumb"},"inLanguage":"pt-PT","potentialAction":[{"@type":"ReadAction","target":["https:\/\/www.museu0.pt\/evento\/paisagens-eletr0nicas\/"]}]},{"@type":"BreadcrumbList","@id":"https:\/\/www.museu0.pt\/evento\/paisagens-eletr0nicas\/#breadcrumb","itemListElement":[{"@type":"ListItem","position":1,"name":"Home","item":"https:\/\/www.museu0.pt\/pt\/"},{"@type":"ListItem","position":2,"name":"Eventos","item":"https:\/\/www.museu0.pt\/?post_type=evento"},{"@type":"ListItem","position":3,"name":"Paisagens Eletr0nicas"}]},{"@type":"WebSite","@id":"https:\/\/www.museu0.pt\/#website","url":"https:\/\/www.museu0.pt\/","name":"Museu0","description":"Centro de Arte Digital","publisher":{"@id":"https:\/\/www.museu0.pt\/#organization"},"potentialAction":[{"@type":"SearchAction","target":{"@type":"EntryPoint","urlTemplate":"https:\/\/www.museu0.pt\/?s={search_term_string}"},"query-input":"required name=search_term_string"}],"inLanguage":"pt-PT"},{"@type":"Organization","@id":"https:\/\/www.museu0.pt\/#organization","name":"Museu0","url":"https:\/\/www.museu0.pt\/","logo":{"@type":"ImageObject","inLanguage":"pt-PT","@id":"https:\/\/www.museu0.pt\/#\/schema\/logo\/image\/","url":"https:\/\/www.museu0.pt\/wp-content\/uploads\/2023\/11\/museu0_logo_big.png","contentUrl":"https:\/\/www.museu0.pt\/wp-content\/uploads\/2023\/11\/museu0_logo_big.png","width":1100,"height":1100,"caption":"Museu0"},"image":{"@id":"https:\/\/www.museu0.pt\/#\/schema\/logo\/image\/"}}]}},"_links":{"self":[{"href":"https:\/\/www.museu0.pt\/pt\/wp-json\/wp\/v2\/evento\/5827"}],"collection":[{"href":"https:\/\/www.museu0.pt\/pt\/wp-json\/wp\/v2\/evento"}],"about":[{"href":"https:\/\/www.museu0.pt\/pt\/wp-json\/wp\/v2\/types\/evento"}],"author":[{"embeddable":true,"href":"https:\/\/www.museu0.pt\/pt\/wp-json\/wp\/v2\/users\/1"}],"version-history":[{"count":3,"href":"https:\/\/www.museu0.pt\/pt\/wp-json\/wp\/v2\/evento\/5827\/revisions"}],"predecessor-version":[{"id":5831,"href":"https:\/\/www.museu0.pt\/pt\/wp-json\/wp\/v2\/evento\/5827\/revisions\/5831"}],"wp:featuredmedia":[{"embeddable":true,"href":"https:\/\/www.museu0.pt\/pt\/wp-json\/wp\/v2\/media\/5830"}],"wp:attachment":[{"href":"https:\/\/www.museu0.pt\/pt\/wp-json\/wp\/v2\/media?parent=5827"}],"wp:term":[{"taxonomy":"category","embeddable":true,"href":"https:\/\/www.museu0.pt\/pt\/wp-json\/wp\/v2\/categories?post=5827"}],"curies":[{"name":"wp","href":"https:\/\/api.w.org\/{rel}","templated":true}]}}

<p>O Rock da Baixa Mar, em parceria com a Casa do Povo de Santa Catarina da Fonte do Bispo, o LAC e o Museu Zer0, apresenta o ciclo de concertos Paisagens Eletr0nicas.<br>Os artistas André Conde, Mpex e Tomás Tello apresentarão música eletrónica contemplativa e experimental, muitas vezes suportada por instrumentos analógicos, produzindo sonoridades originais e inesquecíveis.</p>



<p><strong>André Conde</strong></p>



<p>Doutorado em Música e Musicologia, especialidade Interpretação (Universidade de Évora), Mestre em Performance Orquestral &#8211; trombone (Universidade de Artes de Zurique), Mestre em Performance Solista &#8211; trombone (Universidade de Artes de Zurique), Licenciatura bi-etápica Instrumentista de Orquestra (Academia Nacional Superior de Orquestra).<br>Experiência de Orquestra da Ópera de Zurique ; Malaysian Philharmonic Orchestra; Tonhalle Orchester Zürich; Orquestra Gullbenkian, Orquestra Metropolitana de Lisboa; Orquestra Sinfónica do Porto– Casa da Música; Orquestra Sinfonietta de Lisboa; Orquestra Clássica do Sul; entre outras.<br>É docente na Universidade de Évora nas disciplinas de trombone e música de câmara desde 2017, exercendo também funções de docente de trombone e música de câmara em diversas instituições ao longo dos anos nomeadamente Academia Nacional Superior de Orquestra, Escola de Música do Conservatório Nacional, entre outras.<br>Realizou residências artísticas promovidas pelo Plano Nacional das Artes no âmbito da música, artes e tecnologias.</p>



<p><strong>M-PeX</strong></p>



<p>M-PeX é um músico multi-instrumentista, compositor, sound-designer e produtor que tem na guitarra portuguesa o traço distintivo da sua identidade musical, posicionando-a enquanto instrumento solista em ambientes sonoros diversificados, incluindo música electrónica. As suas criações ensaiam modernizar e globalizar este instrumento tradicional da cultura portuguesa, culminando numa arrojada e inovadora confluência musical.</p>



<p>Natural de Lisboa, Marco Pinheiro Miranda cedo começa a tocar viola de acompanhamento de Fado com o seu avô Luís Pinheiro, mestre da guitarra portuguesa, acompanhando-o em inúmeras casas de Fado e em eventos privados. Pouco mais tarde, o seu avô oferece-lhe a sua primeira guitarra portuguesa e transmite-lhe a técnica, a escola e os métodos. Entusiasta da produção de música electrónica, e recusando circunscrever a guitarra portuguesa ao universo do Fado, adopta, em 1999, o nome artístico de M-PeX, criando uma sonoridade em que combina a guitarra portuguesa com este segmento musical. Enquanto engenheiro físico, e em paralelo com a actividade artística, dedica-se à investigação científica do efeito da música e do som nas ondas cerebrais humanas, com áreas de interesse em computação sonora-musical, sonificação e composição musical generativa, processamento de sinal, interfaces cérebro-máquina, mapeamento EEG, sonificação EEG e de outros (bio)sinais. Dedica-se igualmente à composição e produção de bandas sonoras originais (autoria e co-autoria), realizando também licenciamentos, arranjos, remisturas, sonorização, sonoplastia, sound design, edição, produção e pós-produção de áudio para cinema, televisão, teatro, web, videojogos e rádio, executando também trabalhos de gravação, mistura e masterização. Os seus mais recentes discos &#8211; CYNETIK-1 (2023) e LIVRE (2024) &#8211; foram editados pela Enough Records no âmbito da residência artística PRALAC no LAC. Ao vivo, faz-se acompanhar da sua guitarra portuguesa, pedaleiras de efeitos e do seu computador, actuando a solo e, por vezes, com convidados.</p>



<p>LINKS</p>



<p>Link-in-bio: bit.ly/m/m-pex<br>Promo-kit (PDF): bit.ly/mpex-promo-pt<br>Sound design (PDF): bit.ly/mpex-sound-pt<br>mpex.bandcamp.com/<br>instagram.com/mpex_music/</p>



<p><strong>Tomás Tello</strong><br>O seu trabalho é profundamente inspirado em formas musicais antigas e sons ambientais. Ele também está interessado nas possibilidades que um músico tem de se multiplicar. Para atingir esta multiplicidade utiliza um conjunto variado de instrumentos que incluem D.I.Y. electrónica, walkmans de cassetes, dispositivos de interferência, guitarras, samplers, vozes, flautas, sinos, etc. É sua intenção expressar preocupação pela contemplação, paciência e estabelecer uma relação próxima, calorosa e fecunda com os sons que nos rodeiam.</p>



<p><br></p>

<!-- This site is optimized with the Yoast SEO Premium plugin v20.5 (Yoast SEO v20.9) - https://yoast.com/wordpress/plugins/seo/ -->
<title>Museu Zer0 - Descubra a Arte Digital</title>
<meta name="description" content="Museu Zer0 - Centro de Arte Digital. Programando iniciativas, apresentando, divulgando, e apoiando a criação artística digital." />
<meta name="robots" content="index, follow, max-snippet:-1, max-image-preview:large, max-video-preview:-1" />
<link rel="canonical" href="https://www.museu0.pt/pt/evento/paisagens-eletr0nicas/" />
<meta property="og:locale" content="pt_PT" />
<meta property="og:type" content="article" />
<meta property="og:title" content="Paisagens Eletr0nicas" />
<meta property="og:description" content="Museu Zer0 - Centro de Arte Digital. Programando iniciativas, apresentando, divulgando, e apoiando a criação artística digital." />
<meta property="og:url" content="https://www.museu0.pt/pt/evento/paisagens-eletr0nicas/" />
<meta property="og:site_name" content="Museu0" />
<meta property="article:modified_time" content="2024-12-10T15:04:16+00:00" />
<meta property="og:image" content="https://www.museu0.pt/wp-content/uploads/2024/12/Picture1-1024x575.png" />
	<meta property="og:image:width" content="1024" />
	<meta property="og:image:height" content="575" />
	<meta property="og:image:type" content="image/png" />
<meta name="twitter:card" content="summary_large_image" />
<meta name="twitter:label1" content="Tempo estimado de leitura" />
	<meta name="twitter:data1" content="4 minutos" />
<script type="application/ld+json" class="yoast-schema-graph">{"@context":"https://schema.org","@graph":[{"@type":"WebPage","@id":"https://www.museu0.pt/evento/paisagens-eletr0nicas/","url":"https://www.museu0.pt/evento/paisagens-eletr0nicas/","name":"Museu Zer0 - Descubra a Arte Digital","isPartOf":{"@id":"https://www.museu0.pt/#website"},"datePublished":"2024-12-04T14:40:00+00:00","dateModified":"2024-12-10T15:04:16+00:00","description":"Museu Zer0 - Centro de Arte Digital. Programando iniciativas, apresentando, divulgando, e apoiando a criação artística digital.","breadcrumb":{"@id":"https://www.museu0.pt/evento/paisagens-eletr0nicas/#breadcrumb"},"inLanguage":"pt-PT","potentialAction":[{"@type":"ReadAction","target":["https://www.museu0.pt/evento/paisagens-eletr0nicas/"]}]},{"@type":"BreadcrumbList","@id":"https://www.museu0.pt/evento/paisagens-eletr0nicas/#breadcrumb","itemListElement":[{"@type":"ListItem","position":1,"name":"Home","item":"https://www.museu0.pt/pt/"},{"@type":"ListItem","position":2,"name":"Eventos","item":"https://www.museu0.pt/?post_type=evento"},{"@type":"ListItem","position":3,"name":"Paisagens Eletr0nicas"}]},{"@type":"WebSite","@id":"https://www.museu0.pt/#website","url":"https://www.museu0.pt/","name":"Museu0","description":"Centro de Arte Digital","publisher":{"@id":"https://www.museu0.pt/#organization"},"potentialAction":[{"@type":"SearchAction","target":{"@type":"EntryPoint","urlTemplate":"https://www.museu0.pt/?s={search_term_string}"},"query-input":"required name=search_term_string"}],"inLanguage":"pt-PT"},{"@type":"Organization","@id":"https://www.museu0.pt/#organization","name":"Museu0","url":"https://www.museu0.pt/","logo":{"@type":"ImageObject","inLanguage":"pt-PT","@id":"https://www.museu0.pt/#/schema/logo/image/","url":"https://www.museu0.pt/wp-content/uploads/2023/11/museu0_logo_big.png","contentUrl":"https://www.museu0.pt/wp-content/uploads/2023/11/museu0_logo_big.png","width":1100,"height":1100,"caption":"Museu0"},"image":{"@id":"https://www.museu0.pt/#/schema/logo/image/"}}]}</script>
<!-- / Yoast SEO Premium plugin. -->

Museu Zer0 - Centro de Arte Digital. Programando iniciativas, apresentando, divulgando, e apoiando a criação artística digital.
