{"id":5995,"date":"2025-09-18T17:01:14","date_gmt":"2025-09-18T17:01:14","guid":{"rendered":"https:\/\/www.museu0.pt\/?post_type=evento&#038;p=5995"},"modified":"2025-10-28T06:24:49","modified_gmt":"2025-10-28T06:24:49","slug":"sonoscopia-em-residencia-artisitca","status":"publish","type":"evento","link":"https:\/\/www.museu0.pt\/pt\/evento\/sonoscopia-em-residencia-artisitca\/","title":{"rendered":"Sonoscopia em Resid\u00eancia Art\u00edsitca"},"content":{"rendered":"\n<p>A Sonoscopia \u00e9 uma associa\u00e7\u00e3o para a cria\u00e7\u00e3o, produ\u00e7\u00e3o e promo\u00e7\u00e3o de projectos art\u00edsticos e educativos, centrada nas \u00e1reas da m\u00fasica experimental, na pesquisa sonora e nos seus cruzamentos transdisciplinares.<\/p>\n\n\n\n<p>Desde a sua cria\u00e7\u00e3o, em 2011, produziu mais de 700 eventos, cria\u00e7\u00f5es art\u00edsticas, atividades pedag\u00f3gicas e publica\u00e7\u00f5es. Esteve presente em cerca de 20 pa\u00edses europeus, bem como em geografias t\u00e3o distantes quanto os Estados Unidos, L\u00edbano, Jap\u00e3o, Tun\u00edsia, Emirados \u00c1rabes Unidos, Chile, Uruguai e Curdist\u00e3o Iraquiano. Das suas cria\u00e7\u00f5es destacam-se os projectos Phonambient, INsono, Phobos \u2013 Orquestra Rob\u00f3tica Disfuncional, Phonopticon e M\u00e1quina Magn\u00e9tica.<\/p>\n\n\n\n<p>Em Portugal, a Sonoscopia \u00e9 parceira de entidades como a F\u00e1brica das Artes\/CCB, o Teatro Nacional S\u00e3o Jo\u00e3o, a Funda\u00e7\u00e3o de Serralves, o Cine\u2011Teatro Louletano, o GNRation e o Teatro de Ferro. Disp\u00f5e ainda de um espa\u00e7o localizado no Porto, com pequenos est\u00fadios equipados e preparados para a concep\u00e7\u00e3o e produ\u00e7\u00e3o de trabalhos criativos e cient\u00edficos, resid\u00eancias e apresenta\u00e7\u00f5es informais, tendo acolhido centenas de artistas de todo o mundo. A Sonoscopia \u00e9 uma estrutura apoiada pela Rep\u00fablica Portuguesa \u2013 Cultura\/Dire\u00e7\u00e3o-Geral das Artes.<\/p>\n","protected":false},"excerpt":{"rendered":"<p>Oficina Viva: Artistas em Resid\u00eancia<\/p>\n","protected":false},"author":3,"featured_media":5949,"menu_order":0,"template":"","meta":[],"categories":[17],"yoast_head":"<!-- This site is optimized with the Yoast SEO Premium plugin v20.5 (Yoast SEO v20.9) - https:\/\/yoast.com\/wordpress\/plugins\/seo\/ -->\n<title>Museu Zer0 - Descubra a Arte Digital<\/title>\n<meta name=\"description\" content=\"Museu Zer0 - Centro de Arte Digital. Programando iniciativas, apresentando, divulgando, e apoiando a cria\u00e7\u00e3o art\u00edstica digital.\" \/>\n<meta name=\"robots\" content=\"index, follow, max-snippet:-1, max-image-preview:large, max-video-preview:-1\" \/>\n<link rel=\"canonical\" href=\"https:\/\/www.museu0.pt\/pt\/evento\/sonoscopia-em-residencia-artisitca\/\" \/>\n<meta property=\"og:locale\" content=\"pt_PT\" \/>\n<meta property=\"og:type\" content=\"article\" \/>\n<meta property=\"og:title\" content=\"Sonoscopia em Resid\u00eancia Art\u00edsitca\" \/>\n<meta property=\"og:description\" content=\"Museu Zer0 - Centro de Arte Digital. Programando iniciativas, apresentando, divulgando, e apoiando a cria\u00e7\u00e3o art\u00edstica digital.\" \/>\n<meta property=\"og:url\" content=\"https:\/\/www.museu0.pt\/pt\/evento\/sonoscopia-em-residencia-artisitca\/\" \/>\n<meta property=\"og:site_name\" content=\"Museu0\" \/>\n<meta property=\"article:modified_time\" content=\"2025-10-28T06:24:49+00:00\" \/>\n<meta property=\"og:image\" content=\"https:\/\/www.museu0.pt\/wp-content\/uploads\/2025\/09\/Sonoscopia.webp\" \/>\n\t<meta property=\"og:image:width\" content=\"528\" \/>\n\t<meta property=\"og:image:height\" content=\"400\" \/>\n\t<meta property=\"og:image:type\" content=\"image\/webp\" \/>\n<meta name=\"twitter:card\" content=\"summary_large_image\" \/>\n<meta name=\"twitter:label1\" content=\"Tempo estimado de leitura\" \/>\n\t<meta name=\"twitter:data1\" content=\"1 minuto\" \/>\n<script type=\"application\/ld+json\" class=\"yoast-schema-graph\">{\"@context\":\"https:\/\/schema.org\",\"@graph\":[{\"@type\":\"WebPage\",\"@id\":\"https:\/\/www.museu0.pt\/evento\/sonoscopia-em-residencia-artisitca\/\",\"url\":\"https:\/\/www.museu0.pt\/evento\/sonoscopia-em-residencia-artisitca\/\",\"name\":\"Museu Zer0 - Descubra a Arte Digital\",\"isPartOf\":{\"@id\":\"https:\/\/www.museu0.pt\/#website\"},\"datePublished\":\"2025-09-18T17:01:14+00:00\",\"dateModified\":\"2025-10-28T06:24:49+00:00\",\"description\":\"Museu Zer0 - Centro de Arte Digital. Programando iniciativas, apresentando, divulgando, e apoiando a cria\u00e7\u00e3o art\u00edstica digital.\",\"breadcrumb\":{\"@id\":\"https:\/\/www.museu0.pt\/evento\/sonoscopia-em-residencia-artisitca\/#breadcrumb\"},\"inLanguage\":\"pt-PT\",\"potentialAction\":[{\"@type\":\"ReadAction\",\"target\":[\"https:\/\/www.museu0.pt\/evento\/sonoscopia-em-residencia-artisitca\/\"]}]},{\"@type\":\"BreadcrumbList\",\"@id\":\"https:\/\/www.museu0.pt\/evento\/sonoscopia-em-residencia-artisitca\/#breadcrumb\",\"itemListElement\":[{\"@type\":\"ListItem\",\"position\":1,\"name\":\"Home\",\"item\":\"https:\/\/www.museu0.pt\/pt\/\"},{\"@type\":\"ListItem\",\"position\":2,\"name\":\"Eventos\",\"item\":\"https:\/\/www.museu0.pt\/?post_type=evento\"},{\"@type\":\"ListItem\",\"position\":3,\"name\":\"Sonoscopia em Resid\u00eancia Art\u00edsitca\"}]},{\"@type\":\"WebSite\",\"@id\":\"https:\/\/www.museu0.pt\/#website\",\"url\":\"https:\/\/www.museu0.pt\/\",\"name\":\"Museu0\",\"description\":\"Centro de Arte Digital\",\"publisher\":{\"@id\":\"https:\/\/www.museu0.pt\/#organization\"},\"potentialAction\":[{\"@type\":\"SearchAction\",\"target\":{\"@type\":\"EntryPoint\",\"urlTemplate\":\"https:\/\/www.museu0.pt\/?s={search_term_string}\"},\"query-input\":\"required name=search_term_string\"}],\"inLanguage\":\"pt-PT\"},{\"@type\":\"Organization\",\"@id\":\"https:\/\/www.museu0.pt\/#organization\",\"name\":\"Museu0\",\"url\":\"https:\/\/www.museu0.pt\/\",\"logo\":{\"@type\":\"ImageObject\",\"inLanguage\":\"pt-PT\",\"@id\":\"https:\/\/www.museu0.pt\/#\/schema\/logo\/image\/\",\"url\":\"https:\/\/www.museu0.pt\/wp-content\/uploads\/2023\/11\/museu0_logo_big.png\",\"contentUrl\":\"https:\/\/www.museu0.pt\/wp-content\/uploads\/2023\/11\/museu0_logo_big.png\",\"width\":1100,\"height\":1100,\"caption\":\"Museu0\"},\"image\":{\"@id\":\"https:\/\/www.museu0.pt\/#\/schema\/logo\/image\/\"}}]}<\/script>\n<!-- \/ Yoast SEO Premium plugin. -->","yoast_head_json":{"title":"Museu Zer0 - Descubra a Arte Digital","description":"Museu Zer0 - Centro de Arte Digital. Programando iniciativas, apresentando, divulgando, e apoiando a cria\u00e7\u00e3o art\u00edstica digital.","robots":{"index":"index","follow":"follow","max-snippet":"max-snippet:-1","max-image-preview":"max-image-preview:large","max-video-preview":"max-video-preview:-1"},"canonical":"https:\/\/www.museu0.pt\/pt\/evento\/sonoscopia-em-residencia-artisitca\/","og_locale":"pt_PT","og_type":"article","og_title":"Sonoscopia em Resid\u00eancia Art\u00edsitca","og_description":"Museu Zer0 - Centro de Arte Digital. Programando iniciativas, apresentando, divulgando, e apoiando a cria\u00e7\u00e3o art\u00edstica digital.","og_url":"https:\/\/www.museu0.pt\/pt\/evento\/sonoscopia-em-residencia-artisitca\/","og_site_name":"Museu0","article_modified_time":"2025-10-28T06:24:49+00:00","og_image":[{"width":528,"height":400,"url":"https:\/\/www.museu0.pt\/wp-content\/uploads\/2025\/09\/Sonoscopia.webp","type":"image\/webp"}],"twitter_card":"summary_large_image","twitter_misc":{"Tempo estimado de leitura":"1 minuto"},"schema":{"@context":"https:\/\/schema.org","@graph":[{"@type":"WebPage","@id":"https:\/\/www.museu0.pt\/evento\/sonoscopia-em-residencia-artisitca\/","url":"https:\/\/www.museu0.pt\/evento\/sonoscopia-em-residencia-artisitca\/","name":"Museu Zer0 - Descubra a Arte Digital","isPartOf":{"@id":"https:\/\/www.museu0.pt\/#website"},"datePublished":"2025-09-18T17:01:14+00:00","dateModified":"2025-10-28T06:24:49+00:00","description":"Museu Zer0 - Centro de Arte Digital. Programando iniciativas, apresentando, divulgando, e apoiando a cria\u00e7\u00e3o art\u00edstica digital.","breadcrumb":{"@id":"https:\/\/www.museu0.pt\/evento\/sonoscopia-em-residencia-artisitca\/#breadcrumb"},"inLanguage":"pt-PT","potentialAction":[{"@type":"ReadAction","target":["https:\/\/www.museu0.pt\/evento\/sonoscopia-em-residencia-artisitca\/"]}]},{"@type":"BreadcrumbList","@id":"https:\/\/www.museu0.pt\/evento\/sonoscopia-em-residencia-artisitca\/#breadcrumb","itemListElement":[{"@type":"ListItem","position":1,"name":"Home","item":"https:\/\/www.museu0.pt\/pt\/"},{"@type":"ListItem","position":2,"name":"Eventos","item":"https:\/\/www.museu0.pt\/?post_type=evento"},{"@type":"ListItem","position":3,"name":"Sonoscopia em Resid\u00eancia Art\u00edsitca"}]},{"@type":"WebSite","@id":"https:\/\/www.museu0.pt\/#website","url":"https:\/\/www.museu0.pt\/","name":"Museu0","description":"Centro de Arte Digital","publisher":{"@id":"https:\/\/www.museu0.pt\/#organization"},"potentialAction":[{"@type":"SearchAction","target":{"@type":"EntryPoint","urlTemplate":"https:\/\/www.museu0.pt\/?s={search_term_string}"},"query-input":"required name=search_term_string"}],"inLanguage":"pt-PT"},{"@type":"Organization","@id":"https:\/\/www.museu0.pt\/#organization","name":"Museu0","url":"https:\/\/www.museu0.pt\/","logo":{"@type":"ImageObject","inLanguage":"pt-PT","@id":"https:\/\/www.museu0.pt\/#\/schema\/logo\/image\/","url":"https:\/\/www.museu0.pt\/wp-content\/uploads\/2023\/11\/museu0_logo_big.png","contentUrl":"https:\/\/www.museu0.pt\/wp-content\/uploads\/2023\/11\/museu0_logo_big.png","width":1100,"height":1100,"caption":"Museu0"},"image":{"@id":"https:\/\/www.museu0.pt\/#\/schema\/logo\/image\/"}}]}},"_links":{"self":[{"href":"https:\/\/www.museu0.pt\/pt\/wp-json\/wp\/v2\/evento\/5995"}],"collection":[{"href":"https:\/\/www.museu0.pt\/pt\/wp-json\/wp\/v2\/evento"}],"about":[{"href":"https:\/\/www.museu0.pt\/pt\/wp-json\/wp\/v2\/types\/evento"}],"author":[{"embeddable":true,"href":"https:\/\/www.museu0.pt\/pt\/wp-json\/wp\/v2\/users\/3"}],"version-history":[{"count":3,"href":"https:\/\/www.museu0.pt\/pt\/wp-json\/wp\/v2\/evento\/5995\/revisions"}],"predecessor-version":[{"id":5998,"href":"https:\/\/www.museu0.pt\/pt\/wp-json\/wp\/v2\/evento\/5995\/revisions\/5998"}],"wp:featuredmedia":[{"embeddable":true,"href":"https:\/\/www.museu0.pt\/pt\/wp-json\/wp\/v2\/media\/5949"}],"wp:attachment":[{"href":"https:\/\/www.museu0.pt\/pt\/wp-json\/wp\/v2\/media?parent=5995"}],"wp:term":[{"taxonomy":"category","embeddable":true,"href":"https:\/\/www.museu0.pt\/pt\/wp-json\/wp\/v2\/categories?post=5995"}],"curies":[{"name":"wp","href":"https:\/\/api.w.org\/{rel}","templated":true}]}}

Sonoscopia em Residência Artísitca

<p>A Sonoscopia é uma associação para a criação, produção e promoção de projectos artísticos e educativos, centrada nas áreas da música experimental, na pesquisa sonora e nos seus cruzamentos transdisciplinares.</p>



<p>Desde a sua criação, em 2011, produziu mais de 700 eventos, criações artísticas, atividades pedagógicas e publicações. Esteve presente em cerca de 20 países europeus, bem como em geografias tão distantes quanto os Estados Unidos, Líbano, Japão, Tunísia, Emirados Árabes Unidos, Chile, Uruguai e Curdistão Iraquiano. Das suas criações destacam-se os projectos Phonambient, INsono, Phobos – Orquestra Robótica Disfuncional, Phonopticon e Máquina Magnética.</p>



<p>Em Portugal, a Sonoscopia é parceira de entidades como a Fábrica das Artes/CCB, o Teatro Nacional São João, a Fundação de Serralves, o Cine‑Teatro Louletano, o GNRation e o Teatro de Ferro. Dispõe ainda de um espaço localizado no Porto, com pequenos estúdios equipados e preparados para a concepção e produção de trabalhos criativos e científicos, residências e apresentações informais, tendo acolhido centenas de artistas de todo o mundo. A Sonoscopia é uma estrutura apoiada pela República Portuguesa – Cultura/Direção-Geral das Artes.</p>

<p>Oficina Viva: Artistas em Residência</p>

<!-- This site is optimized with the Yoast SEO Premium plugin v20.5 (Yoast SEO v20.9) - https://yoast.com/wordpress/plugins/seo/ -->
<title>Museu Zer0 - Descubra a Arte Digital</title>
<meta name="description" content="Museu Zer0 - Centro de Arte Digital. Programando iniciativas, apresentando, divulgando, e apoiando a criação artística digital." />
<meta name="robots" content="index, follow, max-snippet:-1, max-image-preview:large, max-video-preview:-1" />
<link rel="canonical" href="https://www.museu0.pt/pt/evento/sonoscopia-em-residencia-artisitca/" />
<meta property="og:locale" content="pt_PT" />
<meta property="og:type" content="article" />
<meta property="og:title" content="Sonoscopia em Residência Artísitca" />
<meta property="og:description" content="Museu Zer0 - Centro de Arte Digital. Programando iniciativas, apresentando, divulgando, e apoiando a criação artística digital." />
<meta property="og:url" content="https://www.museu0.pt/pt/evento/sonoscopia-em-residencia-artisitca/" />
<meta property="og:site_name" content="Museu0" />
<meta property="article:modified_time" content="2025-10-28T06:24:49+00:00" />
<meta property="og:image" content="https://www.museu0.pt/wp-content/uploads/2025/09/Sonoscopia.webp" />
	<meta property="og:image:width" content="528" />
	<meta property="og:image:height" content="400" />
	<meta property="og:image:type" content="image/webp" />
<meta name="twitter:card" content="summary_large_image" />
<meta name="twitter:label1" content="Tempo estimado de leitura" />
	<meta name="twitter:data1" content="1 minuto" />
<script type="application/ld+json" class="yoast-schema-graph">{"@context":"https://schema.org","@graph":[{"@type":"WebPage","@id":"https://www.museu0.pt/evento/sonoscopia-em-residencia-artisitca/","url":"https://www.museu0.pt/evento/sonoscopia-em-residencia-artisitca/","name":"Museu Zer0 - Descubra a Arte Digital","isPartOf":{"@id":"https://www.museu0.pt/#website"},"datePublished":"2025-09-18T17:01:14+00:00","dateModified":"2025-10-28T06:24:49+00:00","description":"Museu Zer0 - Centro de Arte Digital. Programando iniciativas, apresentando, divulgando, e apoiando a criação artística digital.","breadcrumb":{"@id":"https://www.museu0.pt/evento/sonoscopia-em-residencia-artisitca/#breadcrumb"},"inLanguage":"pt-PT","potentialAction":[{"@type":"ReadAction","target":["https://www.museu0.pt/evento/sonoscopia-em-residencia-artisitca/"]}]},{"@type":"BreadcrumbList","@id":"https://www.museu0.pt/evento/sonoscopia-em-residencia-artisitca/#breadcrumb","itemListElement":[{"@type":"ListItem","position":1,"name":"Home","item":"https://www.museu0.pt/pt/"},{"@type":"ListItem","position":2,"name":"Eventos","item":"https://www.museu0.pt/?post_type=evento"},{"@type":"ListItem","position":3,"name":"Sonoscopia em Residência Artísitca"}]},{"@type":"WebSite","@id":"https://www.museu0.pt/#website","url":"https://www.museu0.pt/","name":"Museu0","description":"Centro de Arte Digital","publisher":{"@id":"https://www.museu0.pt/#organization"},"potentialAction":[{"@type":"SearchAction","target":{"@type":"EntryPoint","urlTemplate":"https://www.museu0.pt/?s={search_term_string}"},"query-input":"required name=search_term_string"}],"inLanguage":"pt-PT"},{"@type":"Organization","@id":"https://www.museu0.pt/#organization","name":"Museu0","url":"https://www.museu0.pt/","logo":{"@type":"ImageObject","inLanguage":"pt-PT","@id":"https://www.museu0.pt/#/schema/logo/image/","url":"https://www.museu0.pt/wp-content/uploads/2023/11/museu0_logo_big.png","contentUrl":"https://www.museu0.pt/wp-content/uploads/2023/11/museu0_logo_big.png","width":1100,"height":1100,"caption":"Museu0"},"image":{"@id":"https://www.museu0.pt/#/schema/logo/image/"}}]}</script>
<!-- / Yoast SEO Premium plugin. -->

Museu Zer0 - Centro de Arte Digital. Programando iniciativas, apresentando, divulgando, e apoiando a criação artística digital.
