{"id":6022,"date":"2025-09-30T20:05:40","date_gmt":"2025-09-30T20:05:40","guid":{"rendered":"https:\/\/www.museu0.pt\/?post_type=evento&#038;p=6022"},"modified":"2026-01-28T12:38:22","modified_gmt":"2026-01-28T12:38:22","slug":"construir-a-terra","status":"publish","type":"evento","link":"https:\/\/www.museu0.pt\/pt\/evento\/construir-a-terra\/","title":{"rendered":"Construir a Terra"},"content":{"rendered":"\n<p>Construir a Terra \u2013 Homenagem \u00e0 Vida e Obra do Arquiteto Manuel Gomes da Costa \u00e9 um filme imersivo que evoca o pensamento construtivo e po\u00e9tico deste arquiteto singular.<\/p>\n\n\n\n<p>Atrav\u00e9s de anima\u00e7\u00e3o 3D criada de raiz e de uma composi\u00e7\u00e3o sonora original, a pe\u00e7a prop\u00f5e um mergulho sensorial no gesto de desenhar, projetar e habitar \u2014 da folha em branco ao espa\u00e7o edificado, da estrutura ao sil\u00eancio, da luz ao lugar.<\/p>\n\n\n\n<p>Partindo da an\u00e1lise da obra constru\u00edda e do pensamento de Gomes da Costa, o filme constr\u00f3i uma narrativa visual e sonora em que a arquitetura se revela como corpo, como paisagem e como tempo habitado. Sem recorrer \u00e0 palavra, a narrativa desenha-se por camadas de tra\u00e7o, volume, mat\u00e9ria, luz e sombra, som e sil\u00eancio, em que cada linha \u00e9 um gesto de escuta.<\/p>\n\n\n\n<p>A pe\u00e7a prop\u00f5e uma abordagem contemplativa e sens\u00edvel, onde a arquitetura se relaciona com o territ\u00f3rio, com a luz, com o tempo e prop\u00f5e uma aproxima\u00e7\u00e3o \u00edntima e radical \u00e0 mat\u00e9ria da arquitetura como forma de estar no mundo.<\/p>\n\n\n\n<p>&#8211;<br><strong>Dura\u00e7\u00e3o:<\/strong> 09\u201908 min loop<br><strong>Ano:<\/strong> 2025<br><strong>Conceito e Dire\u00e7\u00e3o Art\u00edstica:<\/strong> Oskar &amp; Gaspar<br><strong>Dire\u00e7\u00e3o de Projeto:<\/strong> Francisco Leone<br><strong>Dire\u00e7\u00e3o de Arte:<\/strong> Ana Fatia<br><strong>Composi\u00e7\u00e3o \/ Design de som:<\/strong> Oscar Benito<br><strong>Dire\u00e7\u00e3o de Produ\u00e7\u00e3o:<\/strong> Sofia Leone<br><strong>Curadoria:<\/strong> Joana Carmo (Museu Zer0) e Gon\u00e7alo Vargas<br><strong>Produ\u00e7\u00e3o:<\/strong> Oskar &amp; Gaspar<br>&#8211;<\/p>\n\n\n\n<p style=\"font-weight: 500;\"><u><a href=\"https:\/\/drive.google.com\/file\/d\/1MM96MFYzu8cy27Fqa3judNa5AX0fF1zq\/view\">Saiba mais<\/a><\/u><\/p>\n","protected":false},"excerpt":{"rendered":"<p>Homenagem \u00e0 Vida e Obra do Arquiteto Manuel Gomes da Costa<\/p>\n","protected":false},"author":3,"featured_media":6023,"menu_order":0,"template":"","meta":[],"categories":[17],"yoast_head":"<!-- This site is optimized with the Yoast SEO Premium plugin v20.5 (Yoast SEO v20.9) - https:\/\/yoast.com\/wordpress\/plugins\/seo\/ -->\n<title>Museu Zer0 - Descubra a Arte Digital<\/title>\n<meta name=\"description\" content=\"Museu Zer0 - Centro de Arte Digital. Programando iniciativas, apresentando, divulgando, e apoiando a cria\u00e7\u00e3o art\u00edstica digital.\" \/>\n<meta name=\"robots\" content=\"index, follow, max-snippet:-1, max-image-preview:large, max-video-preview:-1\" \/>\n<link rel=\"canonical\" href=\"https:\/\/www.museu0.pt\/pt\/evento\/construir-a-terra\/\" \/>\n<meta property=\"og:locale\" content=\"pt_PT\" \/>\n<meta property=\"og:type\" content=\"article\" \/>\n<meta property=\"og:title\" content=\"Construir a Terra\" \/>\n<meta property=\"og:description\" content=\"Museu Zer0 - Centro de Arte Digital. Programando iniciativas, apresentando, divulgando, e apoiando a cria\u00e7\u00e3o art\u00edstica digital.\" \/>\n<meta property=\"og:url\" content=\"https:\/\/www.museu0.pt\/pt\/evento\/construir-a-terra\/\" \/>\n<meta property=\"og:site_name\" content=\"Museu0\" \/>\n<meta property=\"article:modified_time\" content=\"2026-01-28T12:38:22+00:00\" \/>\n<meta property=\"og:image\" content=\"https:\/\/www.museu0.pt\/wp-content\/uploads\/2025\/09\/evento_gomes_costa.png\" \/>\n\t<meta property=\"og:image:width\" content=\"528\" \/>\n\t<meta property=\"og:image:height\" content=\"400\" \/>\n\t<meta property=\"og:image:type\" content=\"image\/png\" \/>\n<meta name=\"twitter:card\" content=\"summary_large_image\" \/>\n<meta name=\"twitter:label1\" content=\"Tempo estimado de leitura\" \/>\n\t<meta name=\"twitter:data1\" content=\"2 minutos\" \/>\n<script type=\"application\/ld+json\" class=\"yoast-schema-graph\">{\"@context\":\"https:\/\/schema.org\",\"@graph\":[{\"@type\":\"WebPage\",\"@id\":\"https:\/\/www.museu0.pt\/evento\/construir-a-terra\/\",\"url\":\"https:\/\/www.museu0.pt\/evento\/construir-a-terra\/\",\"name\":\"Museu Zer0 - Descubra a Arte Digital\",\"isPartOf\":{\"@id\":\"https:\/\/www.museu0.pt\/#website\"},\"datePublished\":\"2025-09-30T20:05:40+00:00\",\"dateModified\":\"2026-01-28T12:38:22+00:00\",\"description\":\"Museu Zer0 - Centro de Arte Digital. Programando iniciativas, apresentando, divulgando, e apoiando a cria\u00e7\u00e3o art\u00edstica digital.\",\"breadcrumb\":{\"@id\":\"https:\/\/www.museu0.pt\/evento\/construir-a-terra\/#breadcrumb\"},\"inLanguage\":\"pt-PT\",\"potentialAction\":[{\"@type\":\"ReadAction\",\"target\":[\"https:\/\/www.museu0.pt\/evento\/construir-a-terra\/\"]}]},{\"@type\":\"BreadcrumbList\",\"@id\":\"https:\/\/www.museu0.pt\/evento\/construir-a-terra\/#breadcrumb\",\"itemListElement\":[{\"@type\":\"ListItem\",\"position\":1,\"name\":\"Home\",\"item\":\"https:\/\/www.museu0.pt\/pt\/\"},{\"@type\":\"ListItem\",\"position\":2,\"name\":\"Eventos\",\"item\":\"https:\/\/www.museu0.pt\/?post_type=evento\"},{\"@type\":\"ListItem\",\"position\":3,\"name\":\"Construir a Terra\"}]},{\"@type\":\"WebSite\",\"@id\":\"https:\/\/www.museu0.pt\/#website\",\"url\":\"https:\/\/www.museu0.pt\/\",\"name\":\"Museu0\",\"description\":\"Centro de Arte Digital\",\"publisher\":{\"@id\":\"https:\/\/www.museu0.pt\/#organization\"},\"potentialAction\":[{\"@type\":\"SearchAction\",\"target\":{\"@type\":\"EntryPoint\",\"urlTemplate\":\"https:\/\/www.museu0.pt\/?s={search_term_string}\"},\"query-input\":\"required name=search_term_string\"}],\"inLanguage\":\"pt-PT\"},{\"@type\":\"Organization\",\"@id\":\"https:\/\/www.museu0.pt\/#organization\",\"name\":\"Museu0\",\"url\":\"https:\/\/www.museu0.pt\/\",\"logo\":{\"@type\":\"ImageObject\",\"inLanguage\":\"pt-PT\",\"@id\":\"https:\/\/www.museu0.pt\/#\/schema\/logo\/image\/\",\"url\":\"https:\/\/www.museu0.pt\/wp-content\/uploads\/2023\/11\/museu0_logo_big.png\",\"contentUrl\":\"https:\/\/www.museu0.pt\/wp-content\/uploads\/2023\/11\/museu0_logo_big.png\",\"width\":1100,\"height\":1100,\"caption\":\"Museu0\"},\"image\":{\"@id\":\"https:\/\/www.museu0.pt\/#\/schema\/logo\/image\/\"}}]}<\/script>\n<!-- \/ Yoast SEO Premium plugin. -->","yoast_head_json":{"title":"Museu Zer0 - Descubra a Arte Digital","description":"Museu Zer0 - Centro de Arte Digital. Programando iniciativas, apresentando, divulgando, e apoiando a cria\u00e7\u00e3o art\u00edstica digital.","robots":{"index":"index","follow":"follow","max-snippet":"max-snippet:-1","max-image-preview":"max-image-preview:large","max-video-preview":"max-video-preview:-1"},"canonical":"https:\/\/www.museu0.pt\/pt\/evento\/construir-a-terra\/","og_locale":"pt_PT","og_type":"article","og_title":"Construir a Terra","og_description":"Museu Zer0 - Centro de Arte Digital. Programando iniciativas, apresentando, divulgando, e apoiando a cria\u00e7\u00e3o art\u00edstica digital.","og_url":"https:\/\/www.museu0.pt\/pt\/evento\/construir-a-terra\/","og_site_name":"Museu0","article_modified_time":"2026-01-28T12:38:22+00:00","og_image":[{"width":528,"height":400,"url":"https:\/\/www.museu0.pt\/wp-content\/uploads\/2025\/09\/evento_gomes_costa.png","type":"image\/png"}],"twitter_card":"summary_large_image","twitter_misc":{"Tempo estimado de leitura":"2 minutos"},"schema":{"@context":"https:\/\/schema.org","@graph":[{"@type":"WebPage","@id":"https:\/\/www.museu0.pt\/evento\/construir-a-terra\/","url":"https:\/\/www.museu0.pt\/evento\/construir-a-terra\/","name":"Museu Zer0 - Descubra a Arte Digital","isPartOf":{"@id":"https:\/\/www.museu0.pt\/#website"},"datePublished":"2025-09-30T20:05:40+00:00","dateModified":"2026-01-28T12:38:22+00:00","description":"Museu Zer0 - Centro de Arte Digital. Programando iniciativas, apresentando, divulgando, e apoiando a cria\u00e7\u00e3o art\u00edstica digital.","breadcrumb":{"@id":"https:\/\/www.museu0.pt\/evento\/construir-a-terra\/#breadcrumb"},"inLanguage":"pt-PT","potentialAction":[{"@type":"ReadAction","target":["https:\/\/www.museu0.pt\/evento\/construir-a-terra\/"]}]},{"@type":"BreadcrumbList","@id":"https:\/\/www.museu0.pt\/evento\/construir-a-terra\/#breadcrumb","itemListElement":[{"@type":"ListItem","position":1,"name":"Home","item":"https:\/\/www.museu0.pt\/pt\/"},{"@type":"ListItem","position":2,"name":"Eventos","item":"https:\/\/www.museu0.pt\/?post_type=evento"},{"@type":"ListItem","position":3,"name":"Construir a Terra"}]},{"@type":"WebSite","@id":"https:\/\/www.museu0.pt\/#website","url":"https:\/\/www.museu0.pt\/","name":"Museu0","description":"Centro de Arte Digital","publisher":{"@id":"https:\/\/www.museu0.pt\/#organization"},"potentialAction":[{"@type":"SearchAction","target":{"@type":"EntryPoint","urlTemplate":"https:\/\/www.museu0.pt\/?s={search_term_string}"},"query-input":"required name=search_term_string"}],"inLanguage":"pt-PT"},{"@type":"Organization","@id":"https:\/\/www.museu0.pt\/#organization","name":"Museu0","url":"https:\/\/www.museu0.pt\/","logo":{"@type":"ImageObject","inLanguage":"pt-PT","@id":"https:\/\/www.museu0.pt\/#\/schema\/logo\/image\/","url":"https:\/\/www.museu0.pt\/wp-content\/uploads\/2023\/11\/museu0_logo_big.png","contentUrl":"https:\/\/www.museu0.pt\/wp-content\/uploads\/2023\/11\/museu0_logo_big.png","width":1100,"height":1100,"caption":"Museu0"},"image":{"@id":"https:\/\/www.museu0.pt\/#\/schema\/logo\/image\/"}}]}},"_links":{"self":[{"href":"https:\/\/www.museu0.pt\/pt\/wp-json\/wp\/v2\/evento\/6022"}],"collection":[{"href":"https:\/\/www.museu0.pt\/pt\/wp-json\/wp\/v2\/evento"}],"about":[{"href":"https:\/\/www.museu0.pt\/pt\/wp-json\/wp\/v2\/types\/evento"}],"author":[{"embeddable":true,"href":"https:\/\/www.museu0.pt\/pt\/wp-json\/wp\/v2\/users\/3"}],"version-history":[{"count":3,"href":"https:\/\/www.museu0.pt\/pt\/wp-json\/wp\/v2\/evento\/6022\/revisions"}],"predecessor-version":[{"id":6027,"href":"https:\/\/www.museu0.pt\/pt\/wp-json\/wp\/v2\/evento\/6022\/revisions\/6027"}],"wp:featuredmedia":[{"embeddable":true,"href":"https:\/\/www.museu0.pt\/pt\/wp-json\/wp\/v2\/media\/6023"}],"wp:attachment":[{"href":"https:\/\/www.museu0.pt\/pt\/wp-json\/wp\/v2\/media?parent=6022"}],"wp:term":[{"taxonomy":"category","embeddable":true,"href":"https:\/\/www.museu0.pt\/pt\/wp-json\/wp\/v2\/categories?post=6022"}],"curies":[{"name":"wp","href":"https:\/\/api.w.org\/{rel}","templated":true}]}}

<p>Construir a Terra – Homenagem à Vida e Obra do Arquiteto Manuel Gomes da Costa é um filme imersivo que evoca o pensamento construtivo e poético deste arquiteto singular.</p>



<p>Através de animação 3D criada de raiz e de uma composição sonora original, a peça propõe um mergulho sensorial no gesto de desenhar, projetar e habitar — da folha em branco ao espaço edificado, da estrutura ao silêncio, da luz ao lugar.</p>



<p>Partindo da análise da obra construída e do pensamento de Gomes da Costa, o filme constrói uma narrativa visual e sonora em que a arquitetura se revela como corpo, como paisagem e como tempo habitado. Sem recorrer à palavra, a narrativa desenha-se por camadas de traço, volume, matéria, luz e sombra, som e silêncio, em que cada linha é um gesto de escuta.</p>



<p>A peça propõe uma abordagem contemplativa e sensível, onde a arquitetura se relaciona com o território, com a luz, com o tempo e propõe uma aproximação íntima e radical à matéria da arquitetura como forma de estar no mundo.</p>



<p>&#8211;<br><strong>Duração:</strong> 09’08 min loop<br><strong>Ano:</strong> 2025<br><strong>Conceito e Direção Artística:</strong> Oskar &amp; Gaspar<br><strong>Direção de Projeto:</strong> Francisco Leone<br><strong>Direção de Arte:</strong> Ana Fatia<br><strong>Composição / Design de som:</strong> Oscar Benito<br><strong>Direção de Produção:</strong> Sofia Leone<br><strong>Curadoria:</strong> Joana Carmo (Museu Zer0) e Gonçalo Vargas<br><strong>Produção:</strong> Oskar &amp; Gaspar<br>&#8211;</p>



<p style="font-weight: 500;"><u><a href="https://drive.google.com/file/d/1MM96MFYzu8cy27Fqa3judNa5AX0fF1zq/view">Saiba mais</a></u></p>

<p>Homenagem à Vida e Obra do Arquiteto Manuel Gomes da Costa</p>

<!-- This site is optimized with the Yoast SEO Premium plugin v20.5 (Yoast SEO v20.9) - https://yoast.com/wordpress/plugins/seo/ -->
<title>Museu Zer0 - Descubra a Arte Digital</title>
<meta name="description" content="Museu Zer0 - Centro de Arte Digital. Programando iniciativas, apresentando, divulgando, e apoiando a criação artística digital." />
<meta name="robots" content="index, follow, max-snippet:-1, max-image-preview:large, max-video-preview:-1" />
<link rel="canonical" href="https://www.museu0.pt/pt/evento/construir-a-terra/" />
<meta property="og:locale" content="pt_PT" />
<meta property="og:type" content="article" />
<meta property="og:title" content="Construir a Terra" />
<meta property="og:description" content="Museu Zer0 - Centro de Arte Digital. Programando iniciativas, apresentando, divulgando, e apoiando a criação artística digital." />
<meta property="og:url" content="https://www.museu0.pt/pt/evento/construir-a-terra/" />
<meta property="og:site_name" content="Museu0" />
<meta property="article:modified_time" content="2026-01-28T12:38:22+00:00" />
<meta property="og:image" content="https://www.museu0.pt/wp-content/uploads/2025/09/evento_gomes_costa.png" />
	<meta property="og:image:width" content="528" />
	<meta property="og:image:height" content="400" />
	<meta property="og:image:type" content="image/png" />
<meta name="twitter:card" content="summary_large_image" />
<meta name="twitter:label1" content="Tempo estimado de leitura" />
	<meta name="twitter:data1" content="2 minutos" />
<script type="application/ld+json" class="yoast-schema-graph">{"@context":"https://schema.org","@graph":[{"@type":"WebPage","@id":"https://www.museu0.pt/evento/construir-a-terra/","url":"https://www.museu0.pt/evento/construir-a-terra/","name":"Museu Zer0 - Descubra a Arte Digital","isPartOf":{"@id":"https://www.museu0.pt/#website"},"datePublished":"2025-09-30T20:05:40+00:00","dateModified":"2026-01-28T12:38:22+00:00","description":"Museu Zer0 - Centro de Arte Digital. Programando iniciativas, apresentando, divulgando, e apoiando a criação artística digital.","breadcrumb":{"@id":"https://www.museu0.pt/evento/construir-a-terra/#breadcrumb"},"inLanguage":"pt-PT","potentialAction":[{"@type":"ReadAction","target":["https://www.museu0.pt/evento/construir-a-terra/"]}]},{"@type":"BreadcrumbList","@id":"https://www.museu0.pt/evento/construir-a-terra/#breadcrumb","itemListElement":[{"@type":"ListItem","position":1,"name":"Home","item":"https://www.museu0.pt/pt/"},{"@type":"ListItem","position":2,"name":"Eventos","item":"https://www.museu0.pt/?post_type=evento"},{"@type":"ListItem","position":3,"name":"Construir a Terra"}]},{"@type":"WebSite","@id":"https://www.museu0.pt/#website","url":"https://www.museu0.pt/","name":"Museu0","description":"Centro de Arte Digital","publisher":{"@id":"https://www.museu0.pt/#organization"},"potentialAction":[{"@type":"SearchAction","target":{"@type":"EntryPoint","urlTemplate":"https://www.museu0.pt/?s={search_term_string}"},"query-input":"required name=search_term_string"}],"inLanguage":"pt-PT"},{"@type":"Organization","@id":"https://www.museu0.pt/#organization","name":"Museu0","url":"https://www.museu0.pt/","logo":{"@type":"ImageObject","inLanguage":"pt-PT","@id":"https://www.museu0.pt/#/schema/logo/image/","url":"https://www.museu0.pt/wp-content/uploads/2023/11/museu0_logo_big.png","contentUrl":"https://www.museu0.pt/wp-content/uploads/2023/11/museu0_logo_big.png","width":1100,"height":1100,"caption":"Museu0"},"image":{"@id":"https://www.museu0.pt/#/schema/logo/image/"}}]}</script>
<!-- / Yoast SEO Premium plugin. -->

Museu Zer0 - Centro de Arte Digital. Programando iniciativas, apresentando, divulgando, e apoiando a criação artística digital.
